01-01 00:34:35.880 733-1183/system_process E/LocSvc_libulp: I/===> bool ulp_gnp_engine_running() line 59
01-01 00:34:35.880 733-1183/system_process E/LocSvc_libulp: I/===> int ulp_gnp_stop_engine() line 195
01-01 00:34:35.880 733-1183/system_process E/LocSvc_libulp: I/===> bool ulp_gnp_engine_running() line 59
01-01 00:34:35.880 733-1183/system_process E/LocSvc_libulp: I/===> bool ulp_gnp_engine_running() line 59
01-01 00:34:35.880 733-1183/system_process E/LocSvc_libulp: I/===> int ulp_brain_turn_onoff_zpp_provider() line 437
01-01 00:34:35.880 733-1183/system_process E/LocSvc_libulp: I/===> int ulp_zpp_stop_engine() line 174
01-01 00:34:35.880 733-1183/system_process E/LocSvc_libulp: I/===> bool ulp_zpp_engine_running() line 62
01-01 00:34:36.057 407-407/? E/QC-QMI: qmi_client [407]: unable to connect to server, errno=[2:No such file or directory], attempt=17
01-01 00:34:37.058 407-407/? E/QC-QMI: qmi_client [407]: unable to connect to server, errno=[2:No such file or directory], attempt=18
01-01 00:34:38.059 407-407/? E/QC-QMI: qmi_client [407]: unable to connect to server, errno=[2:No such file or directory], attempt=19
01-01 00:34:38.649 733-798/system_process I/DPMJ: |REQ:RCVR| DPM creating socket
01-01 00:34:39.059 407-407/? E/QC-QMI: qmi_client [407]: unable to connect to server, errno=[2:No such file or directory], attempt=20
01-01 00:34:40.060 407-407/? E/QC-QMI: qmi_client [407]: unable to connect to server, errno=[2:No such file or directory], attempt=21
01-01 00:34:41.061 407-407/? E/QC-QMI: qmi_client [407]: unable to connect to server, errno=[2:No such file or directory], attempt=22
01-01 00:34:41.147 733-1107/system_process I/MediaFocusControl: AudioFocus abandonAudioFocus() from android.media.AudioManager@2241b4aacom.android.music.MediaPlaybackService$4@81e89b
01-01 00:34:41.169 733-754/system_process I/ActivityManager: Start proc 2334:com.android.musicfx/u0a11 for broadcast com.android.musicfx/.ControlPanelReceiver
01-01 00:34:41.177 733-921/system_process I/ActivityManager: Killing 1674:com.android.managedprovisioning/u0a9 (adj 15): empty #17
01-01 00:34:41.388 733-750/system_process W/art: Long monitor contention event with owner method=void com.android.server.am.ActivityManagerService.serviceDoneExecuting(android.os.IBinder, int, int, int) from ActivityManagerService.java:15452 waiters=1 for 184ms
01-01 00:34:41.428 2334-2334/com.android.musicfx V/MusicFXControlPanelReceiver: onReceive
01-01 00:34:41.428 2334-2334/com.android.musicfx V/MusicFXControlPanelReceiver: Action: android.media.action.CLOSE_AUDIO_EFFECT_CONTROL_SESSION
01-01 00:34:41.428 2334-2334/com.android.musicfx V/MusicFXControlPanelReceiver: Package name: com.android.music
01-01 00:34:41.429 2334-2334/com.android.musicfx V/MusicFXControlPanelReceiver: Audio session: 12
01-01 00:34:41.429 2334-2334/com.android.musicfx V/MusicFXControlPanelEffect: closeSession(android.app.ReceiverRestrictedContext@1b5dda87, com.android.music, 12)
01-01 00:34:41.464 733-750/system_process I/ActivityManager: Killing 1090:com.android.printspooler/u0a59 (adj 15): empty #17
01-01 00:34:42.061 407-407/? E/QC-QMI: qmi_client [407]: unable to connect to server, errno=[2:No such file or directory], attempt=23
01-01 00:34:42.650 733-798/system_process I/DPMJ: |REQ:RCVR| DPM creating socket
01-01 00:34:43.062 407-407/? E/QC-QMI: qmi_client [407]: unable to connect to server, errno=[2:No such file or directory], attempt=24
01-01 00:34:44.063 407-407/? E/QC-QMI: qmi_client [407]: unable to connect to server, errno=[2:No such file or directory], attempt=25
01-01 00:34:45.064 407-407/? E/QC-QMI: qmi_client [407]: unable to connect to server, errno=[2:No such file or directory], attempt=26
01-01 00:34:45.877 733-1183/system_process E/LocSvc_libulp: I/===> int ulp_msg_process_system_update(UlpSystemEvent) line 1455
01-01 00:34:45.877 733-1183/system_process E/LocSvc_libulp: I/int ulp_msg_process_system_update(UlpSystemEvent): systemEvent:5
01-01 00:34:45.877 733-1183/system_process E/LocSvc_libulp: I/===> int ulp_brain_process_system_update(UlpSystemEvent) line 2352
01-01 00:34:45.877 733-1183/system_process E/LocSvc_libulp: I/===> int ulp_brain_select_providers() line 333
01-01 00:34:45.878 733-1183/system_process E/LocSvc_libulp: I/===> int ulp_brain_turn_onoff_quipc_provider() line 700
01-01 00:34:45.878 733-1183/system_process E/LocSvc_libulp: I/===> int ulp_quipc_stop_engine() line 235
01-01 00:34:45.878 733-1183/system_process E/LocSvc_libulp: I/===> bool ulp_quipc_engine_running() line 60
01-01 00:34:45.878 733-1183/system_process E/LocSvc_libulp: I/===> int ulp_brain_turn_onoff_gnss_provider() line 595
01-01 00:34:45.878 733-1183/system_process E/LocSvc_libulp: I/===> int ulp_gnss_stop_engine() line 262
01-01 00:34:45.878 733-1183/system_process E/LocSvc_libulp: I/===> bool ulp_quipc_engine_running() line 60
01-01 00:34:45.878 733-1183/system_process E/LocSvc_libulp: I/===> int ulp_brain_turn_onoff_gnp_provider() line 496
01-01 00:34:45.878 733-1183/system_process E/LocSvc_libulp: I/===> bool ulp_gnp_engine_running() line 59
01-01 00:34:45.878 733-1183/system_process E/LocSvc_libulp: I/===> int ulp_gnp_stop_engine() line 195
01-01 00:34:45.878 733-1183/system_process E/LocSvc_libulp: I/===> bool ulp_gnp_engine_running() line 59
01-01 00:34:45.878 733-1183/system_process E/LocSvc_libulp: I/===> bool ulp_gnp_engine_running() line 59
01-01 00:34:45.878 733-1183/system_process E/LocSvc_libulp: I/===> int ulp_brain_turn_onoff_zpp_provider() line 437
01-01 00:34:45.878 733-1183/system_process E/LocSvc_libulp: I/===> int ulp_zpp_start_engine() line 98
01-01 00:34:45.878 733-1183/system_process E/LocSvc_libulp: I/===> bool ulp_zpp_engine_running() line 62
01-01 00:34:45.878 733-1183/system_process E/LocSvc_libulp: I/===> int ulp_msg_process_start_req() line 447
01-01 00:34:45.878 733-1183/system_process E/LocSvc_libulp: I/int ulp_msg_process_start_req(), at ulp state = 1
01-01 00:34:45.878 733-1003/system_process E/LocSvc_api_v02: I/—> locClientSendReq line 2065 QMI_LOC_GET_BEST_AVAILABLE_POSITION_REQ_V02
01-01 00:34:45.880 733-1046/system_process E/LocSvc_ApiV02: I/<— void globalRespCb(locClientHandleType, uint32_t, locClientRespIndUnionType, void*) line 111 QMI_LOC_GET_BEST_AVAILABLE_POSITION_REQ_V02
01-01 00:34:45.880 733-1183/system_process E/LocSvc_libulp: I/===> int ulp_brain_process_zpp_position_report(loc_sess_status, LocPosTechMask, const UlpLocation*) line 1463
01-01 00:34:45.881 733-1183/system_process E/LocSvc_libulp: I/int ulp_brain_process_zpp_position_report(loc_sess_status, LocPosTechMask, const UlpLocation*), report ZPP position to providers,report_position = 0
01-01 00:34:45.881 733-1183/system_process E/LocSvc_libulp: I/===> int ulp_brain_select_providers() line 333
01-01 00:34:45.881 733-1183/system_process E/LocSvc_libulp: I/===> int ulp_brain_turn_onoff_quipc_provider() line 700
01-01 00:34:45.881 733-1183/system_process E/LocSvc_libulp: I/===> int ulp_quipc_stop_engine() line 235
01-01 00:34:45.881 733-1183/system_process E/LocSvc_libulp: I/===> bool ulp_quipc_engine_running() line 60
01-01 00:34:45.881 733-1183/system_process E/LocSvc_libulp: I/===> int ulp_brain_turn_onoff_gnss_provider() line 595
01-01 00:34:45.881 733-1183/system_process E/LocSvc_libulp: I/===> int ulp_gnss_stop_engine() line 262
01-01 00:34:45.881 733-1183/system_process E/LocSvc_libulp: I/===> bool ulp_quipc_engine_running() line 60
01-01 00:34:45.881 733-1183/system_process E/LocSvc_libulp: I/===> int ulp_brain_turn_onoff_gnp_provider() line 496
01-01 00:34:45.881 733-1183/system_process E/LocSvc_libulp: I/===> bool ulp_gnp_engine_running() line 59
01-01 00:34:45.881 733-1183/system_process E/LocSvc_libulp: I/===> int ulp_gnp_stop_engine() line 195
01-01 00:34:45.881 733-1183/system_process E/LocSvc_libulp: I/===> bool ulp_gnp_engine_running() line 59
01-01 00:34:45.881 733-1183/system_process E/LocSvc_libulp: I/===> bool ulp_gnp_engine_running() line 59
01-01 00:34:45.881 733-1183/system_process E/LocSvc_libulp: I/===> int ulp_brain_turn_onoff_zpp_provider() line 437
01-01 00:34:45.881 733-1183/system_process E/LocSvc_libulp: I/===> int ulp_zpp_stop_engine() line 174
01-01 00:34:45.881 733-1183/system_process E/LocSvc_libulp: I/===> bool ulp_zpp_engine_running() line 62
01-01 00:34:46.064 407-407/? E/QC-QMI: qmi_client [407]: unable to connect to server, errno=[2:No such file or directory], attempt=27
01-01 00:34:46.651 733-798/system_process I/DPMJ: |REQ:RCVR| DPM creating socket
01-01 00:34:47.065 407-407/? E/QC-QMI: qmi_client [407]: unable to connect to server, errno=[2:No such file or directory], attempt=28
01-01 00:34:48.065 407-407/? E/QC-QMI: qmi_client [407]: unable to connect to server, errno=[2:No such file or directory], attempt=29
01-01 00:34:49.066 407-407/? E/QC-QMI: qmi_client [407]: unable to connect to server, errno=[2:No such file or directory], attempt=30
01-01 00:34:50.066 407-407/? E/QC-QMI: qmi_client [407]: unable to connect to server, errno=[2:No such file or directory], attempt=31
01-01 00:34:50.652 733-798/system_process I/DPMJ: |REQ:RCVR| DPM creating socket
01-01 00:34:51.067 407-407/? E/QC-QMI: qmi_client [407]: unable to connect to server, errno=[2:No such file or directory], attempt=32
01-01 00:34:52.068 407-407/? E/QC-QMI: qmi_client [407]: unable to connect to server, errno=[2:No such file or directory], attempt=33
01-01 00:34:53.069 407-407/? E/QC-QMI: qmi_client [407]: unable to connect to server, errno=[2:No such file or directory], attempt=34
01-01 00:34:54.069 407-407/? E/QC-QMI: qmi_client [407]: unable to connect to server, errno=[2:No such file or directory], attempt=35
01-01 00:34:54.653 733-798/system_process I/DPMJ: |REQ:RCVR| DPM creating socket
01-01 00:34:55.070 407-407/? E/QC-QMI: qmi_client [407]: unable to connect to server, errno=[2:No such file or directory], attempt=36
01-01 00:34:55.878 733-1183/system_process E/LocSvc_libulp: I/===> int ulp_msg_process_system_update(UlpSystemEvent) line 1455
01-01 00:34:55.878 733-1183/system_process E/LocSvc_libulp: I/int ulp_msg_process_system_update(UlpSystemEvent): systemEvent:5
01-01 00:34:55.878 733-1183/system_process E/LocSvc_libulp: I/===> int ulp_brain_process_system_update(UlpSystemEvent) line 2352
01-01 00:34:55.878 733-1183/system_process E/LocSvc_libulp: I/===> int ulp_brain_select_providers() line 333
01-01 00:34:55.878 733-1183/system_process E/LocSvc_libulp: I/===> int ulp_brain_turn_onoff_quipc_provider() line 700
01-01 00:34:55.878 733-1183/system_process E/LocSvc_libulp: I/===> int ulp_quipc_stop_engine() line 235
01-01 00:34:55.878 733-1183/system_process E/LocSvc_libulp: I/===> bool ulp_quipc_engine_running() line 60
01-01 00:34:55.878 733-1183/system_process E/LocSvc_libulp: I/===> int ulp_brain_turn_onoff_gnss_provider() line 595
01-01 00:34:55.878 733-1183/system_process E/LocSvc_libulp: I/===> int ulp_gnss_stop_engine() line 262
01-01 00:34:55.878 733-1183/system_process E/LocSvc_libulp: I/===> bool ulp_quipc_engine_running() line 60
01-01 00:34:55.878 733-1183/system_process E/LocSvc_libulp: I/===> int ulp_brain_turn_onoff_gnp_provider() line 496
01-01 00:34:55.878 733-1183/system_process E/LocSvc_libulp: I/===> bool ulp_gnp_engine_running() line 59
01-01 00:34:55.878 733-1183/system_process E/LocSvc_libulp: I/===> int ulp_gnp_stop_engine() line 195
01-01 00:34:55.878 733-1183/system_process E/LocSvc_libulp: I/===> bool ulp_gnp_engine_running() line 59
01-01 00:34:55.878 733-1183/system_process E/LocSvc_libulp: I/===> bool ulp_gnp_engine_running() line 59
01-01 00:34:55.878 733-1183/system_process E/LocSvc_libulp: I/===> int ulp_brain_turn_onoff_zpp_provider() line 437
01-01 00:34:55.878 733-1183/system_process E/LocSvc_libulp: I/===> int ulp_zpp_start_engine() line 98
01-01 00:34:55.878 733-1183/system_process E/LocSvc_libulp: I/===> bool ulp_zpp_engine_running() line 62
01-01 00:34:55.878 733-1183/system_process E/LocSvc_libulp: I/===> int ulp_msg_process_start_req() line 447
01-01 00:34:55.878 733-1183/system_process E/LocSvc_libulp: I/int ulp_msg_process_start_req(), at ulp state = 1
01-01 00:34:55.879 733-1003/system_process E/LocSvc_api_v02: I/—> locClientSendReq line 2065 QMI_LOC_GET_BEST_AVAILABLE_POSITION_REQ_V02
01-01 00:34:55.884 733-1046/system_process E/LocSvc_ApiV02: I/<— void globalRespCb(locClientHandleType, uint32_t, locClientRespIndUnionType, void*) line 111 QMI_LOC_GET_BEST_AVAILABLE_POSITION_REQ_V02
01-01 00:34:55.884 733-1183/system_process E/LocSvc_libulp: I/===> int ulp_brain_process_zpp_position_report(loc_sess_status, LocPosTechMask, const UlpLocation*) line 1463
01-01 00:34:55.884 733-1183/system_process E/LocSvc_libulp: I/int ulp_brain_process_zpp_position_report(loc_sess_status, LocPosTechMask, const UlpLocation*), report ZPP position to providers,report_position = 0
01-01 00:34:55.884 733-1183/system_process E/LocSvc_libulp: I/===> int ulp_brain_select_providers() line 333
01-01 00:34:55.884 733-1183/system_process E/LocSvc_libulp: I/===> int ulp_brain_turn_onoff_quipc_provider() line 700
01-01 00:34:55.884 733-1183/system_process E/LocSvc_libulp: I/===> int ulp_quipc_stop_engine() line 235
01-01 00:34:55.884 733-1183/system_process E/LocSvc_libulp: I/===> bool ulp_quipc_engine_running() line 60
01-01 00:34:55.884 733-1183/system_process E/LocSvc_libulp: I/===> int ulp_brain_turn_onoff_gnss_provider() line 595
01-01 00:34:55.884 733-1183/system_process E/LocSvc_libulp: I/===> int ulp_gnss_stop_engine() line 262
01-01 00:34:55.884 733-1183/system_process E/LocSvc_libulp: I/===> bool ulp_quipc_engine_running() line 60
01-01 00:34:55.884 733-1183/system_process E/LocSvc_libulp: I/===> int ulp_brain_turn_onoff_gnp_provider() line 496
01-01 00:34:55.884 733-1183/system_process E/LocSvc_libulp: I/===> bool ulp_gnp_engine_running() line 59
01-01 00:34:55.884 733-1183/system_process E/LocSvc_libulp: I/===> int ulp_gnp_stop_engine() line 195
01-01 00:34:55.884 733-1183/system_process E/LocSvc_libulp: I/===> bool ulp_gnp_engine_running() line 59
01-01 00:34:55.884 733-1183/system_process E/LocSvc_libulp: I/===> bool ulp_gnp_engine_running() line 59
01-01 00:34:55.884 733-1183/system_process E/LocSvc_libulp: I/===> int ulp_brain_turn_onoff_zpp_provider() line 437
01-01 00:34:55.884 733-1183/system_process E/LocSvc_libulp: I/===> int ulp_zpp_stop_engine() line 174
01-01 00:34:55.884 733-1183/system_process E/LocSvc_libulp: I/===> bool ulp_zpp_engine_running() line 62
01-01 00:34:56.071 407-407/? E/QC-QMI: qmi_client [407]: unable to connect to server, errno=[2:No such file or directory], attempt=37
01-01 00:34:57.071 407-407/? E/QC-QMI: qmi_client [407]: unable to connect to server, errno=[2:No such file or directory], attempt=38
01-01 00:34:58.072 407-407/? E/QC-QMI: qmi_client [407]: unable to connect to server, errno=[2:No such file or directory], attempt=39
01-01 00:34:58.655 733-798/system_process I/DPMJ: |REQ:RCVR| DPM creating socket
01-01 00:34:59.073 407-407/? E/QC-QMI: qmi_client [407]: unable to connect to server, errno=[2:No such file or directory], attempt=40
01-01 00:35:00.074 407-407/? E/QC-QMI: qmi_client [407]: unable to connect to server, errno=[2:No such file or directory], attempt=41
01-01 00:35:01.074 407-407/? E/QC-QMI: qmi_client [407]: unable to connect to server, errno=[2:No such file or directory], attempt=42
01-01 00:35:02.075 407-407/? E/QC-QMI: qmi_client [407]: unable to connect to server, errno=[2:No such file or directory], attempt=43
01-01 00:35:02.656 733-798/system_process I/DPMJ: |REQ:RCVR| DPM creating socket
01-01 00:35:03.076 407-407/? E/QC-QMI: qmi_client [407]: unable to connect to server, errno=[2:No such file or directory], attempt=44
01-01 00:35:04.076 407-407/? E/QC-QMI: qmi_client [407]: unable to connect to server, errno=[2:No such file or directory], attempt=45
01-01 00:35:05.077 407-407/? E/QC-QMI: qmi_client [407]: unable to connect to server, errno=[2:No such file or directory], attempt=46
01-01 00:35:05.879 733-1183/system_process E/LocSvc_libulp: I/===> int ulp_msg_process_system_update(UlpSystemEvent) line 1455
01-01 00:35:05.879 733-1183/system_process E/LocSvc_libulp: I/int ulp_msg_process_system_update(UlpSystemEvent): systemEvent:5
01-01 00:35:05.879 733-1183/system_process E/LocSvc_libulp: I/===> int ulp_brain_process_system_update(UlpSystemEvent) line 2352
01-01 00:35:05.879 733-1183/system_process E/LocSvc_libulp: I/===> int ulp_brain_select_providers() line 333
01-01 00:35:05.879 733-1183/system_process E/LocSvc_libulp: I/===> int ulp_brain_turn_onoff_quipc_provider() line 700
01-01 00:35:05.879 733-1183/system_process E/LocSvc_libulp: I/===> int ulp_quipc_stop_engine() line 235
01-01 00:35:05.879 733-1183/system_process E/LocSvc_libulp: I/===> bool ulp_quipc_engine_running() line 60
01-01 00:35:05.879 733-1183/system_process E/LocSvc_libulp: I/===> int ulp_brain_turn_onoff_gnss_provider() line 595
01-01 00:35:05.879 733-1183/system_process E/LocSvc_libulp: I/===> int ulp_gnss_stop_engine() line 262
01-01 00:35:05.879 733-1183/system_process E/LocSvc_libulp: I/===> bool ulp_quipc_engine_running() line 60
01-01 00:35:05.879 733-1183/system_process E/LocSvc_libulp: I/===> int ulp_brain_turn_onoff_gnp_provider() line 496
01-01 00:35:05.879 733-1183/system_process E/LocSvc_libulp: I/===> bool ulp_gnp_engine_running() line 59
01-01 00:35:05.879 733-1183/system_process E/LocSvc_libulp: I/===> int ulp_gnp_stop_engine() line 195
01-01 00:35:05.879 733-1183/system_process E/LocSvc_libulp: I/===> bool ulp_gnp_engine_running() line 59
01-01 00:35:05.879 733-1183/system_process E/LocSvc_libulp: I/===> bool ulp_gnp_engine_running() line 59
01-01 00:35:05.879 733-1183/system_process E/LocSvc_libulp: I/===> int ulp_brain_turn_onoff_zpp_provider() line 437
01-01 00:35:05.879 733-1183/system_process E/LocSvc_libulp: I/===> int ulp_zpp_start_engine() line 98
01-01 00:35:05.879 733-1183/system_process E/LocSvc_libulp: I/===> bool ulp_zpp_engine_running() line 62
01-01 00:35:05.879 733-1183/system_process E/LocSvc_libulp: I/===> int ulp_msg_process_start_req() line 447
01-01 00:35:05.879 733-1183/system_process E/LocSvc_libulp: I/int ulp_msg_process_start_req(), at ulp state = 1
01-01 00:35:05.879 733-1003/system_process E/LocSvc_api_v02: I/—> locClientSendReq line 2065 QMI_LOC_GET_BEST_AVAILABLE_POSITION_REQ_V02
01-01 00:35:05.881 733-1046/system_process E/LocSvc_ApiV02: I/<— void globalRespCb(locClientHandleType, uint32_t, locClientRespIndUnionType, void*) line 111 QMI_LOC_GET_BEST_AVAILABLE_POSITION_REQ_V02
01-01 00:35:05.881 733-1183/system_process E/LocSvc_libulp: I/===> int ulp_brain_process_zpp_position_report(loc_sess_status, LocPosTechMask, const UlpLocation*) line 1463
01-01 00:35:05.881 733-1183/system_process E/LocSvc_libulp: I/int ulp_brain_process_zpp_position_report(loc_sess_status, LocPosTechMask, const UlpLocation*), report ZPP position to providers,report_position = 0
01-01 00:35:05.882 733-1183/system_process E/LocSvc_libulp: I/===> int ulp_brain_select_providers() line 333
01-01 00:35:05.882 733-1183/system_process E/LocSvc_libulp: I/===> int ulp_brain_turn_onoff_quipc_provider() line 700
01-01 00:35:05.882 733-1183/system_process E/LocSvc_libulp: I/===> int ulp_quipc_stop_engine() line 235
01-01 00:35:05.882 733-1183/system_process E/LocSvc_libulp: I/===> bool ulp_quipc_engine_running() line 60
01-01 00:35:05.882 733-1183/system_process E/LocSvc_libulp: I/===> int ulp_brain_turn_onoff_gnss_provider() line 595
01-01 00:35:05.882 733-1183/system_process E/LocSvc_libulp: I/===> int ulp_gnss_stop_engine() line 262
01-01 00:35:05.882 733-1183/system_process E/LocSvc_libulp: I/===> bool ulp_quipc_engine_running() line 60
01-01 00:35:05.882 733-1183/system_process E/LocSvc_libulp: I/===> int ulp_brain_turn_onoff_gnp_provider() line 496
01-01 00:35:05.882 733-1183/system_process E/LocSvc_libulp: I/===> bool ulp_gnp_engine_running() line 59
01-01 00:35:05.882 733-1183/system_process E/LocSvc_libulp: I/===> int ulp_gnp_stop_engine() line 195
01-01 00:35:05.882 733-1183/system_process E/LocSvc_libulp: I/===> bool ulp_gnp_engine_running() line 59
01-01 00:35:05.882 733-1183/system_process E/LocSvc_libulp: I/===> bool ulp_gnp_engine_running() line 59
01-01 00:35:05.882 733-1183/system_process E/LocSvc_libulp: I/===> int ulp_brain_turn_onoff_zpp_provider() line 437
01-01 00:35:05.882 733-1183/system_process E/LocSvc_libulp: I/===> int ulp_zpp_stop_engine() line 174
01-01 00:35:05.882 733-1183/system_process E/LocSvc_libulp: I/===> bool ulp_zpp_engine_running() line 62
01-01 00:35:06.078 407-407/? E/QC-QMI: qmi_client [407]: unable to connect to server, errno=[2:No such file or directory], attempt=47
01-01 00:35:06.657 733-798/system_process I/DPMJ: |REQ:RCVR| DPM creating socket
01-01 00:35:07.079 407-407/? E/QC-QMI: qmi_client [407]: unable to connect to server, errno=[2:No such file or directory], attempt=48
01-01 00:35:08.079 407-407/? E/QC-QMI: qmi_client [407]: unable to connect to server, errno=[2:No such file or directory], attempt=49
01-01 00:35:09.080 407-407/? E/QC-QMI: qmi_client [407]: unable to connect to server, errno=[2:No such file or directory], attempt=50
01-01 00:35:10.081 407-407/? E/QC-QMI: qmi_client [407]: unable to connect to server, errno=[2:No such file or directory], attempt=51
01-01 00:35:10.658 733-798/system_process I/DPMJ: |REQ:RCVR| DPM creating socket
01-01 00:35:11.082 407-407/? E/QC-QMI: qmi_client [407]: unable to connect to server, errno=[2:No such file or directory], attempt=52
01-01 00:35:12.082 407-407/? E/QC-QMI: qmi_client [407]: unable to connect to server, errno=[2:No such file or directory], attempt=53
01-01 00:35:13.083 407-407/? E/QC-QMI: qmi_client [407]: unable to connect to server, errno=[2:No such file or directory], attempt=54
01-01 00:35:14.084 407-407/? E/QC-QMI: qmi_client [407]: unable to connect to server, errno=[2:No such file or directory], attempt=55
01-01 00:35:14.660 733-798/system_process I/DPMJ: |REQ:RCVR| DPM creating socket
01-01 00:35:15.084 407-407/? E/QC-QMI: qmi_client [407]: unable to connect to server, errno=[2:No such file or directory], attempt=56
01-01 00:35:15.879 733-1183/system_process E/LocSvc_libulp: I/===> int ulp_msg_process_system_update(UlpSystemEvent) line 1455
01-01 00:35:15.879 733-1183/system_process E/LocSvc_libulp: I/int ulp_msg_process_system_update(UlpSystemEvent): systemEvent:5
01-01 00:35:15.879 733-1183/system_process E/LocSvc_libulp: I/===> int ulp_brain_process_system_update(UlpSystemEvent) line 2352
01-01 00:35:15.879 733-1183/system_process E/LocSvc_libulp: I/===> int ulp_brain_select_providers() line 333
01-01 00:35:15.879 733-1183/system_process E/LocSvc_libulp: I/===> int ulp_brain_turn_onoff_quipc_provider() line 700
01-01 00:35:15.879 733-1183/system_process E/LocSvc_libulp: I/===> int ulp_quipc_stop_engine() line 235
01-01 00:35:15.879 733-1183/system_process E/LocSvc_libulp: I/===> bool ulp_quipc_engine_running() line 60
01-01 00:35:15.879 733-1183/system_process E/LocSvc_libulp: I/===> int ulp_brain_turn_onoff_gnss_provider() line 595
01-01 00:35:15.879 733-1183/system_process E/LocSvc_libulp: I/===> int ulp_gnss_stop_engine() line 262
01-01 00:35:15.879 733-1183/system_process E/LocSvc_libulp: I/===> bool ulp_quipc_engine_running() line 60
01-01 00:35:15.879 733-1183/system_process E/LocSvc_libulp: I/===> int ulp_brain_turn_onoff_gnp_provider() line 496
01-01 00:35:15.879 733-1183/system_process E/LocSvc_libulp: I/===> bool ulp_gnp_engine_running() line 59
01-01 00:35:15.879 733-1183/system_process E/LocSvc_libulp: I/===> int ulp_gnp_stop_engine() line 195
01-01 00:35:15.879 733-1183/system_process E/LocSvc_libulp: I/===> bool ulp_gnp_engine_running() line 59
01-01 00:35:15.879 733-1183/system_process E/LocSvc_libulp: I/===> bool ulp_gnp_engine_running() line 59
01-01 00:35:15.880 733-1183/system_process E/LocSvc_libulp: I/===> int ulp_brain_turn_onoff_zpp_provider() line 437
01-01 00:35:15.880 733-1183/system_process E/LocSvc_libulp: I/===> int ulp_zpp_start_engine() line 98
01-01 00:35:15.880 733-1183/system_process E/LocSvc_libulp: I/===> bool ulp_zpp_engine_running() line 62
01-01 00:35:15.880 733-1183/system_process E/LocSvc_libulp: I/===> int ulp_msg_process_start_req() line 447
01-01 00:35:15.880 733-1183/system_process E/LocSvc_libulp: I/int ulp_msg_process_start_req(), at ulp state = 1
01-01 00:35:15.880 733-1003/system_process E/LocSvc_api_v02: I/—> locClientSendReq line 2065 QMI_LOC_GET_BEST_AVAILABLE_POSITION_REQ_V02
01-01 00:35:15.882 733-1046/system_process E/LocSvc_ApiV02: I/<— void globalRespCb(locClientHandleType, uint32_t, locClientRespIndUnionType, void*) line 111 QMI_LOC_GET_BEST_AVAILABLE_POSITION_REQ_V02
01-01 00:35:15.882 733-1183/system_process E/LocSvc_libulp: I/===> int ulp_brain_process_zpp_position_report(loc_sess_status, LocPosTechMask, const UlpLocation*) line 1463
01-01 00:35:15.882 733-1183/system_process E/LocSvc_libulp: I/int ulp_brain_process_zpp_position_report(loc_sess_status, LocPosTechMask, const UlpLocation*), report ZPP position to providers,report_position = 0
01-01 00:35:15.882 733-1183/system_process E/LocSvc_libulp: I/===> int ulp_brain_select_providers() line 333
01-01 00:35:15.882 733-1183/system_process E/LocSvc_libulp: I/===> int ulp_brain_turn_onoff_quipc_provider() line 700
01-01 00:35:15.882 733-1183/system_process E/LocSvc_libulp: I/===> int ulp_quipc_stop_engine() line 235
01-01 00:35:15.882 733-1183/system_process E/LocSvc_libulp: I/===> bool ulp_quipc_engine_running() line 60
01-01 00:35:15.882 733-1183/system_process E/LocSvc_libulp: I/===> int ulp_brain_turn_onoff_gnss_provider() line 595
01-01 00:35:15.882 733-1183/system_process E/LocSvc_libulp: I/===> int ulp_gnss_stop_engine() line 262
01-01 00:35:15.882 733-1183/system_process E/LocSvc_libulp: I/===> bool ulp_quipc_engine_running() line 60
01-01 00:35:15.882 733-1183/system_process E/LocSvc_libulp: I/===> int ulp_brain_turn_onoff_gnp_provider() line 496
01-01 00:35:15.882 733-1183/system_process E/LocSvc_libulp: I/===> bool ulp_gnp_engine_running() line 59
01-01 00:35:15.882 733-1183/system_process E/LocSvc_libulp: I/===> int ulp_gnp_stop_engine() line 195
01-01 00:35:15.882 733-1183/system_process E/LocSvc_libulp: I/===> bool ulp_gnp_engine_running() line 59
01-01 00:35:15.883 733-1183/system_process E/LocSvc_libulp: I/===> bool ulp_gnp_engine_running() line 59
01-01 00:35:15.883 733-1183/system_process E/LocSvc_libulp: I/===> int ulp_brain_turn_onoff_zpp_provider() line 437
01-01 00:35:15.883 733-1183/system_process E/LocSvc_libulp: I/===> int ulp_zpp_stop_engine() line 174
01-01 00:35:15.883 733-1183/system_process E/LocSvc_libulp: I/===> bool ulp_zpp_engine_running() line 62
01-01 00:35:16.085 407-407/? E/QC-QMI: qmi_client [407]: unable to connect to server, errno=[2:No such file or directory], attempt=57
01-01 00:35:17.085 407-407/? E/QC-QMI: qmi_client [407]: unable to connect to server, errno=[2:No such file or directory], attempt=58
01-01 00:35:18.086 407-407/? E/QC-QMI: qmi_client [407]: unable to connect to server, errno=[2:No such file or directory], attempt=59
01-01 00:35:18.661 733-798/system_process I/DPMJ: |REQ:RCVR| DPM creating socket
01-01 00:35:19.086 407-407/? E/QC-QMI: qmi_client [407]: unable to connect to server, errno=[2:No such file or directory], attempt=60
01-01 00:35:20.087 407-407/? E/QC-QMI: qmi_client [407]: unable to connect to server after 60 tries… giving up
01-01 00:35:20.087 407-407/? E/QC-QMI: qmi_qmux_if_pwr_up_init_ex: Initialization failed, rc = -1
01-01 00:35:22.662 733-798/system_process I/DPMJ: |REQ:RCVR| DPM creating socket
01-01 00:35:25.088 407-407/? I/libmdmdetect: ESOC framework not supported
01-01 00:35:25.089 407-407/? I/libmdmdetect: Found internal modem: modem
01-01 00:35:25.090 407-407/? E/QC-QMI: qmi_client [407]: unable to connect to server, errno=[2:No such file or directory], attempt=1
01-01 00:35:25.880 733-1183/system_process E/LocSvc_libulp: I/===> int ulp_msg_process_system_update(UlpSystemEvent) line 1455
01-01 00:35:25.880 733-1183/system_process E/LocSvc_libulp: I/int ulp_msg_process_system_update(UlpSystemEvent): systemEvent:5
01-01 00:35:25.880 733-1183/system_process E/LocSvc_libulp: I/===> int ulp_brain_process_system_update(UlpSystemEvent) line 2352
01-01 00:35:25.880 733-1183/system_process E/LocSvc_libulp: I/===> int ulp_brain_select_providers() line 333
01-01 00:35:25.880 733-1183/system_process E/LocSvc_libulp: I/===> int ulp_brain_turn_onoff_quipc_provider() line 700
01-01 00:35:25.880 733-1183/system_process E/LocSvc_libulp: I/===> int ulp_quipc_stop_engine() line 235
01-01 00:35:25.880 733-1183/system_process E/LocSvc_libulp: I/===> bool ulp_quipc_engine_running() line 60
01-01 00:35:25.880 733-1183/system_process E/LocSvc_libulp: I/===> int ulp_brain_turn_onoff_gnss_provider() line 595
01-01 00:35:25.880 733-1183/system_process E/LocSvc_libulp: I/===> int ulp_gnss_stop_engine() line 262
01-01 00:35:25.880 733-1183/system_process E/LocSvc_libulp: I/===> bool ulp_quipc_engine_running() line 60
01-01 00:35:25.880 733-1183/system_process E/LocSvc_libulp: I/===> int ulp_brain_turn_onoff_gnp_provider() line 496
01-01 00:35:25.880 733-1183/system_process E/LocSvc_libulp: I/===> bool ulp_gnp_engine_running() line 59
01-01 00:35:25.880 733-1183/system_process E/LocSvc_libulp: I/===> int ulp_gnp_stop_engine() line 195
01-01 00:35:25.880 733-1183/system_process E/LocSvc_libulp: I/===> bool ulp_gnp_engine_running() line 59
01-01 00:35:25.880 733-1183/system_process E/LocSvc_libulp: I/===> bool ulp_gnp_engine_running() line 59
01-01 00:35:25.880 733-1183/system_process E/LocSvc_libulp: I/===> int ulp_brain_turn_onoff_zpp_provider() line 437
01-01 00:35:25.880 733-1183/system_process E/LocSvc_libulp: I/===> int ulp_zpp_start_engine() line 98
01-01 00:35:25.880 733-1183/system_process E/LocSvc_libulp: I/===> bool ulp_zpp_engine_running() line 62
01-01 00:35:25.880 733-1183/system_process E/LocSvc_libulp: I/===> int ulp_msg_process_start_req() line 447
01-01 00:35:25.880 733-1183/system_process E/LocSvc_libulp: I/int ulp_msg_process_start_req(), at ulp state = 1
01-01 00:35:25.881 733-1003/system_process E/LocSvc_api_v02: I/—> locClientSendReq line 2065 QMI_LOC_GET_BEST_AVAILABLE_POSITION_REQ_V02
01-01 00:35:25.883 733-1046/system_process E/LocSvc_ApiV02: I/<— void globalRespCb(locClientHandleType, uint32_t, locClientRespIndUnionType, void*) line 111 QMI_LOC_GET_BEST_AVAILABLE_POSITION_REQ_V02
01-01 00:35:25.884 733-1183/system_process E/LocSvc_libulp: I/===> int ulp_brain_process_zpp_position_report(loc_sess_status, LocPosTechMask, const UlpLocation*) line 1463
01-01 00:35:25.884 733-1183/system_process E/LocSvc_libulp: I/int ulp_brain_process_zpp_position_report(loc_sess_status, LocPosTechMask, const UlpLocation*), report ZPP position to providers,report_position = 0
01-01 00:35:25.884 733-1183/system_process E/LocSvc_libulp: I/===> int ulp_brain_select_providers() line 333
01-01 00:35:25.884 733-1183/system_process E/LocSvc_libulp: I/===> int ulp_brain_turn_onoff_quipc_provider() line 700
01-01 00:35:25.884 733-1183/system_process E/LocSvc_libulp: I/===> int ulp_quipc_stop_engine() line 235
01-01 00:35:25.884 733-1183/system_process E/LocSvc_libulp: I/===> bool ulp_quipc_engine_running() line 60
01-01 00:35:25.884 733-1183/system_process E/LocSvc_libulp: I/===> int ulp_brain_turn_onoff_gnss_provider() line 595
01-01 00:35:25.884 733-1183/system_process E/LocSvc_libulp: I/===> int ulp_gnss_stop_engine() line 262
01-01 00:35:25.884 733-1183/system_process E/LocSvc_libulp: I/===> bool ulp_quipc_engine_running() line 60
01-01 00:35:25.884 733-1183/system_process E/LocSvc_libulp: I/===> int ulp_brain_turn_onoff_gnp_provider() line 496
01-01 00:35:25.884 733-1183/system_process E/LocSvc_libulp: I/===> bool ulp_gnp_engine_running() line 59
01-01 00:35:25.884 733-1183/system_process E/LocSvc_libulp: I/===> int ulp_gnp_stop_engine() line 195
01-01 00:35:25.884 733-1183/system_process E/LocSvc_libulp: I/===> bool ulp_gnp_engine_running() line 59
01-01 00:35:25.884 733-1183/system_process E/LocSvc_libulp: I/===> bool ulp_gnp_engine_running() line 59
01-01 00:35:25.884 733-1183/system_process E/LocSvc_libulp: I/===> int ulp_brain_turn_onoff_zpp_provider() line 437
01-01 00:35:25.884 733-1183/system_process E/LocSvc_libulp: I/===> int ulp_zpp_stop_engine() line 174
01-01 00:35:25.884 733-1183/system_process E/LocSvc_libulp: I/===> bool ulp_zpp_engine_running() line 62
01-01 00:35:26.090 407-407/? E/QC-QMI: qmi_client [407]: unable to connect to server, errno=[2:No such file or directory], attempt=2
01-01 00:35:26.663 733-798/system_process I/DPMJ: |REQ:RCVR| DPM creating socket
01-01 00:35:27.091 407-407/? E/QC-QMI: qmi_client [407]: unable to connect to server, errno=[2:No such file or directory], attempt=3
01-01 00:35:28.092 407-407/? E/QC-QMI: qmi_client [407]: unable to connect to server, errno=[2:No such file or directory], attempt=4
01-01 00:35:29.092 407-407/? E/QC-QMI: qmi_client [407]: unable to connect to server, errno=[2:No such file or directory], attempt=5
01-01 00:35:30.093 407-407/? E/QC-QMI: qmi_client [407]: unable to connect to server, errno=[2:No such file or directory], attempt=6
01-01 00:35:30.664 733-798/system_process I/DPMJ: |REQ:RCVR| DPM creating socket
01-01 00:35:31.094 407-407/? E/QC-QMI: qmi_client [407]: unable to connect to server, errno=[2:No such file or directory], attempt=7
01-01 00:35:32.095 407-407/? E/QC-QMI: qmi_client [407]: unable to connect to server, errno=[2:No such file or directory], attempt=8
01-01 00:35:33.095 407-407/? E/QC-QMI: qmi_client [407]: unable to connect to server, errno=[2:No such file or directory], attempt=9
01-01 00:35:34.095 407-407/? E/QC-QMI: qmi_client [407]: unable to connect to server, errno=[2:No such file or directory], attempt=10
01-01 00:35:34.666 733-798/system_process I/DPMJ: |REQ:RCVR| DPM creating socket
01-01 00:35:35.096 407-407/? E/QC-QMI: qmi_client [407]: unable to connect to server, errno=[2:No such file or directory], attempt=11
01-01 00:35:35.880 733-1183/system_process E/LocSvc_libulp: I/===> int ulp_msg_process_system_update(UlpSystemEvent) line 1455
01-01 00:35:35.880 733-1183/system_process E/LocSvc_libulp: I/int ulp_msg_process_system_update(UlpSystemEvent): systemEvent:5
01-01 00:35:35.880 733-1183/system_process E/LocSvc_libulp: I/===> int ulp_brain_process_system_update(UlpSystemEvent) line 2352
01-01 00:35:35.880 733-1183/system_process E/LocSvc_libulp: I/===> int ulp_brain_select_providers() line 333
01-01 00:35:35.880 733-1183/system_process E/LocSvc_libulp: I/===> int ulp_brain_turn_onoff_quipc_provider() line 700
01-01 00:35:35.880 733-1183/system_process E/LocSvc_libulp: I/===> int ulp_quipc_stop_engine() line 235
01-01 00:35:35.880 733-1183/system_process E/LocSvc_libulp: I/===> bool ulp_quipc_engine_running() line 60
01-01 00:35:35.880 733-1183/system_process E/LocSvc_libulp: I/===> int ulp_brain_turn_onoff_gnss_provider() line 595
01-01 00:35:35.880 733-1183/system_process E/LocSvc_libulp: I/===> int ulp_gnss_stop_engine() line 262
01-01 00:35:35.880 733-1183/system_process E/LocSvc_libulp: I/===> bool ulp_quipc_engine_running() line 60
01-01 00:35:35.881 733-1183/system_process E/LocSvc_libulp: I/===> int ulp_brain_turn_onoff_gnp_provider() line 496
01-01 00:35:35.881 733-1183/system_process E/LocSvc_libulp: I/===> bool ulp_gnp_engine_running() line 59
01-01 00:35:35.881 733-1183/system_process E/LocSvc_libulp: I/===> int ulp_gnp_stop_engine() line 195
01-01 00:35:35.881 733-1183/system_process E/LocSvc_libulp: I/===> bool ulp_gnp_engine_running() line 59
01-01 00:35:35.881 733-1183/system_process E/LocSvc_libulp: I/===> bool ulp_gnp_engine_running() line 59
01-01 00:35:35.881 733-1183/system_process E/LocSvc_libulp: I/===> int ulp_brain_turn_onoff_zpp_provider() line 437
01-01 00:35:35.881 733-1183/system_process E/LocSvc_libulp: I/===> int ulp_zpp_start_engine() line 98
01-01 00:35:35.881 733-1183/system_process E/LocSvc_libulp: I/===> bool ulp_zpp_engine_running() line 62
01-01 00:35:35.881 733-1183/system_process E/LocSvc_libulp: I/===> int ulp_msg_process_start_req() line 447
01-01 00:35:35.881 733-1183/system_process E/LocSvc_libulp: I/int ulp_msg_process_start_req(), at ulp state = 1
01-01 00:35:35.881 733-1003/system_process E/LocSvc_api_v02: I/—> locClientSendReq line 2065 QMI_LOC_GET_BEST_AVAILABLE_POSITION_REQ_V02
01-01 00:35:35.883 733-1046/system_process E/LocSvc_ApiV02: I/<— void globalRespCb(locClientHandleType, uint32_t, locClientRespIndUnionType, void*) line 111 QMI_LOC_GET_BEST_AVAILABLE_POSITION_REQ_V02
01-01 00:35:35.883 733-1183/system_process E/LocSvc_libulp: I/===> int ulp_brain_process_zpp_position_report(loc_sess_status, LocPosTechMask, const UlpLocation*) line 1463
01-01 00:35:35.883 733-1183/system_process E/LocSvc_libulp: I/int ulp_brain_process_zpp_position_report(loc_sess_status, LocPosTechMask, const UlpLocation*), report ZPP position to providers,report_position = 0
01-01 00:35:35.883 733-1183/system_process E/LocSvc_libulp: I/===> int ulp_brain_select_providers() line 333
01-01 00:35:35.883 733-1183/system_process E/LocSvc_libulp: I/===> int ulp_brain_turn_onoff_quipc_provider() line 700
01-01 00:35:35.883 733-1183/system_process E/LocSvc_libulp: I/===> int ulp_quipc_stop_engine() line 235
01-01 00:35:35.883 733-1183/system_process E/LocSvc_libulp: I/===> bool ulp_quipc_engine_running() line 60
01-01 00:35:35.883 733-1183/system_process E/LocSvc_libulp: I/===> int ulp_brain_turn_onoff_gnss_provider() line 595
01-01 00:35:35.884 733-1183/system_process E/LocSvc_libulp: I/===> int ulp_gnss_stop_engine() line 262
01-01 00:35:35.884 733-1183/system_process E/LocSvc_libulp: I/===> bool ulp_quipc_engine_running() line 60
01-01 00:35:35.884 733-1183/system_process E/LocSvc_libulp: I/===> int ulp_brain_turn_onoff_gnp_provider() line 496
01-01 00:35:35.884 733-1183/system_process E/LocSvc_libulp: I/===> bool ulp_gnp_engine_running() line 59
01-01 00:35:35.884 733-1183/system_process E/LocSvc_libulp: I/===> int ulp_gnp_stop_engine() line 195
01-01 00:35:35.884 733-1183/system_process E/LocSvc_libulp: I/===> bool ulp_gnp_engine_running() line 59
01-01 00:35:35.884 733-1183/system_process E/LocSvc_libulp: I/===> bool ulp_gnp_engine_running() line 59
01-01 00:35:35.884 733-1183/system_process E/LocSvc_libulp: I/===> int ulp_brain_turn_onoff_zpp_provider() line 437
01-01 00:35:35.884 733-1183/system_process E/LocSvc_libulp: I/===> int ulp_zpp_stop_engine() line 174
01-01 00:35:35.884 733-1183/system_process E/LocSvc_libulp: I/===> bool ulp_zpp_engine_running() line 62
01-01 00:35:36.097 407-407/? E/QC-QMI: qmi_client [407]: unable to connect to server, errno=[2:No such file or directory], attempt=12
01-01 00:35:37.098 407-407/? E/QC-QMI: qmi_client [407]: unable to connect to server, errno=[2:No such file or directory], attempt=13
01-01 00:35:38.098 407-407/? E/QC-QMI: qmi_client [407]: unable to connect to server, errno=[2:No such file or directory], attempt=14
01-01 00:35:38.670 733-798/system_process I/DPMJ: |REQ:RCVR| DPM creating socket
01-01 00:35:39.099 407-407/? E/QC-QMI: qmi_client [407]: unable to connect to server, errno=[2:No such file or directory], attempt=15
01-01 00:35:40.100 407-407/? E/QC-QMI: qmi_client [407]: unable to connect to server, errno=[2:No such file or directory], attempt=16
01-01 00:35:41.100 407-407/? E/QC-QMI: qmi_client [407]: unable to connect to server, errno=[2:No such file or directory], attempt=17
01-01 00:35:42.101 407-407/? E/QC-QMI: qmi_client [407]: unable to connect to server, errno=[2:No such file or directory], attempt=18
01-01 00:35:42.672 733-798/system_process I/DPMJ: |REQ:RCVR| DPM creating socket
01-01 00:35:43.102 407-407/? E/QC-QMI: qmi_client [407]: unable to connect to server, errno=[2:No such file or directory], attempt=19
01-01 00:35:44.103 407-407/? E/QC-QMI: qmi_client [407]: unable to connect to server, errno=[2:No such file or directory], attempt=20
01-01 00:35:45.103 407-407/? E/QC-QMI: qmi_client [407]: unable to connect to server, errno=[2:No such file or directory], attempt=21
01-01 00:35:45.881 733-1183/system_process E/LocSvc_libulp: I/===> int ulp_msg_process_system_update(UlpSystemEvent) line 1455
01-01 00:35:45.881 733-1183/system_process E/LocSvc_libulp: I/int ulp_msg_process_system_update(UlpSystemEvent): systemEvent:5
01-01 00:35:45.881 733-1183/system_process E/LocSvc_libulp: I/===> int ulp_brain_process_system_update(UlpSystemEvent) line 2352
01-01 00:35:45.881 733-1183/system_process E/LocSvc_libulp: I/===> int ulp_brain_select_providers() line 333
01-01 00:35:45.881 733-1183/system_process E/LocSvc_libulp: I/===> int ulp_brain_turn_onoff_quipc_provider() line 700
01-01 00:35:45.881 733-1183/system_process E/LocSvc_libulp: I/===> int ulp_quipc_stop_engine() line 235
01-01 00:35:45.881 733-1183/system_process E/LocSvc_libulp: I/===> bool ulp_quipc_engine_running() line 60
01-01 00:35:45.881 733-1183/system_process E/LocSvc_libulp: I/===> int ulp_brain_turn_onoff_gnss_provider() line 595
01-01 00:35:45.881 733-1183/system_process E/LocSvc_libulp: I/===> int ulp_gnss_stop_engine() line 262
01-01 00:35:45.881 733-1183/system_process E/LocSvc_libulp: I/===> bool ulp_quipc_engine_running() line 60
01-01 00:35:45.881 733-1183/system_process E/LocSvc_libulp: I/===> int ulp_brain_turn_onoff_gnp_provider() line 496
01-01 00:35:45.881 733-1183/system_process E/LocSvc_libulp: I/===> bool ulp_gnp_engine_running() line 59
01-01 00:35:45.881 733-1183/system_process E/LocSvc_libulp: I/===> int ulp_gnp_stop_engine() line 195
01-01 00:35:45.881 733-1183/system_process E/LocSvc_libulp: I/===> bool ulp_gnp_engine_running() line 59
01-01 00:35:45.881 733-1183/system_process E/LocSvc_libulp: I/===> bool ulp_gnp_engine_running() line 59
01-01 00:35:45.881 733-1183/system_process E/LocSvc_libulp: I/===> int ulp_brain_turn_onoff_zpp_provider() line 437
01-01 00:35:45.881 733-1183/system_process E/LocSvc_libulp: I/===> int ulp_zpp_start_engine() line 98
01-01 00:35:45.881 733-1183/system_process E/LocSvc_libulp: I/===> bool ulp_zpp_engine_running() line 62
01-01 00:35:45.881 733-1183/system_process E/LocSvc_libulp: I/===> int ulp_msg_process_start_req() line 447
01-01 00:35:45.881 733-1183/system_process E/LocSvc_libulp: I/int ulp_msg_process_start_req(), at ulp state = 1
01-01 00:35:45.881 733-1003/system_process E/LocSvc_api_v02: I/—> locClientSendReq line 2065 QMI_LOC_GET_BEST_AVAILABLE_POSITION_REQ_V02
01-01 00:35:45.884 733-1046/system_process E/LocSvc_ApiV02: I/<— void globalRespCb(locClientHandleType, uint32_t, locClientRespIndUnionType, void*) line 111 QMI_LOC_GET_BEST_AVAILABLE_POSITION_REQ_V02
01-01 00:35:45.884 733-1183/system_process E/LocSvc_libulp: I/===> int ulp_brain_process_zpp_position_report(loc_sess_status, LocPosTechMask, const UlpLocation*) line 1463
01-01 00:35:45.884 733-1183/system_process E/LocSvc_libulp: I/int ulp_brain_process_zpp_position_report(loc_sess_status, LocPosTechMask, const UlpLocation*), report ZPP position to providers,report_position = 0
01-01 00:35:45.884 733-1183/system_process E/LocSvc_libulp: I/===> int ulp_brain_select_providers() line 333
01-01 00:35:45.884 733-1183/system_process E/LocSvc_libulp: I/===> int ulp_brain_turn_onoff_quipc_provider() line 700
01-01 00:35:45.884 733-1183/system_process E/LocSvc_libulp: I/===> int ulp_quipc_stop_engine() line 235
01-01 00:35:45.884 733-1183/system_process E/LocSvc_libulp: I/===> bool ulp_quipc_engine_running() line 60
01-01 00:35:45.884 733-1183/system_process E/LocSvc_libulp: I/===> int ulp_brain_turn_onoff_gnss_provider() line 595
01-01 00:35:45.884 733-1183/system_process E/LocSvc_libulp: I/===> int ulp_gnss_stop_engine() line 262
01-01 00:35:45.884 733-1183/system_process E/LocSvc_libulp: I/===> bool ulp_quipc_engine_running() line 60
01-01 00:35:45.884 733-1183/system_process E/LocSvc_libulp: I/===> int ulp_brain_turn_onoff_gnp_provider() line 496
01-01 00:35:45.884 733-1183/system_process E/LocSvc_libulp: I/===> bool ulp_gnp_engine_running() line 59
01-01 00:35:45.884 733-1183/system_process E/LocSvc_libulp: I/===> int ulp_gnp_stop_engine() line 195
01-01 00:35:45.885 733-1183/system_process E/LocSvc_libulp: I/===> bool ulp_gnp_engine_running() line 59
01-01 00:35:45.885 733-1183/system_process E/LocSvc_libulp: I/===> bool ulp_gnp_engine_running() line 59
01-01 00:35:45.885 733-1183/system_process E/LocSvc_libulp: I/===> int ulp_brain_turn_onoff_zpp_provider() line 437
01-01 00:35:45.885 733-1183/system_process E/LocSvc_libulp: I/===> int ulp_zpp_stop_engine() line 174
01-01 00:35:45.885 733-1183/system_process E/LocSvc_libulp: I/===> bool ulp_zpp_engine_running() line 62
01-01 00:35:46.104 407-407/? E/QC-QMI: qmi_client [407]: unable to connect to server, errno=[2:No such file or directory], attempt=22
01-01 00:35:46.673 733-798/system_process I/DPMJ: |REQ:RCVR| DPM creating socket
01-01 00:35:47.105 407-407/? E/QC-QMI: qmi_client [407]: unable to connect to server, errno=[2:No such file or directory], attempt=23
01-01 00:35:48.105 407-407/? E/QC-QMI: qmi_client [407]: unable to connect to server, errno=[2:No such file or directory], attempt=24
01-01 00:35:49.106 407-407/? E/QC-QMI: qmi_client [407]: unable to connect to server, errno=[2:No such file or directory], attempt=25
01-01 00:35:50.106 407-407/? E/QC-QMI: qmi_client [407]: unable to connect to server, errno=[2:No such file or directory], attempt=26
01-01 00:35:50.674 733-798/system_process I/DPMJ: |REQ:RCVR| DPM creating socket
01-01 00:35:51.107 407-407/? E/QC-QMI: qmi_client [407]: unable to connect to server, errno=[2:No such file or directory], attempt=27
01-01 00:35:52.108 407-407/? E/QC-QMI: qmi_client [407]: unable to connect to server, errno=[2:No such file or directory], attempt=28
01-01 00:35:53.108 407-407/? E/QC-QMI: qmi_client [407]: unable to connect to server, errno=[2:No such file or directory], attempt=29
01-01 00:35:54.109 407-407/? E/QC-QMI: qmi_client [407]: unable to connect to server, errno=[2:No such file or directory], attempt=30
01-01 00:35:54.675 733-798/system_process I/DPMJ: |REQ:RCVR| DPM creating socket
01-01 00:35:55.110 407-407/? E/QC-QMI: qmi_client [407]: unable to connect to server, errno=[2:No such file or directory], attempt=31
01-01 00:35:55.881 733-1183/system_process E/LocSvc_libulp: I/===> int ulp_msg_process_system_update(UlpSystemEvent) line 1455
01-01 00:35:55.881 733-1183/system_process E/LocSvc_libulp: I/int ulp_msg_process_system_update(UlpSystemEvent): systemEvent:5
01-01 00:35:55.881 733-1183/system_process E/LocSvc_libulp: I/===> int ulp_brain_process_system_update(UlpSystemEvent) line 2352
01-01 00:35:55.882 733-1183/system_process E/LocSvc_libulp: I/===> int ulp_brain_select_providers() line 333
01-01 00:35:55.882 733-1183/system_process E/LocSvc_libulp: I/===> int ulp_brain_turn_onoff_quipc_provider() line 700
01-01 00:35:55.882 733-1183/system_process E/LocSvc_libulp: I/===> int ulp_quipc_stop_engine() line 235
01-01 00:35:55.882 733-1183/system_process E/LocSvc_libulp: I/===> bool ulp_quipc_engine_running() line 60
01-01 00:35:55.882 733-1183/system_process E/LocSvc_libulp: I/===> int ulp_brain_turn_onoff_gnss_provider() line 595
01-01 00:35:55.882 733-1183/system_process E/LocSvc_libulp: I/===> int ulp_gnss_stop_engine() line 262
01-01 00:35:55.882 733-1183/system_process E/LocSvc_libulp: I/===> bool ulp_quipc_engine_running() line 60
01-01 00:35:55.882 733-1183/system_process E/LocSvc_libulp: I/===> int ulp_brain_turn_onoff_gnp_provider() line 496
01-01 00:35:55.882 733-1183/system_process E/LocSvc_libulp: I/===> bool ulp_gnp_engine_running() line 59
01-01 00:35:55.882 733-1183/system_process E/LocSvc_libulp: I/===> int ulp_gnp_stop_engine() line 195
01-01 00:35:55.882 733-1183/system_process E/LocSvc_libulp: I/===> bool ulp_gnp_engine_running() line 59
01-01 00:35:55.882 733-1183/system_process E/LocSvc_libulp: I/===> bool ulp_gnp_engine_running() line 59
01-01 00:35:55.882 733-1183/system_process E/LocSvc_libulp: I/===> int ulp_brain_turn_onoff_zpp_provider() line 437
01-01 00:35:55.882 733-1183/system_process E/LocSvc_libulp: I/===> int ulp_zpp_start_engine() line 98
01-01 00:35:55.882 733-1183/system_process E/LocSvc_libulp: I/===> bool ulp_zpp_engine_running() line 62
01-01 00:35:55.882 733-1183/system_process E/LocSvc_libulp: I/===> int ulp_msg_process_start_req() line 447
01-01 00:35:55.882 733-1183/system_process E/LocSvc_libulp: I/int ulp_msg_process_start_req(), at ulp state = 1
01-01 00:35:55.883 733-1003/system_process E/LocSvc_api_v02: I/—> locClientSendReq line 2065 QMI_LOC_GET_BEST_AVAILABLE_POSITION_REQ_V02
01-01 00:35:55.887 733-1046/system_process E/LocSvc_ApiV02: I/<— void globalRespCb(locClientHandleType, uint32_t, locClientRespIndUnionType, void*) line 111 QMI_LOC_GET_BEST_AVAILABLE_POSITION_REQ_V02
01-01 00:35:55.887 733-1183/system_process E/LocSvc_libulp: I/===> int ulp_brain_process_zpp_position_report(loc_sess_status, LocPosTechMask, const UlpLocation*) line 1463
01-01 00:35:55.887 733-1183/system_process E/LocSvc_libulp: I/int ulp_brain_process_zpp_position_report(loc_sess_status, LocPosTechMask, const UlpLocation*), report ZPP position to providers,report_position = 0
01-01 00:35:55.887 733-1183/system_process E/LocSvc_libulp: I/===> int ulp_brain_select_providers() line 333
01-01 00:35:55.887 733-1183/system_process E/LocSvc_libulp: I/===> int ulp_brain_turn_onoff_quipc_provider() line 700
01-01 00:35:55.887 733-1183/system_process E/LocSvc_libulp: I/===> int ulp_quipc_stop_engine() line 235
01-01 00:35:55.887 733-1183/system_process E/LocSvc_libulp: I/===> bool ulp_quipc_engine_running() line 60
01-01 00:35:55.887 733-1183/system_process E/LocSvc_libulp: I/===> int ulp_brain_turn_onoff_gnss_provider() line 595
01-01 00:35:55.887 733-1183/system_process E/LocSvc_libulp: I/===> int ulp_gnss_stop_engine() line 262
01-01 00:35:55.887 733-1183/system_process E/LocSvc_libulp: I/===> bool ulp_quipc_engine_running() line 60
