01-01 00:33:40.048 296-1649/? D/SoftHEVC: Freeing codec memory
01-01 00:33:40.058 1477-1477/? W/Settings: Setting airplane_mode_on has moved from android.provider.Settings.System to android.provider.Settings.Global, returning read-only value.
01-01 00:33:40.059 296-1649/? W/OMXNodeInstance: [29:google.vp8.decoder] component does not support metadata mode; using fallback
01-01 00:33:40.060 306-306/? E/USB_UICC: Timeout! No signal received. Retry num = 23
01-01 00:33:40.063 296-1649/? W/OMXNodeInstance: [2a:google.vp9.decoder] component does not support metadata mode; using fallback
01-01 00:33:40.070 296-1649/? I/SoftMPEG4Encoder: Construct SoftMPEG4Encoder
01-01 00:33:40.070 296-1649/? W/ACodec: do not know color format 0x7f000789 = 2130708361
01-01 00:33:40.077 296-1649/? I/SoftAVCEncoder: Construct SoftAVCEncoder
01-01 00:33:40.078 296-1649/? W/ACodec: do not know color format 0x7f000789 = 2130708361
01-01 00:33:40.080 733-1111/system_process D/CountryDetector: The first listener is added
01-01 00:33:40.083 296-1649/? I/SoftMPEG4Encoder: Construct SoftMPEG4Encoder
01-01 00:33:40.083 296-1649/? W/ACodec: do not know color format 0x7f000789 = 2130708361
01-01 00:33:40.086 733-791/system_process D/WifiService: New client listening to asynchronous messages
01-01 00:33:40.091 733-758/system_process D/BluetoothManagerService: Message: 20
01-01 00:33:40.091 733-758/system_process D/BluetoothManagerService: Added callback: android.bluetooth.IBluetoothManagerCallback$Stub$Proxy@1bc8d1e0:true
01-01 00:33:40.094 296-1649/? W/ACodec: do not know color format 0x7f000789 = 2130708361
01-01 00:33:40.094 1477-1477/? D/BluetoothAdapter: 816253245: getState() : mService = null. Returning STATE_OFF
01-01 00:33:40.095 1477-1811/? D/BluetoothAdapter: 816253245: getState() : mService = null. Returning STATE_OFF
01-01 00:33:40.096 733-758/system_process D/BluetoothManagerService: Message: 30
01-01 00:33:40.103 733-758/system_process D/BluetoothManagerService: Message: 30
01-01 00:33:40.108 733-758/system_process D/BluetoothManagerService: Message: 30
01-01 00:33:40.116 733-758/system_process D/BluetoothManagerService: Message: 30
01-01 00:33:40.119 733-899/system_process D/BluetoothManagerService: Trying to bind to profile: 1, while Bluetooth was disabled
01-01 00:33:40.121 733-758/system_process D/BluetoothManagerService: Message: 30
01-01 00:33:40.128 296-1654/? E/IMemory: binder=0xab0446b0 transaction failed fd=-2147483647, size=0, err=-32 (Broken pipe)
01-01 00:33:40.128 296-1654/? E/IMemory: cannot dup fd=-2147483647, size=0, err=-32 (Bad file number)
01-01 00:33:40.128 296-1654/? E/IMemory: cannot map BpMemoryHeap (binder=0xab0446b0), size=0, fd=-1 (Bad file number)
01-01 00:33:40.128 296-1654/? E/AudioCache: Invalid heap Id
01-01 00:33:40.128 296-1654/? W/NuPlayerRenderer: openAudioSink: non offloaded open failed status: -19
01-01 00:33:40.128 296-1655/? E/NuPlayerDecoder: Failed to open AudioSink on format change for OMX.google.vorbis.decoder (err=-19)
01-01 00:33:40.128 296-1640/? E/NuPlayer: received error(0xffffffed) from audio decoder, flushing(0), now shutting down
01-01 00:33:40.128 296-1640/? E/AudioCache: Error 1, -19 occurred
01-01 00:33:40.128 296-815/? D/NuPlayerDriver: reset(0xab043048)
01-01 00:33:40.129 733-758/system_process D/BluetoothManagerService: Message: 30
01-01 00:33:40.132 296-296/? D/NuPlayerDriver: reset(0xab044448)
01-01 00:33:40.136 1477-1477/? D/BluetoothMap: Create BluetoothMap proxy object
01-01 00:33:40.137 296-1640/? D/NuPlayerDriver: notifyResetComplete(0xab043048)
01-01 00:33:40.139 733-758/system_process D/BluetoothManagerService: Message: 30
01-01 00:33:40.139 296-1649/? W/ALooperRoster: failed to deliver message. Target handler 8 registered, but object gone.
01-01 00:33:40.140 296-1644/? D/NuPlayerDriver: notifyResetComplete(0xab044448)
01-01 00:33:40.147 733-758/system_process D/BluetoothManagerService: Message: 30
01-01 00:33:40.148 296-1643/? E/MMParserExtractor: FileSource::FILE_SOURCE_DATA_END
01-01 00:33:40.151 296-817/? D/NuPlayerDriver: reset(0xab044e40)
01-01 00:33:40.156 296-1641/? D/NuPlayerDriver: notifyResetComplete(0xab044e40)
01-01 00:33:40.160 1745-1745/com.android.mms V/Mms: mnc/mcc:
01-01 00:33:40.161 1745-1745/com.android.mms V/Mms: tag: bool value: enabledMMS - true
01-01 00:33:40.161 1745-1745/com.android.mms V/Mms: tag: bool value: enableOMACP - false
01-01 00:33:40.162 1745-1745/com.android.mms V/Mms: tag: int value: maxMessageSize - 307200
01-01 00:33:40.162 1745-1745/com.android.mms V/Mms: tag: int value: maxImageHeight - 480
01-01 00:33:40.162 1745-1745/com.android.mms V/Mms: tag: int value: maxImageWidth - 640
01-01 00:33:40.162 1745-1745/com.android.mms V/Mms: tag: int value: defaultSMSMessagesPerThread - 1000
01-01 00:33:40.162 1745-1745/com.android.mms V/Mms: tag: int value: defaultMMSMessagesPerThread - 1000
01-01 00:33:40.162 1745-1745/com.android.mms V/Mms: tag: int value: minMessageCountPerThread - 10
01-01 00:33:40.162 1745-1745/com.android.mms V/Mms: tag: int value: maxMessageCountPerThread - 5000
01-01 00:33:40.162 1745-1745/com.android.mms V/Mms: tag: string value: uaProfUrl - http://www.google.com/oha/rdf/ua-profile-kila.xml
01-01 00:33:40.162 1745-1745/com.android.mms V/Mms: tag: int value: recipientLimit - -1
01-01 00:33:40.162 1745-1745/com.android.mms V/Mms: tag: bool value: enableMultipartSMS - true
01-01 00:33:40.162 1745-1745/com.android.mms V/Mms: tag: int value: smsToMmsTextThreshold - -1
01-01 00:33:40.162 1745-1745/com.android.mms V/Mms: tag: bool value: enableSlideDuration - true
01-01 00:33:40.163 1745-1745/com.android.mms V/Mms: tag: int value: maxMessageTextSize - -1
01-01 00:33:40.163 1745-1745/com.android.mms V/Mms: tag: bool value: enableCreationMode - false
01-01 00:33:40.169 733-1465/system_process D/ConnectivityService: listenForNetwork for NetworkRequest [ id=3, legacyType=-1, [] ]
01-01 00:33:40.169 296-1833/? D/ExtendedUtils: Try creating ExtendedExtractor
01-01 00:33:40.169 296-1833/? D/ExtendedUtils: default extractor is NULL, return extended extractor
01-01 00:33:40.169 296-1833/? E/MM_OSAL: FileSource::FileSource
01-01 00:33:40.169 296-1833/? E/MM_OSAL: FileSource::FileSource m_bEveryThingOK 1
01-01 00:33:40.169 296-1833/? E/MM_OSAL: MM_File_Create failed .Efs Error No -1 , File Name /data/mmosal_logmask.cfg , Mode 0
01-01 00:33:40.169 296-1833/? E/MM_OSAL: Open or read fail on /data/mmosal_logmask.cfg. Possible permission denied issue. Looking for /data/misc/media/mmosal_logmask.cfg
01-01 00:33:40.169 296-1833/? E/MM_OSAL: MM_File_Create failed .Efs Error No -1 , File Name /data/misc/media/mmosal_logmask.cfg , Mode 0
01-01 00:33:40.170 296-816/? D/NuPlayerDriver: start(0xab0f1220)
01-01 00:33:40.170 296-1832/? I/GenericSource: start
01-01 00:33:40.170 1745-1745/com.android.mms I/ContactPhotoManager: Cache adj: 1.0
01-01 00:33:40.171 1745-1745/com.android.mms E/ContactPhotoManager: No contact photo service in context: com.android.mms.MmsApp@16b08ad9
01-01 00:33:40.172 296-1833/? E/MMParserExtractor: FileSource::FILE_SOURCE_DATA_END
01-01 00:33:40.173 296-1832/? D/AudioPolicyManager: isOffloadSupported: stream_type != MUSIC, returning false
01-01 00:33:40.175 296-1832/? D/AudioPolicyManager: isOffloadSupported: stream_type != MUSIC, returning false
01-01 00:33:40.179 296-1836/? D/ExtendedUtils: Try creating ExtendedExtractor
01-01 00:33:40.179 296-1836/? D/ExtendedUtils: default extractor is NULL, return extended extractor
01-01 00:33:40.180 296-815/? D/NuPlayerDriver: start(0xab0ced48)
01-01 00:33:40.180 296-1834/? I/GenericSource: start
01-01 00:33:40.184 296-1836/? E/MMParserExtractor: FileSource::FILE_SOURCE_DATA_END
01-01 00:33:40.187 296-1834/? D/AudioPolicyManager: isOffloadSupported: stream_type != MUSIC, returning false
01-01 00:33:40.191 296-1834/? D/AudioPolicyManager: isOffloadSupported: stream_type != MUSIC, returning false
01-01 00:33:40.212 296-1833/? E/MMParserExtractor: FileSource::FILE_SOURCE_DATA_END
01-01 00:33:40.216 296-816/? D/NuPlayerDriver: reset(0xab0f1220)
01-01 00:33:40.220 296-1832/? D/NuPlayerDriver: notifyResetComplete(0xab0f1220)
01-01 00:33:40.231 1477-1477/? D/StatusBar.NetworkController: refreshSignalCluster - setMobileDataIndicators: mHasMobileDataFeature = false mPhoneSignalIconId = (null) mDataSignalIconId = (null) mMobileActivityIconId = (null) mDataTypeIconId = (null) mNoSimIconId = (null)
01-01 00:33:40.231 1477-1477/? D/StatusBar.NetworkController: refreshSignalCluster - setMobileDataIndicators: mHasMobileDataFeature = false mPhoneSignalIconId = (null) mDataSignalIconId = (null) mMobileActivityIconId = (null) mDataTypeIconId = (null) mNoSimIconId = (null)
01-01 00:33:40.231 1477-1477/? D/StatusBar.NetworkController: refreshSignalCluster - setMobileDataIndicators: mHasMobileDataFeature = false mPhoneSignalIconId = (null) mDataSignalIconId = (null) mMobileActivityIconId = (null) mDataTypeIconId = (null) mNoSimIconId = (null)
01-01 00:33:40.236 296-1836/? E/MMParserExtractor: FileSource::FILE_SOURCE_DATA_END
01-01 00:33:40.241 296-815/? D/NuPlayerDriver: reset(0xab0ced48)
01-01 00:33:40.243 1477-1477/? I/CameraManagerGlobal: getCameraService: Reconnecting to camera service
01-01 00:33:40.252 296-1834/? D/NuPlayerDriver: notifyResetComplete(0xab0ced48)
01-01 00:33:40.259 296-1855/? D/ExtendedUtils: Try creating ExtendedExtractor
01-01 00:33:40.259 296-1855/? D/ExtendedUtils: default extractor is NULL, return extended extractor
01-01 00:33:40.259 296-1855/? E/MM_OSAL: FileSource::FileSource
01-01 00:33:40.259 296-1855/? E/MM_OSAL: FileSource::FileSource m_bEveryThingOK 1
01-01 00:33:40.259 296-1855/? E/MM_OSAL: MM_File_Create failed .Efs Error No -1 , File Name /data/mmosal_logmask.cfg , Mode 0
01-01 00:33:40.259 296-1855/? E/MM_OSAL: Open or read fail on /data/mmosal_logmask.cfg. Possible permission denied issue. Looking for /data/misc/media/mmosal_logmask.cfg
01-01 00:33:40.259 296-1855/? E/MM_OSAL: MM_File_Create failed .Efs Error No -1 , File Name /data/misc/media/mmosal_logmask.cfg , Mode 0
01-01 00:33:40.260 296-296/? D/NuPlayerDriver: start(0xab111200)
01-01 00:33:40.260 296-1854/? I/GenericSource: start
01-01 00:33:40.261 296-1855/? E/MMParserExtractor: FileSource::FILE_SOURCE_DATA_END
01-01 00:33:40.262 296-1854/? D/AudioPolicyManager: isOffloadSupported: stream_type != MUSIC, returning false
01-01 00:33:40.263 296-1854/? D/AudioPolicyManager: isOffloadSupported: stream_type != MUSIC, returning false
01-01 00:33:40.282 296-1863/? D/ExtendedUtils: Try creating ExtendedExtractor
01-01 00:33:40.282 296-1863/? D/ExtendedUtils: default extractor is NULL, return extended extractor
01-01 00:33:40.283 296-816/? D/NuPlayerDriver: start(0xab0c9510)
01-01 00:33:40.283 296-1862/? I/GenericSource: start
01-01 00:33:40.286 296-1863/? E/MMParserExtractor: FileSource::FILE_SOURCE_DATA_END
01-01 00:33:40.288 296-1862/? D/AudioPolicyManager: isOffloadSupported: stream_type != MUSIC, returning false
01-01 00:33:40.289 296-1862/? D/AudioPolicyManager: isOffloadSupported: stream_type != MUSIC, returning false
01-01 00:33:40.293 296-1855/? E/MMParserExtractor: FileSource::FILE_SOURCE_DATA_END
01-01 00:33:40.295 296-296/? D/NuPlayerDriver: reset(0xab111200)
01-01 00:33:40.302 296-1854/? D/NuPlayerDriver: notifyResetComplete(0xab111200)
01-01 00:33:40.317 296-1863/? E/MMParserExtractor: FileSource::FILE_SOURCE_DATA_END
01-01 00:33:40.323 296-816/? D/NuPlayerDriver: reset(0xab0c9510)
01-01 00:33:40.327 296-1862/? D/NuPlayerDriver: notifyResetComplete(0xab0c9510)
01-01 00:33:40.336 296-1879/? D/ExtendedUtils: Try creating ExtendedExtractor
01-01 00:33:40.336 296-1879/? D/ExtendedUtils: default extractor is NULL, return extended extractor
01-01 00:33:40.336 296-1879/? E/MM_OSAL: FileSource::FileSource
01-01 00:33:40.336 296-1879/? E/MM_OSAL: FileSource::FileSource m_bEveryThingOK 1
01-01 00:33:40.336 296-1879/? E/MM_OSAL: MM_File_Create failed .Efs Error No -1 , File Name /data/mmosal_logmask.cfg , Mode 0
01-01 00:33:40.336 296-1879/? E/MM_OSAL: Open or read fail on /data/mmosal_logmask.cfg. Possible permission denied issue. Looking for /data/misc/media/mmosal_logmask.cfg
01-01 00:33:40.336 296-1879/? E/MM_OSAL: MM_File_Create failed .Efs Error No -1 , File Name /data/misc/media/mmosal_logmask.cfg , Mode 0
01-01 00:33:40.337 296-815/? D/NuPlayerDriver: start(0xab0f4c80)
01-01 00:33:40.338 296-1875/? I/GenericSource: start
01-01 00:33:40.339 296-1879/? E/MMParserExtractor: FileSource::FILE_SOURCE_DATA_END
01-01 00:33:40.339 296-1875/? D/AudioPolicyManager: isOffloadSupported: stream_type != MUSIC, returning false
01-01 00:33:40.340 296-1875/? D/AudioPolicyManager: isOffloadSupported: stream_type != MUSIC, returning false
01-01 00:33:40.361 296-1879/? E/MMParserExtractor: FileSource::FILE_SOURCE_DATA_END
01-01 00:33:40.361 1477-1876/? D/BluetoothAdapter: 816253245: getState() : mService = null. Returning STATE_OFF
01-01 00:33:40.361 1477-1876/? D/BluetoothAdapter: 816253245: getState() : mService = null. Returning STATE_OFF
01-01 00:33:40.362 1477-1876/? D/BluetoothAdapter: 816253245: getState() : mService = null. Returning STATE_OFF
01-01 00:33:40.362 1477-1876/? D/BluetoothAdapter: 816253245: getState() : mService = null. Returning STATE_OFF
01-01 00:33:40.366 296-815/? D/NuPlayerDriver: reset(0xab0f4c80)
01-01 00:33:40.371 296-1875/? D/NuPlayerDriver: notifyResetComplete(0xab0f4c80)
01-01 00:33:40.392 296-1911/? D/ExtendedUtils: Try creating ExtendedExtractor
01-01 00:33:40.392 296-1911/? D/ExtendedUtils: default extractor is NULL, return extended extractor
01-01 00:33:40.392 296-1911/? E/MM_OSAL: FileSource::FileSource
01-01 00:33:40.392 296-1911/? E/MM_OSAL: FileSource::FileSource m_bEveryThingOK 1
01-01 00:33:40.392 296-1911/? E/MM_OSAL: MM_File_Create failed .Efs Error No -1 , File Name /data/mmosal_logmask.cfg , Mode 0
01-01 00:33:40.392 296-1911/? E/MM_OSAL: Open or read fail on /data/mmosal_logmask.cfg. Possible permission denied issue. Looking for /data/misc/media/mmosal_logmask.cfg
01-01 00:33:40.392 296-1911/? E/MM_OSAL: MM_File_Create failed .Efs Error No -1 , File Name /data/misc/media/mmosal_logmask.cfg , Mode 0
01-01 00:33:40.393 296-817/? D/NuPlayerDriver: start(0xab0cd030)
01-01 00:33:40.393 296-1909/? I/GenericSource: start
01-01 00:33:40.399 296-1911/? E/MMParserExtractor: FileSource::FILE_SOURCE_DATA_END
01-01 00:33:40.402 296-1909/? D/AudioPolicyManager: isOffloadSupported: stream_type != MUSIC, returning false
01-01 00:33:40.403 296-1909/? D/AudioPolicyManager: isOffloadSupported: stream_type != MUSIC, returning false
01-01 00:33:40.406 1477-1477/? I/ViewRootImpl: CPU Rendering VSync enable = true
01-01 00:33:40.412 1477-1917/? D/OpenGLRenderer: Use EGL_SWAP_BEHAVIOR_PRESERVED: true
01-01 00:33:40.414 1477-1477/? D/Atlas: Validating map…
01-01 00:33:40.430 868-1716/android.process.media W/MediaScanner: Error opening directory ‘/oem/media/’, skipping: No such file or directory.
01-01 00:33:40.436 1477-1477/? D/PhoneStatusBar: disable: < EXPAND* icons alerts system_info BACK* HOME* RECENT* clock SEARCH* >
01-01 00:33:40.439 296-1911/? E/MMParserExtractor: FileSource::FILE_SOURCE_DATA_END
01-01 00:33:40.441 296-817/? D/NuPlayerDriver: reset(0xab0cd030)
01-01 00:33:40.447 296-1909/? D/NuPlayerDriver: notifyResetComplete(0xab0cd030)
01-01 00:33:40.481 296-1920/? D/ExtendedUtils: Try creating ExtendedExtractor
01-01 00:33:40.481 296-1920/? D/ExtendedUtils: default extractor is NULL, return extended extractor
01-01 00:33:40.481 296-1920/? E/MM_OSAL: FileSource::FileSource
01-01 00:33:40.481 296-1920/? E/MM_OSAL: FileSource::FileSource m_bEveryThingOK 1
01-01 00:33:40.481 296-1920/? E/MM_OSAL: MM_File_Create failed .Efs Error No -1 , File Name /data/mmosal_logmask.cfg , Mode 0
01-01 00:33:40.481 296-1920/? E/MM_OSAL: Open or read fail on /data/mmosal_logmask.cfg. Possible permission denied issue. Looking for /data/misc/media/mmosal_logmask.cfg
01-01 00:33:40.481 296-1920/? E/MM_OSAL: MM_File_Create failed .Efs Error No -1 , File Name /data/misc/media/mmosal_logmask.cfg , Mode 0
01-01 00:33:40.482 296-1860/? D/NuPlayerDriver: start(0xab0cd030)
01-01 00:33:40.483 296-1919/? I/GenericSource: start
01-01 00:33:40.485 296-1920/? E/MMParserExtractor: FileSource::FILE_SOURCE_DATA_END
01-01 00:33:40.485 296-1919/? D/AudioPolicyManager: isOffloadSupported: stream_type != MUSIC, returning false
01-01 00:33:40.486 296-1919/? D/AudioPolicyManager: isOffloadSupported: stream_type != MUSIC, returning false
01-01 00:33:40.493 1477-1477/? I/ViewRootImpl: CPU Rendering VSync enable = true
01-01 00:33:40.497 1617-1617/com.android.providers.calendar I/CalendarProvider2: Sending notification intent: Intent { act=android.intent.action.PROVIDER_CHANGED dat=content://com.android.calendar }
01-01 00:33:40.497 1617-1617/com.android.providers.calendar W/ContentResolver: Failed to get type for: content://com.android.calendar (Unknown URL content://com.android.calendar)
01-01 00:33:40.501 1477-1477/? I/ViewRootImpl: CPU Rendering VSync enable = true
01-01 00:33:40.506 1047-1374/com.android.phone E/ImsSenderRxr: Exception in socket create’java.io.IOException: No such file or directory
01-01 00:33:40.506 1047-1374/com.android.phone I/ImsSenderRxr: Couldn’t find qmux_radio/rild_ims0socket; retrying after timeout
01-01 00:33:40.511 296-1920/? E/MMParserExtractor: FileSource::FILE_SOURCE_DATA_END
01-01 00:33:40.515 296-1860/? D/NuPlayerDriver: reset(0xab0cd030)
01-01 00:33:40.519 296-1919/? D/NuPlayerDriver: notifyResetComplete(0xab0cd030)
01-01 00:33:40.532 1477-1477/? D/BluetoothAdapter: 816253245: getState() : mService = null. Returning STATE_OFF
01-01 00:33:40.533 1477-1477/? D/BluetoothAdapter: 816253245: getState() : mService = null. Returning STATE_OFF
01-01 00:33:40.533 296-296/? E/AudioPolicyManager: unknown stream type 13
01-01 00:33:40.533 296-296/? E/AudioPolicyManager: unknown stream type 13
01-01 00:33:40.533 296-296/? E/AudioPolicyManager: unknown stream type 13
01-01 00:33:40.533 296-296/? E/AudioPolicyManager: unknown stream type 13
01-01 00:33:40.533 296-296/? E/AudioPolicyManager: unknown stream type 13
01-01 00:33:40.533 296-296/? E/AudioPolicyManager: unknown stream type 13
01-01 00:33:40.533 296-296/? E/AudioPolicyManager: unknown stream type 13
01-01 00:33:40.533 296-296/? E/AudioPolicyManager: unknown stream type 13
01-01 00:33:40.533 296-296/? E/AudioPolicyManager: unknown stream type 13
01-01 00:33:40.533 296-296/? E/AudioPolicyManager: unknown stream type 13
01-01 00:33:40.533 296-296/? E/AudioPolicyManager: unknown stream type 13
01-01 00:33:40.533 296-296/? E/AudioPolicyManager: unknown stream type 13
01-01 00:33:40.533 296-296/? E/AudioPolicyManager: unknown stream type 13
01-01 00:33:40.533 296-296/? E/AudioPolicyManager: unknown stream type 13
01-01 00:33:40.533 296-296/? E/AudioPolicyManager: unknown stream type 13
01-01 00:33:40.533 296-296/? E/AudioPolicyManager: unknown stream type 13
01-01 00:33:40.533 1047-1247/com.android.phone D/MmsSmsDatabaseHelper: [MmsSmsDb] tableName: threads hasAutoIncrement: CREATE TABLE threads (_id INTEGER PRIMARY KEY AUTOINCREMENT,date INTEGER DEFAULT 0,message_count INTEGER DEFAULT 0,recipient_ids TEXT,snippet TEXT,snippet_cs INTEGER DEFAULT 0,read INTEGER DEFAULT 1,archived INTEGER DEFAULT 0,type INTEGER DEFAULT 0,error INTEGER DEFAULT 0,has_attachment INTEGER DEFAULT 0,top INTEGER DEFAULT 0,top_time INTEGER DEFAULT 0,is_group_chat INTEGER DEFAULT 0) result: true
01-01 00:33:40.533 296-296/? E/AudioPolicyManager: unknown stream type 13
01-01 00:33:40.533 296-296/? E/AudioPolicyManager: unknown stream type 13
01-01 00:33:40.533 296-296/? E/AudioPolicyManager: unknown stream type 13
01-01 00:33:40.533 296-296/? E/AudioPolicyManager: unknown stream type 13
01-01 00:33:40.533 296-296/? E/AudioPolicyManager: unknown stream type 13
01-01 00:33:40.533 296-296/? E/AudioPolicyManager: unknown stream type 13
01-01 00:33:40.533 296-296/? E/AudioPolicyManager: unknown stream type 13
01-01 00:33:40.533 296-296/? E/AudioPolicyManager: unknown stream type 13
01-01 00:33:40.534 296-296/? E/AudioPolicyManager: unknown stream type 13
01-01 00:33:40.534 296-296/? E/AudioPolicyManager: unknown stream type 13
01-01 00:33:40.534 296-296/? E/AudioPolicyManager: unknown stream type 13
01-01 00:33:40.534 296-296/? E/AudioPolicyManager: unknown stream type 13
01-01 00:33:40.534 296-296/? E/AudioPolicyManager: unknown stream type 13
01-01 00:33:40.534 296-296/? E/AudioPolicyManager: unknown stream type 13
01-01 00:33:40.534 296-296/? E/AudioPolicyManager: unknown stream type 13
01-01 00:33:40.534 296-296/? E/AudioPolicyManager: unknown stream type 13
01-01 00:33:40.534 296-296/? E/AudioPolicyManager: unknown stream type 13
01-01 00:33:40.534 296-296/? E/AudioPolicyManager: unknown stream type 13
01-01 00:33:40.534 296-296/? E/AudioPolicyManager: unknown stream type 13
01-01 00:33:40.534 296-296/? E/AudioPolicyManager: unknown stream type 13
01-01 00:33:40.537 1047-1247/com.android.phone D/MmsSmsDatabaseHelper: [MmsSmsDb] tableName: canonical_addresses hasAutoIncrement: CREATE TABLE canonical_addresses (_id INTEGER PRIMARY KEY AUTOINCREMENT,address TEXT) result: true
01-01 00:33:40.538 1047-1247/com.android.phone D/MmsSmsDatabaseHelper: [MmsSmsDb] tableName: part hasAutoIncrement: CREATE TABLE part (_id INTEGER PRIMARY KEY AUTOINCREMENT,mid INTEGER,seq INTEGER DEFAULT 0,ct TEXT,name TEXT,chset INTEGER,cd TEXT,fn TEXT,cid TEXT,cl TEXT,ctt_s INTEGER,ctt_t TEXT,_data TEXT,text TEXT) result: true
01-01 00:33:40.540 1047-1247/com.android.phone D/MmsSmsDatabaseHelper: [MmsSmsDb] tableName: pdu hasAutoIncrement: CREATE TABLE pdu (_id INTEGER PRIMARY KEY AUTOINCREMENT,thread_id INTEGER,date INTEGER,date_sent INTEGER DEFAULT 0,msg_box INTEGER,read INTEGER DEFAULT 0,m_id TEXT,sub TEXT,sub_cs INTEGER,ct_t TEXT,ct_l TEXT,exp INTEGER,m_cls TEXT,m_type INTEGER,v INTEGER,m_size INTEGER,pri INTEGER,rr INTEGER,rpt_a INTEGER,resp_st INTEGER,st INTEGER,tr_id TEXT,retr_st INTEGER,retr_txt TEXT,retr_txt_cs INTEGER,read_status INTEGER,ct_cls INTEGER,resp_txt TEXT,d_tm INTEGER,d_rpt INTEGER,locked INTEGER DEFAULT 0,phone_id INTEGER DEFAULT -1, seen INTEGER DEFAULT 0,creator TEXT,favourite INTEGER DEFAULT 0,text_only INTEGER DEFAULT 0) result: true
01-01 00:33:40.541 1047-1247/com.android.phone D/MmsSmsDatabaseHelper: [getWritableDatabase] hasAutoIncrementThreads: true hasAutoIncrementAddresses: true hasAutoIncrementPart: true hasAutoIncrementPdu: true
01-01 00:33:40.553 296-815/? D/AudioPolicyManager: setDeviceConnectionState() could not find HW module for device 00020000
01-01 00:33:40.555 1477-1477/? D/PhoneStatusBar: heads up is enabled
01-01 00:33:40.556 1477-1477/? I/ViewRootImpl: CPU Rendering VSync enable = true
01-01 00:33:40.557 296-817/? E/AudioPolicyManager: unknown stream type 13
01-01 00:33:40.557 296-817/? E/AudioPolicyManager: unknown stream type 13
01-01 00:33:40.557 296-817/? E/AudioPolicyManager: unknown stream type 13
01-01 00:33:40.557 296-817/? E/AudioPolicyManager: unknown stream type 13
01-01 00:33:40.557 296-817/? E/AudioPolicyManager: unknown stream type 13
01-01 00:33:40.557 296-817/? E/AudioPolicyManager: unknown stream type 13
01-01 00:33:40.557 296-817/? E/AudioPolicyManager: unknown stream type 13
01-01 00:33:40.557 296-817/? E/AudioPolicyManager: unknown stream type 13
01-01 00:33:40.557 296-817/? E/AudioPolicyManager: unknown stream type 13
01-01 00:33:40.557 296-817/? E/AudioPolicyManager: unknown stream type 13
01-01 00:33:40.557 296-817/? E/AudioPolicyManager: unknown stream type 13
01-01 00:33:40.557 296-817/? E/AudioPolicyManager: unknown stream type 13
01-01 00:33:40.557 296-817/? E/AudioPolicyManager: unknown stream type 13
01-01 00:33:40.557 296-817/? E/AudioPolicyManager: unknown stream type 13
01-01 00:33:40.557 296-817/? E/AudioPolicyManager: unknown stream type 13
01-01 00:33:40.557 296-817/? E/AudioPolicyManager: unknown stream type 13
01-01 00:33:40.557 296-817/? E/AudioPolicyManager: unknown stream type 13
01-01 00:33:40.557 296-817/? E/AudioPolicyManager: unknown stream type 13
01-01 00:33:40.557 296-817/? E/AudioPolicyManager: unknown stream type 13
01-01 00:33:40.557 296-817/? E/AudioPolicyManager: unknown stream type 13
01-01 00:33:40.557 296-817/? E/AudioPolicyManager: unknown stream type 13
01-01 00:33:40.557 296-817/? E/AudioPolicyManager: unknown stream type 13
01-01 00:33:40.557 296-817/? E/AudioPolicyManager: unknown stream type 13
01-01 00:33:40.557 296-817/? E/AudioPolicyManager: unknown stream type 13
01-01 00:33:40.557 296-817/? E/AudioPolicyManager: unknown stream type 13
01-01 00:33:40.557 296-817/? E/AudioPolicyManager: unknown stream type 13
01-01 00:33:40.557 296-817/? E/AudioPolicyManager: unknown stream type 13
01-01 00:33:40.557 296-817/? E/AudioPolicyManager: unknown stream type 13
01-01 00:33:40.557 296-817/? E/AudioPolicyManager: unknown stream type 13
01-01 00:33:40.557 296-817/? E/AudioPolicyManager: unknown stream type 13
01-01 00:33:40.557 296-817/? E/AudioPolicyManager: unknown stream type 13
01-01 00:33:40.557 296-817/? E/AudioPolicyManager: unknown stream type 13
01-01 00:33:40.557 296-817/? E/AudioPolicyManager: unknown stream type 13
01-01 00:33:40.557 296-817/? E/AudioPolicyManager: unknown stream type 13
01-01 00:33:40.557 296-817/? E/AudioPolicyManager: unknown stream type 13
01-01 00:33:40.557 296-817/? E/AudioPolicyManager: unknown stream type 13
01-01 00:33:40.566 733-754/system_process I/ActivityManager: Start proc 1929:com.caf.fmradio/1000 for broadcast com.caf.fmradio/.FMMediaButtonIntentReceiver
01-01 00:33:40.571 296-1860/? D/audio_hw_primary: adev_open_output_stream: enter: sample_rate(8000) channel_mask(0x1) devices(0x400) flags(0x31) stream_handle(0xab0af368)
01-01 00:33:40.571 296-1860/? W/audio_hw_utils: audio_extn_utils_update_stream_app_type_cfg: App type could not be selected. Falling back to default
01-01 00:33:40.571 296-1860/? D/audio_hw_primary: adev_open_output_stream: Stream (0xab0af368) picks up usecase (compress-offload-playback)
01-01 00:33:40.571 296-1860/? I/AudioFlinger: HAL output buffer size 65536 frames, normal sink buffer size 65536 frames
01-01 00:33:40.572 296-806/? V/SRS_Proc: ParamSet string: connect=1024
01-01 00:33:40.572 296-806/? D/audio_hw_primary: adev_set_parameters: enter: connect=1024
01-01 00:33:40.572 296-806/? D/audio_hw_extn: audio_extn_set_anc_parameters: anc_enabled:0
01-01 00:33:40.572 296-806/? E/audio_a2dp_hw: adev_set_parameters: ERROR: set param called even when stream out is null
01-01 00:33:40.572 296-1860/? E/AudioPolicyManager: unknown stream type 13
01-01 00:33:40.572 296-1860/? E/AudioPolicyManager: unknown stream type 13
01-01 00:33:40.572 296-1860/? E/AudioPolicyManager: unknown stream type 13
01-01 00:33:40.574 296-1938/? I/AudioFlinger: AudioFlinger’s thread 0xab0ef9d0 ready to run
01-01 00:33:40.576 296-1938/? V/SRS_Proc: ParamSet string: bluetooth_enabled=0
01-01 00:33:40.577 296-1938/? V/SRS_ProcWS: SRS_Processing - SourceOutAdd - No Available Slot for 0xab0ef9d0
01-01 00:33:40.577 296-1938/? D/audio_hw_primary: out_set_parameters: enter: usecase(3: compress-offload-playback) kvpairs: closing=true
01-01 00:33:40.580 296-1860/? D/audio_hw_primary: out_set_parameters: enter: usecase(3: compress-offload-playback) kvpairs: exiting=1
01-01 00:33:40.581 296-1938/? V/SRS_ProcWS: SRS_Processing - SourceOutDel - Source Not Located 0xab0ef9d0
01-01 00:33:40.581 296-1938/? V/SRS_ProcWS: SRS_Processing - SourceOutDel - Source Not Deleted 0xab0ef9d0
01-01 00:33:40.582 296-1936/? E/audio_hw_primary: offload_thread_loop: Compress handle is NULL
01-01 00:33:40.584 296-1860/? D/audio_hw_primary: adev_close_output_stream: enter:stream_handle(0xab0af368)
01-01 00:33:40.584 296-1860/? D/audio_hw_primary: out_standby: enter: stream (0xab0af368) usecase(3: compress-offload-playback)
01-01 00:33:40.584 296-1860/? E/AudioPolicyManager: unknown stream type 13
01-01 00:33:40.584 296-1860/? E/AudioPolicyManager: unknown stream type 13
01-01 00:33:40.584 296-1860/? E/AudioPolicyManager: unknown stream type 13
01-01 00:33:40.584 296-1860/? E/AudioPolicyManager: unknown stream type 13
01-01 00:33:40.584 296-1860/? E/AudioPolicyManager: unknown stream type 13
01-01 00:33:40.584 296-1860/? E/AudioPolicyManager: unknown stream type 13
01-01 00:33:40.584 296-1860/? E/AudioPolicyManager: unknown stream type 13
01-01 00:33:40.584 296-1860/? E/AudioPolicyManager: unknown stream type 13
01-01 00:33:40.584 296-1860/? E/AudioPolicyManager: unknown stream type 13
01-01 00:33:40.584 296-1860/? E/AudioPolicyManager: unknown stream type 13
01-01 00:33:40.585 296-1860/? E/AudioPolicyManager: unknown stream type 13
01-01 00:33:40.585 296-1860/? E/AudioPolicyManager: unknown stream type 13
01-01 00:33:40.585 296-1860/? E/AudioPolicyManager: unknown stream type 13
01-01 00:33:40.585 296-1860/? E/AudioPolicyManager: unknown stream type 13
01-01 00:33:40.585 296-1860/? E/AudioPolicyManager: unknown stream type 13
01-01 00:33:40.585 296-1860/? E/AudioPolicyManager: unknown stream type 13
01-01 00:33:40.585 296-1860/? E/AudioPolicyManager: unknown stream type 13
01-01 00:33:40.585 296-1860/? E/AudioPolicyManager: unknown stream type 13
01-01 00:33:40.585 296-1860/? E/AudioPolicyManager: unknown stream type 13
01-01 00:33:40.585 296-1860/? E/AudioPolicyManager: unknown stream type 13
01-01 00:33:40.585 296-1860/? E/AudioPolicyManager: unknown stream type 13
01-01 00:33:40.585 296-1860/? E/AudioPolicyManager: unknown stream type 13
01-01 00:33:40.585 296-1860/? E/AudioPolicyManager: unknown stream type 13
01-01 00:33:40.585 296-1860/? E/AudioPolicyManager: unknown stream type 13
01-01 00:33:40.585 296-1860/? E/AudioPolicyManager: unknown stream type 13
01-01 00:33:40.585 296-1860/? E/AudioPolicyManager: unknown stream type 13
01-01 00:33:40.585 296-1860/? E/AudioPolicyManager: unknown stream type 13
01-01 00:33:40.585 296-1860/? E/AudioPolicyManager: unknown stream type 13
01-01 00:33:40.585 296-1860/? E/AudioPolicyManager: unknown stream type 13
01-01 00:33:40.585 296-1860/? E/AudioPolicyManager: unknown stream type 13
01-01 00:33:40.586 296-809/? D/audio_hw_primary: out_set_parameters: enter: usecase(0: deep-buffer-playback) kvpairs: routing=0
01-01 00:33:40.587 296-809/? D/audio_hw_extn: audio_extn_set_anc_parameters: anc_enabled:0
01-01 00:33:40.588 296-1860/? E/AudioPolicyManager: unknown stream type 13
01-01 00:33:40.588 296-1860/? E/AudioPolicyManager: unknown stream type 13
01-01 00:33:40.588 296-1860/? E/AudioPolicyManager: unknown stream type 13
01-01 00:33:40.588 296-1860/? E/AudioPolicyManager: unknown stream type 13
01-01 00:33:40.588 296-1860/? E/AudioPolicyManager: unknown stream type 13
01-01 00:33:40.588 296-1860/? E/AudioPolicyManager: unknown stream type 13
01-01 00:33:40.588 296-1860/? E/AudioPolicyManager: unknown stream type 13
01-01 00:33:40.588 296-1860/? E/AudioPolicyManager: unknown stream type 13
01-01 00:33:40.588 296-1860/? E/AudioPolicyManager: unknown stream type 13
01-01 00:33:40.588 296-1860/? E/AudioPolicyManager: unknown stream type 13
01-01 00:33:40.588 296-1860/? E/AudioPolicyManager: unknown stream type 13
01-01 00:33:40.588 296-1860/? E/AudioPolicyManager: unknown stream type 13
01-01 00:33:40.588 296-1860/? E/AudioPolicyManager: unknown stream type 13
01-01 00:33:40.588 296-1860/? E/AudioPolicyManager: unknown stream type 13
01-01 00:33:40.588 296-1860/? E/AudioPolicyManager: unknown stream type 13
01-01 00:33:40.588 296-1860/? E/AudioPolicyManager: unknown stream type 13
01-01 00:33:40.588 296-1860/? E/AudioPolicyManager: unknown stream type 13
01-01 00:33:40.594 296-811/? D/audio_hw_primary: out_set_parameters: enter: usecase(1: low-latency-playback) kvpairs: routing=0
01-01 00:33:40.594 296-1860/? E/AudioPolicyManager: unknown stream type 13
01-01 00:33:40.619 733-1109/system_process I/ActivityManager: Start proc 1952:com.android.onetimeinitializer/u0a12 for broadcast com.android.onetimeinitializer/.OneTimeInitializerReceiver
01-01 00:33:40.631 1477-1477/? D/PhoneStatusBar: disable: < EXPAND ICONS* alerts SYSTEM_INFO* BACK HOME RECENT clock SEARCH >
01-01 00:33:40.632 1745-1745/com.android.mms W/RCS_UI: onStartCommand: taskCount=1
01-01 00:33:40.638 1477-1876/? D/BluetoothAdapter: 816253245: getState() : mService = null. Returning STATE_OFF
01-01 00:33:40.639 1477-1876/? D/BluetoothAdapter: 816253245: getState() : mService = null. Returning STATE_OFF
01-01 00:33:40.648 1745-1918/com.android.mms D/Mms: cancelNotification
01-01 00:33:40.649 1745-1964/com.android.mms W/RCS_UI: runningId=1, countOfRunning=1, taskCount=1, Begin
01-01 00:33:40.664 1745-1921/com.android.mms D/Mms: Cursor= >>>>> Dumping cursor android.content.ContentResolver$CursorWrapperInner@2a4ad013
<<<<<
01-01 00:33:40.680 1477-1477/? W/Settings: Setting airplane_mode_on has moved from android.provider.Settings.System to android.provider.Settings.Global, returning read-only value.
01-01 00:33:40.680 1929-1929/com.caf.fmradio D/FMAdapterApp: Loading FM-JNI Library
01-01 00:33:40.687 1477-1876/? D/BluetoothAdapter: 816253245: getState() : mService = null. Returning STATE_OFF
01-01 00:33:40.688 1477-1876/? D/BluetoothAdapter: 816253245: getState() : mService = null. Returning STATE_OFF
01-01 00:33:40.689 1929-1929/com.caf.fmradio E/android_hardware_fm: FM : loading QCOMM FM-JNI
01-01 00:33:40.689 1929-1929/com.caf.fmradio D/FMAdapterApp: REFCOUNT: Constructed com.caf.fmradio.FMAdapterApp@1b5dda87 Instance Count = 1
01-01 00:33:40.690 1929-1929/com.caf.fmradio D/FMMediaButtonIntentReceiver: ACTION_AUDIO_BECOMING_NOISY intent received for ACTION_HEADSET_PLUG
01-01 00:33:40.691 1929-1929/com.caf.fmradio W/ContextImpl: Calling a method in the system process without a qualified user: android.app.ContextImpl.sendBroadcast:1334 android.content.ContextWrapper.sendBroadcast:377 android.content.ContextWrapper.sendBroadcast:377 com.caf.fmradio.FMMediaButtonIntentReceiver.onReceive:55 android.app.ActivityThread.handleReceiver:2609
01-01 00:33:40.696 1745-1964/com.android.mms D/RCS_UI: ============ onReceive ============
01-01 00:33:40.696 1745-1964/com.android.mms D/RCS_UI: action=android.intent.action.BOOT_COMPLETED
01-01 00:33:40.696 1745-1964/com.android.mms D/RCS_UI: android.intent.extra.user_handle=0
01-01 00:33:40.696 1477-1477/? D/AndroidRuntime: Shutting down VM
01-01 00:33:40.696 1745-1964/com.android.mms W/RCS_UI: runningId=1, countOfRunning=1, taskCount=1, End
01-01 00:33:40.697 1477-1477/? E/AndroidRuntime: FATAL EXCEPTION: main
Process: com.android.systemui, PID: 1477
java.lang.NullPointerException: Attempt to invoke interface method ‘int android.security.IKeystoreService.zero()’ on a null object reference
at android.os.Parcel.readException(Parcel.java:1552)
at android.os.Parcel.readException(Parcel.java:1499)
at android.app.admin.IDevicePolicyManager$Stub$Proxy.requireSecureKeyguard(IDevicePolicyManager.java:4683)
at android.app.admin.DevicePolicyManager.requireSecureKeyguard(DevicePolicyManager.java:3591)
at com.android.internal.widget.LockPatternUtils.getActiveProfileLockMode(LockPatternUtils.java:1561)
at com.android.keyguard.KeyguardSecurityModel.getSecurityMode(KeyguardSecurityModel.java:96)
at com.android.keyguard.KeyguardSecurityContainer.showPrimarySecurityScreen(KeyguardSecurityContainer.java:414)
at com.android.keyguard.KeyguardViewBase.onFinishInflate(KeyguardViewBase.java:109)
at android.view.LayoutInflater.rInflate(LayoutInflater.java:814)
at android.view.LayoutInflater.parseInclude(LayoutInflater.java:916)
at android.view.LayoutInflater.rInflate(LayoutInflater.java:802)
at android.view.LayoutInflater.inflate(LayoutInflater.java:504)
at android.view.LayoutInflater.inflate(LayoutInflater.java:414)
at android.view.LayoutInflater.inflate(LayoutInflater.java:365)
at com.android.systemui.statusbar.phone.KeyguardBouncer.inflateView(KeyguardBouncer.java:173)
at com.android.systemui.statusbar.phone.KeyguardBouncer.ensureView(KeyguardBouncer.java:167)
at com.android.systemui.statusbar.phone.KeyguardBouncer.prepare(KeyguardBouncer.java:159)
at com.android.systemui.statusbar.phone.StatusBarKeyguardViewManager.showBouncerOrKeyguard(StatusBarKeyguardViewManager.java:117)
at com.android.systemui.statusbar.phone.StatusBarKeyguardViewManager.reset(StatusBarKeyguardViewManager.java:149)
at com.android.systemui.statusbar.phone.StatusBarKeyguardViewManager.show(StatusBarKeyguardViewManager.java:101)
at com.android.systemui.keyguard.KeyguardViewMediator.handleShow(KeyguardViewMediator.java:1331)
at com.android.systemui.keyguard.KeyguardViewMediator.access$2100(KeyguardViewMediator.java:122)
at com.android.systemui.keyguard.KeyguardViewMediator$4.handleMessage(KeyguardViewMediator.java:1149)
at android.os.Handler.dispatchMessage(Handler.java:102)
at android.os.Looper.loop(Looper.java:135)
at android.app.ActivityThread.main(ActivityThread.java:5254)
at java.lang.reflect.Method.invoke(Native Method)
at java.lang.reflect.Method.invoke(Method.java:372)
at com.android.internal.os.ZygoteInit$MethodAndArgsCaller.run(ZygoteInit.java:902)
at com.android.internal.os.ZygoteInit.main(ZygoteInit.java:697)
01-01 00:33:40.717 1952-1952/com.android.onetimeinitializer V/OneTimeInitializerRece: OneTimeInitializerReceiver.onReceive
01-01 00:33:40.722 868-1716/android.process.media W/MediaScanner: Error opening directory ‘/storage/sdcard1/’, skipping: Permission denied.
01-01 00:33:40.724 868-1716/android.process.media W/MediaScanner: Error opening directory ‘/storage/uicc1/’, skipping: Permission denied.
01-01 00:33:40.724 868-1716/android.process.media W/MediaScanner: Error opening directory ‘/storage/usbotg/’, skipping: Permission denied.
01-01 00:33:40.729 868-1716/android.process.media V/MediaScanner: pruneDeadThumbnailFiles… android.database.sqlite.SQLiteCursor@2a4ad013
01-01 00:33:40.733 868-1716/android.process.media V/MediaScanner: /pruneDeadThumbnailFiles… android.database.sqlite.SQLiteCursor@2a4ad013
01-01 00:33:40.747 733-1043/system_process I/ActivityManager: Start proc 1972:com.android.music/u0a49 for broadcast com.android.music/.MediaButtonIntentReceiver
01-01 00:33:40.754 733-1111/system_process W/ActivityManager: Process com.android.systemui has crashed too many times: killing!
01-01 00:33:40.755 1477-1477/? I/Process: Sending signal. PID: 1477 SIG: 9
01-01 00:33:40.798 733-1111/system_process I/ActivityManager: Start proc 1993:com.android.voicedialer/u0a18 for broadcast com.android.voicedialer/.VoiceDialerReceiver
01-01 00:33:40.822 1386-1410/com.qualcomm.qcrilmsgtunnel E/QcrilMsgTunnelSocket: IOException - java.io.IOException: No such file or directory Reason: No such file or directory
01-01 00:33:40.822 1386-1410/com.qualcomm.qcrilmsgtunnel I/QcrilMsgTunnelSocket: Couldn’t find ‘qmux_radio/rild_oem0’ socket; retrying after timeout
01-01 00:33:40.830 733-781/system_process W/InputDispatcher: channel ‘2ecd20b2 com.android.systemui.ImageWallpaper (server)’ ~ Consumer closed input channel or an error occurred. events=0x9
01-01 00:33:40.830 733-781/system_process E/InputDispatcher: channel ‘2ecd20b2 com.android.systemui.ImageWallpaper (server)’ ~ Channel is unrecoverably broken and will be disposed!
01-01 00:33:40.832 733-733/system_process W/WallpaperManagerService: Wallpaper service gone: ComponentInfo{com.android.systemui/com.android.systemui.ImageWallpaper}
01-01 00:33:40.832 733-733/system_process W/WallpaperManagerService: Reverting to built-in wallpaper!
01-01 00:33:40.832 733-781/system_process W/InputDispatcher: channel ‘2e5fc4cc StatusBar (server)’ ~ Consumer closed input channel or an error occurred. events=0x9
01-01 00:33:40.832 733-921/system_process W/AudioService: Current remote volume controller died, unregistering
01-01 00:33:40.833 733-781/system_process E/InputDispatcher: channel ‘2e5fc4cc StatusBar (server)’ ~ Channel is unrecoverably broken and will be disposed!
01-01 00:33:40.833 733-1465/system_process I/StatusBarManagerService: binder died for pkg=com.android.systemui
01-01 00:33:40.833 733-921/system_process W/VolumeController: Error calling dismiss
android.os.DeadObjectException
at android.os.BinderProxy.transactNative(Native Method)
at android.os.BinderProxy.transact(Binder.java:496)
at android.media.IVolumeController$Stub$Proxy.dismiss(IVolumeController.java:182)
at android.media.AudioService$VolumeController.postDismiss(AudioService.java:5941)
at android.media.AudioService.setVolumeController(AudioService.java:5791)
at android.media.AudioService$3.binderDied(AudioService.java:5800)
at android.os.BinderProxy.sendDeathNotice(Binder.java:551)
01-01 00:33:40.834 733-781/system_process W/InputDispatcher: channel ‘1221db91 SearchPanel (server)’ ~ Consumer closed input channel or an error occurred. events=0x9
01-01 00:33:40.834 733-781/system_process E/InputDispatcher: channel ‘1221db91 SearchPanel (server)’ ~ Channel is unrecoverably broken and will be disposed!
01-01 00:33:40.834 733-781/system_process W/InputDispatcher: channel ‘35965ef7 NavigationBar (server)’ ~ Consumer closed input channel or an error occurred. events=0x9
01-01 00:33:40.835 733-781/system_process E/InputDispatcher: channel ‘35965ef7 NavigationBar (server)’ ~ Channel is unrecoverably broken and will be disposed!
01-01 00:33:40.835 733-781/system_process W/InputDispatcher: channel ‘2ceb6bc9 Heads Up (server)’ ~ Consumer closed input channel or an error occurred. events=0x9
01-01 00:33:40.835 733-781/system_process E/InputDispatcher: channel ‘2ceb6bc9 Heads Up (server)’ ~ Channel is unrecoverably broken and will be disposed!
01-01 00:33:40.835 733-1043/system_process I/ActivityManager: Process com.android.systemui (pid 1477) has died
01-01 00:33:40.836 733-1107/system_process I/WindowState: WIN DEATH: Window{2ecd20b2 u0 com.android.systemui.ImageWallpaper}
01-01 00:33:40.836 733-1043/system_process W/ActivityManager: Scheduling restart of crashed service com.android.systemui/.ImageWallpaper in 0ms
01-01 00:33:40.836 733-1107/system_process W/InputDispatcher: Attempted to unregister already unregistered input channel ‘2ecd20b2 com.android.systemui.ImageWallpaper (server)’
01-01 00:33:40.836 733-1043/system_process W/ActivityManager: Scheduling restart of crashed service com.android.systemui/.SystemUIService in 0ms
01-01 00:33:40.836 733-1043/system_process W/ActivityManager: Scheduling restart of crashed service com.android.systemui/.keyguard.KeyguardService in 0ms
01-01 00:33:40.836 733-749/system_process D/ConnectivityService: ConnectivityService NetworkRequestInfo binderDied(NetworkRequest [ id=3, legacyType=-1, [] ], android.os.BinderProxy@30c5cff5)
01-01 00:33:40.836 250-250/? I/SurfaceFlinger: FPS: 33
01-01 00:33:40.837 733-792/system_process D/ConnectivityService: releasing NetworkRequest NetworkRequest [ id=3, legacyType=-1, [] ]
01-01 00:33:40.838 733-792/system_process E/ConnectivityService: RemoteException caught trying to send a callback msg for NetworkRequest [ id=3, legacyType=-1, [] ]
01-01 00:33:40.840 733-791/system_process D/WifiService: Client connection lost with reason: 4
01-01 00:33:40.873 733-1111/system_process I/WindowState: WIN DEATH: Window{2e5fc4cc u0 StatusBar}
01-01 00:33:40.874 733-1111/system_process W/InputDispatcher: Attempted to unregister already unregistered input channel ‘2e5fc4cc StatusBar (server)’
01-01 00:33:40.876 733-899/system_process I/WindowState: WIN DEATH: Window{1221db91 u0 SearchPanel}
01-01 00:33:40.876 733-899/system_process W/InputDispatcher: Attempted to unregister already unregistered input channel ‘1221db91 SearchPanel (server)’
01-01 00:33:40.879 733-1044/system_process I/WindowState: WIN DEATH: Window{35965ef7 u0 NavigationBar}
01-01 00:33:40.879 733-1044/system_process W/InputDispatcher: Attempted to unregister already unregistered input channel ‘35965ef7 NavigationBar (server)’
01-01 00:33:40.885 733-749/system_process I/WindowState: WIN DEATH: Window{2ceb6bc9 u0 Heads Up}
01-01 00:33:40.885 733-749/system_process W/InputDispatcher: Attempted to unregister already unregistered input channel ‘2ceb6bc9 Heads Up (server)’
01-01 00:33:40.893 733-1043/system_process I/ActivityManager: Start proc 2012:com.android.systemui/u0a16 for restart com.android.systemui
01-01 00:33:40.909 733-733/system_process V/KeyguardServiceDelegate: *** Keyguard disconnected (boo!)
01-01 00:33:40.912 1745-1921/com.android.mms D/Mms: Cursor= >>>>> Dumping cursor android.content.ContentResolver$CursorWrapperInner@3fbcdc49
<<<<<
01-01 00:33:40.919 1745-1928/com.android.mms D/Mms: cancelNotification
01-01 00:33:40.942 733-2004/system_process V/AudioService: addMediaPlayerAndUpdateRemoteController: size of existing list: 0
01-01 00:33:40.942 733-2004/system_process E/AudioService: Adding Player: com.android.music to available player list
01-01 00:33:40.943 733-2004/system_process V/AudioService: updating focussed RCC change to RCD: CallingPackageName:com.android.music
01-01 00:33:40.953 733-733/system_process A/MediaSessionService: Error sending default remote volume to sys ui.
android.os.DeadObjectException
at android.os.BinderProxy.transactNative(Native Method)
at android.os.BinderProxy.transact(Binder.java:496)
at android.media.IRemoteVolumeController$Stub$Proxy.updateRemoteController(IRemoteVolumeController.java:109)
at com.android.server.media.MediaSessionService.pushRemoteVolumeUpdateLocked(MediaSessionService.java:493)
at com.android.server.media.MediaSessionService.pushSessionsChanged(MediaSessionService.java:473)
at com.android.server.media.MediaSessionService.access$3200(MediaSessionService.java:75)
at com.android.server.media.MediaSessionService$MessageHandler.handleMessage(MediaSessionService.java:1132)
at android.os.Handler.dispatchMessage(Handler.java:102)
at android.os.Looper.loop(Looper.java:135)
at com.android.server.SystemServer.run(SystemServer.java:277)
at com.android.server.SystemServer.main(SystemServer.java:178)
at java.lang.reflect.Method.invoke(Native Method)
at java.lang.reflect.Method.invoke(Method.java:372)
at com.android.internal.os.ZygoteInit$MethodAndArgsCaller.run(ZygoteInit.java:902)
at com.android.internal.os.ZygoteInit.main(ZygoteInit.java:697)
01-01 00:33:40.987 2012-2012/com.android.systemui V/SystemUIService: Starting SystemUI services.
01-01 00:33:41.001 733-733/system_process A/MediaSessionService: Error sending default remote volume to sys ui.
android.os.DeadObjectException
at android.os.BinderProxy.transactNative(Native Method)
at android.os.BinderProxy.transact(Binder.java:496)
at android.media.IRemoteVolumeController$Stub$Proxy.updateRemoteController(IRemoteVolumeController.java:109)
at com.android.server.media.MediaSessionService.pushRemoteVolumeUpdateLocked(MediaSessionService.java:493)
at com.android.server.media.MediaSessionService.pushSessionsChanged(MediaSessionService.java:473)
at com.android.server.media.MediaSessionService.access$3200(MediaSessionService.java:75)
at com.android.server.media.MediaSessionService$MessageHandler.handleMessage(MediaSessionService.java:1132)
at android.os.Handler.dispatchMessage(Handler.java:102)
at android.os.Looper.loop(Looper.java:135)
at com.android.server.SystemServer.run(SystemServer.java:277)
at com.android.server.SystemServer.main(SystemServer.java:178)
at java.lang.reflect.Method.invoke(Native Method)
at java.lang.reflect.Method.invoke(Method.java:372)
at com.android.internal.os.ZygoteInit$MethodAndArgsCaller.run(ZygoteInit.java:902)
at com.android.internal.os.ZygoteInit.main(ZygoteInit.java:697)
01-01 00:33:41.025 407-407/? E/QC-QMI: qmi_client [407]: unable to connect to server, errno=[2:No such file or directory], attempt=25
01-01 00:33:41.027 1972-1972/com.android.music E/MediaPlayer-JNI: QCMediaPlayer mediaplayer NOT present
01-01 00:33:41.029 1972-1972/com.android.music D/RemoteControlClient: setBrowsedPlayerUpdateListener
01-01 00:33:41.030 1972-1972/com.android.music D/RemoteControlClient: setPlayItemListener
01-01 00:33:41.030 1972-1972/com.android.music D/RemoteControlClient: setNowPlayingEntriesUpdateListener
01-01 00:33:41.035 1972-1972/com.android.music E/RemoteControlClient: updateNowPlayingContentChange
01-01 00:33:41.035 1972-1972/com.android.music D/RemoteControlClient: updateNowPlayingContentChangeInt
01-01 00:33:41.035 1972-1972/com.android.music D/MediaSession: MediaSession: updateNowPlayingContentChange
01-01 00:33:41.035 733-1111/system_process D/MediaSessionRecord: SessionStub: updateNowPlayingContentChange
01-01 00:33:41.041 733-750/system_process V/FingerprintService: startListening(android.service.fingerprint.IFingerprintServiceReceiver$Stub$Proxy@24660151)
01-01 00:33:41.060 306-306/? E/USB_UICC: Timeout! No signal received. Retry num = 24
01-01 00:33:41.066 296-2046/? D/ExtendedUtils: Try creating ExtendedExtractor
01-01 00:33:41.067 296-2046/? D/ExtendedUtils: default extractor is NULL, return extended extractor
01-01 00:33:41.067 296-2046/? E/MM_OSAL: FileSource::FileSource
01-01 00:33:41.067 296-2046/? E/MM_OSAL: FileSource::FileSource m_bEveryThingOK 1
01-01 00:33:41.067 296-2046/? E/MM_OSAL: MM_File_Create failed .Efs Error No -1 , File Name /data/mmosal_logmask.cfg , Mode 0
01-01 00:33:41.067 296-2046/? E/MM_OSAL: Open or read fail on /data/mmosal_logmask.cfg. Possible permission denied issue. Looking for /data/misc/media/mmosal_logmask.cfg
01-01 00:33:41.067 296-2046/? E/MM_OSAL: MM_File_Create failed .Efs Error No -1 , File Name /data/misc/media/mmosal_logmask.cfg , Mode 0
01-01 00:33:41.069 296-296/? D/NuPlayerDriver: start(0xab111200)
01-01 00:33:41.069 296-2045/? I/GenericSource: start
01-01 00:33:41.070 296-2046/? E/MMParserExtractor: FileSource::FILE_SOURCE_DATA_END
01-01 00:33:41.071 296-2045/? D/AudioPolicyManager: isOffloadSupported: stream_type != MUSIC, returning false
01-01 00:33:41.071 296-2045/? D/AudioPolicyManager: isOffloadSupported: stream_type != MUSIC, returning false
01-01 00:33:41.079 733-733/system_process D/TrustManagerService: Removing dead TrustListener.
01-01 00:33:41.096 296-2046/? E/MMParserExtractor: FileSource::FILE_SOURCE_DATA_END
01-01 00:33:41.105 296-296/? D/NuPlayerDriver: reset(0xab111200)
