01-01 00:33:36.022 407-407/? E/QC-QMI: qmi_client [407]: unable to connect to server, errno=[2:No such file or directory], attempt=20
01-01 00:33:36.033 887-887/? D/BluetoothAdapter: 604435622: getState() : mService = null. Returning STATE_OFF
01-01 00:33:36.033 887-887/? D/BluetoothAdapter: 604435622: getState() : mService = null. Returning STATE_OFF
01-01 00:33:36.040 924-924/? D/BluetoothAdapter: 810511518: getState() : mService = null. Returning STATE_OFF
01-01 00:33:36.045 1065-1311/com.cyanogenmod.trebuchet D/OpenGLRenderer: Enabling debug mode 0
01-01 00:33:36.058 306-306/? E/USB_UICC: Timeout! No signal received. Retry num = 19
01-01 00:33:36.062 887-887/? D/PhoneStatusBar: heads up is enabled
01-01 00:33:36.063 887-887/? I/ViewRootImpl: CPU Rendering VSync enable = true
01-01 00:33:36.114 733-749/system_process I/ActivityManager: Start proc 1314:com.qualcomm.telephony/1000 for broadcast com.qualcomm.simcontacts/.SimStateReceiver
01-01 00:33:36.128 887-887/? I/Choreographer: Skipped 102 frames! The application may be doing too much work on its main thread.
01-01 00:33:36.135 887-887/? D/ViewRootImpl: changeCanvasOpacity: opaque=true
01-01 00:33:36.172 887-887/? W/Settings: Setting airplane_mode_on has moved from android.provider.Settings.System to android.provider.Settings.Global, returning read-only value.
01-01 00:33:36.179 733-759/system_process I/ActivityManager: Displayed com.cyanogenmod.trebuchet/com.android.launcher3.Launcher: +1s554ms
01-01 00:33:36.180 733-759/system_process I/Timeline: Timeline: Activity_windows_visible id: ActivityRecord{1d68a51c u0 com.cyanogenmod.trebuchet/com.android.launcher3.Launcher t5} time:40025
01-01 00:33:36.186 887-887/? W/Settings: Setting airplane_mode_on has moved from android.provider.Settings.System to android.provider.Settings.Global, returning read-only value.
01-01 00:33:36.198 1065-1065/com.cyanogenmod.trebuchet D/Launcher: 11683562 - bindAddScreens()
01-01 00:33:36.198 1065-1065/com.cyanogenmod.trebuchet D/Launcher: 11683562 - orderedScreenIds: 1, 2, 3
01-01 00:33:36.198 1065-1065/com.cyanogenmod.trebuchet D/Launcher.Workspace: 11683562 - insertNewWorkspaceScreen(): 1 at index: 0
01-01 00:33:36.202 1314-1314/com.qualcomm.telephony D/SimStateReceiver: received broadcast android.intent.action.SIM_STATE_CHANGED
01-01 00:33:36.211 1314-1314/com.qualcomm.telephony D/SimStateReceiver: ACTION_SIM_STATE_CHANGED intent received on sub = 0SIM STATE IS NOT_READY
01-01 00:33:36.213 1314-1314/com.qualcomm.telephony W/ContextImpl: Calling a method in the system process without a qualified user: android.app.ContextImpl.startService:1699 android.content.ContextWrapper.startService:516 android.content.ContextWrapper.startService:516 com.qualcomm.simcontacts.SimStateReceiver.sendSimState:78 com.qualcomm.simcontacts.SimStateReceiver.onReceive:54
01-01 00:33:36.222 1314-1314/com.qualcomm.telephony D/SimContactsService: service onCreate!
01-01 00:33:36.228 1065-1065/com.cyanogenmod.trebuchet D/Launcher.Workspace: 11683562 - insertNewWorkspaceScreen(): 2 at index: 1
01-01 00:33:36.230 1314-1314/com.qualcomm.telephony D/SimContactsService: service onStart!
01-01 00:33:36.230 1314-1314/com.qualcomm.telephony D/SimContactsService: SIM contacts auto-sync is not enabled!
01-01 00:33:36.231 1065-1065/com.cyanogenmod.trebuchet D/Launcher.Workspace: 11683562 - insertNewWorkspaceScreen(): 3 at index: 2
01-01 00:33:36.255 887-1310/? I/Adreno-EGL: <qeglDrvAPI_eglInitialize:379>: EGL 1.4 QUALCOMM build: AU_LINUX_ANDROID_LA.BR.1.2.4_RB1.05.01.01.121.018_msm8916_64_refs/tags/AU_LINUX_ANDROID_LA.BR.1.2.4_RB1.05.01.01.121.018__release_AU (I32dcf20b99)
OpenGL ES Shader Compiler Version: E031.25.03.04
Build Date: 08/05/15 Wed
Local Branch:
Remote Branch: refs/tags/AU_LINUX_ANDROID_LA.BR.1.2.4_RB1.05.01.01.121.018
Local Patches: NONE
Reconstruct Branch: NOTHING
01-01 00:33:36.256 887-1310/? I/OpenGLRenderer: Initialized EGL, version 1.4
01-01 00:33:36.272 887-1310/? D/OpenGLRenderer: Enabling debug mode 0
01-01 00:33:36.321 887-887/? D/PhoneStatusBar: disable: < EXPAND* icons alerts system_info BACK* HOME* RECENT* clock SEARCH* >
01-01 00:33:36.348 1047-1047/com.android.phone D/TelephonyDebugService: TelephonyDebugService()
01-01 00:33:36.396 733-791/system_process D/WifiService: New client listening to asynchronous messages
01-01 00:33:36.406 1065-1065/com.cyanogenmod.trebuchet I/Timeline: Timeline: Activity_idle id: android.os.BinderProxy@23ae2bb3 time:40251
01-01 00:33:36.410 733-754/system_process V/KeyguardServiceDelegate: *** Keyguard started
01-01 00:33:36.410 733-754/system_process W/KeyguardServiceDelegate: onScreenTurnedOn(): no keyguard service!
01-01 00:33:36.484 1047-1047/com.android.phone D/ImsService: ImsService created!
01-01 00:33:36.492 1047-1047/com.android.phone D/ImsSenderRxr: Starting IFMsg_Rxr[SUB0]
01-01 00:33:36.505 1047-1374/com.android.phone E/ImsSenderRxr: Exception in socket create’java.io.IOException: No such file or directory
01-01 00:33:36.505 1047-1047/com.android.phone D/ImsSenderRxr: [0000]> REQUEST_QUERY_SERVICE_STATUS[SUB0]
01-01 00:33:36.506 1047-1047/com.android.phone D/ImsSenderRxr: Message data: [0, 0, 0, 12, 11, 13, 0, 0, 0, 0, 16, 1, 24, 29, 32, 0][SUB0]
01-01 00:33:36.506 1047-1047/com.android.phone D/ImsSenderRxr: [0000]< REQUEST_QUERY_SERVICE_STATUS error: 1
01-01 00:33:36.519 1047-1047/com.android.phone D/ims_media_jni: int register_ims_media(JNIEnv*)
01-01 00:33:36.573 1047-1047/com.android.phone D/VideoCall_ImsMedia: Registering for Media Listener
01-01 00:33:36.574 1047-1047/com.android.phone E/ImsServiceSub: ImsServiceClassTracker not found.
01-01 00:33:36.574 1047-1047/com.android.phone D/ImsService: initSubscriptionStatus: Not multi-sim…
01-01 00:33:36.577 1047-1047/com.android.phone D/CallNotifier: onMwiChanged(): false phoneId = 0
01-01 00:33:36.578 1047-1047/com.android.phone D/NotificationMgr: updateMwi(): false phoneId = 0
01-01 00:33:36.580 1047-1047/com.android.phone D/CallNotifier: onCfiChanged(): false
01-01 00:33:36.580 1047-1047/com.android.phone D/NotificationMgr: updateCfi(): false phoneId = 0
01-01 00:33:36.583 1047-1047/com.android.phone D/Telephony: TtyManager: setTTYMode exception: com.android.internal.telephony.CommandException: RADIO_NOT_AVAILABLE
01-01 00:33:36.617 1047-1047/com.android.phone D/PhoneApp: getPhone phoneId:0
01-01 00:33:36.632 1047-1047/com.android.phone D/PhoneApp: mReceiver: ACTION_ANY_DATA_CONNECTION_STATE_CHANGED
01-01 00:33:36.632 1047-1047/com.android.phone D/PhoneApp: - state: DISCONNECTED
01-01 00:33:36.632 1047-1047/com.android.phone D/PhoneApp: - reason: radioTurnedOff
01-01 00:33:36.633 1047-1047/com.android.phone D/PhoneApp: mReceiver: ACTION_ANY_DATA_CONNECTION_STATE_CHANGED
01-01 00:33:36.633 1047-1047/com.android.phone D/PhoneApp: - state: DISCONNECTED
01-01 00:33:36.633 1047-1047/com.android.phone D/PhoneApp: - reason: radioTurnedOff
01-01 00:33:36.638 1047-1047/com.android.phone D/PhoneApp: mReceiver: ACTION_ANY_DATA_CONNECTION_STATE_CHANGED
01-01 00:33:36.638 1047-1047/com.android.phone D/PhoneApp: - state: DISCONNECTED
01-01 00:33:36.638 1047-1047/com.android.phone D/PhoneApp: - reason: radioTurnedOff
01-01 00:33:36.641 1047-1047/com.android.phone D/PhoneApp: mReceiver: ACTION_ANY_DATA_CONNECTION_STATE_CHANGED
01-01 00:33:36.641 1047-1047/com.android.phone D/PhoneApp: - state: DISCONNECTED
01-01 00:33:36.641 1047-1047/com.android.phone D/PhoneApp: - reason: radioTurnedOff
01-01 00:33:36.642 1047-1047/com.android.phone D/PhoneApp: mReceiver: ACTION_ANY_DATA_CONNECTION_STATE_CHANGED
01-01 00:33:36.642 1047-1047/com.android.phone D/PhoneApp: - state: DISCONNECTED
01-01 00:33:36.642 1047-1047/com.android.phone D/PhoneApp: - reason: radioTurnedOff
01-01 00:33:36.646 1047-1047/com.android.phone D/PhoneApp: mReceiver: ACTION_ANY_DATA_CONNECTION_STATE_CHANGED
01-01 00:33:36.646 1047-1047/com.android.phone D/PhoneApp: - state: DISCONNECTED
01-01 00:33:36.647 1047-1047/com.android.phone D/PhoneApp: - reason: radioTurnedOff
01-01 00:33:36.647 1047-1047/com.android.phone D/PhoneApp: mReceiver: ACTION_ANY_DATA_CONNECTION_STATE_CHANGED
01-01 00:33:36.647 1047-1047/com.android.phone D/PhoneApp: - state: DISCONNECTED
01-01 00:33:36.647 1047-1047/com.android.phone D/PhoneApp: - reason: radioTurnedOff
01-01 00:33:36.648 1047-1047/com.android.phone D/PhoneApp: mReceiver: ACTION_ANY_DATA_CONNECTION_STATE_CHANGED
01-01 00:33:36.648 1047-1047/com.android.phone D/PhoneApp: - state: DISCONNECTED
01-01 00:33:36.649 1047-1047/com.android.phone D/PhoneApp: - reason: radioTurnedOff
01-01 00:33:36.650 1047-1047/com.android.phone D/PhoneApp: mReceiver: ACTION_ANY_DATA_CONNECTION_STATE_CHANGED
01-01 00:33:36.650 1047-1047/com.android.phone D/PhoneApp: - state: DISCONNECTED
01-01 00:33:36.650 1047-1047/com.android.phone D/PhoneApp: - reason: radioTurnedOff
01-01 00:33:36.650 1047-1047/com.android.phone D/PhoneApp: mReceiver: ACTION_ANY_DATA_CONNECTION_STATE_CHANGED
01-01 00:33:36.651 1047-1047/com.android.phone D/PhoneApp: - state: DISCONNECTED
01-01 00:33:36.651 1047-1047/com.android.phone D/PhoneApp: - reason: radioTurnedOff
01-01 00:33:36.653 1047-1047/com.android.phone D/PhoneApp: mReceiver: ACTION_ANY_DATA_CONNECTION_STATE_CHANGED
01-01 00:33:36.653 1047-1047/com.android.phone D/PhoneApp: - state: DISCONNECTED
01-01 00:33:36.653 1047-1047/com.android.phone D/PhoneApp: - reason: radioTurnedOff
01-01 00:33:36.656 1047-1047/com.android.phone D/PhoneApp: mReceiver: ACTION_ANY_DATA_CONNECTION_STATE_CHANGED
01-01 00:33:36.656 1047-1047/com.android.phone D/PhoneApp: - state: DISCONNECTED
01-01 00:33:36.656 1047-1047/com.android.phone D/PhoneApp: - reason: radioTurnedOff
01-01 00:33:36.658 1047-1047/com.android.phone D/PhoneApp: mReceiver: ACTION_ANY_DATA_CONNECTION_STATE_CHANGED
01-01 00:33:36.658 1047-1047/com.android.phone D/PhoneApp: - state: DISCONNECTED
01-01 00:33:36.658 1047-1047/com.android.phone D/PhoneApp: - reason: radioTurnedOff
01-01 00:33:36.661 1047-1047/com.android.phone D/PhoneApp: mReceiver: ACTION_ANY_DATA_CONNECTION_STATE_CHANGED
01-01 00:33:36.662 1047-1047/com.android.phone D/PhoneApp: - state: DISCONNECTED
01-01 00:33:36.662 1047-1047/com.android.phone D/PhoneApp: - reason: radioTurnedOff
01-01 00:33:36.666 1047-1047/com.android.phone D/PhoneApp: mReceiver: ACTION_ANY_DATA_CONNECTION_STATE_CHANGED
01-01 00:33:36.670 1047-1047/com.android.phone D/PhoneApp: - state: DISCONNECTED
01-01 00:33:36.670 1047-1047/com.android.phone D/PhoneApp: - reason: radioTurnedOff
01-01 00:33:36.671 1047-1047/com.android.phone D/PhoneApp: mReceiver: ACTION_ANY_DATA_CONNECTION_STATE_CHANGED
01-01 00:33:36.671 1047-1047/com.android.phone D/PhoneApp: - state: DISCONNECTED
01-01 00:33:36.671 1047-1047/com.android.phone D/PhoneApp: - reason: radioTurnedOff
01-01 00:33:36.672 1047-1047/com.android.phone D/PhoneApp: mReceiver: ACTION_ANY_DATA_CONNECTION_STATE_CHANGED
01-01 00:33:36.672 1047-1047/com.android.phone D/PhoneApp: - state: DISCONNECTED
01-01 00:33:36.672 1047-1047/com.android.phone D/PhoneApp: - reason: dataDetached
01-01 00:33:36.673 1047-1047/com.android.phone D/PhoneApp: mReceiver: ACTION_ANY_DATA_CONNECTION_STATE_CHANGED
01-01 00:33:36.673 1047-1047/com.android.phone D/PhoneApp: - state: DISCONNECTED
01-01 00:33:36.673 1047-1047/com.android.phone D/PhoneApp: - reason: dataDetached
01-01 00:33:36.688 1047-1047/com.android.phone D/QC_RIL_OEM_HOOK: Starting QcrilMsgTunnel Service
01-01 00:33:36.722 733-1109/system_process I/ActivityManager: Start proc 1386:com.qualcomm.qcrilmsgtunnel/1001 for service com.qualcomm.qcrilmsgtunnel/.QcrilMsgTunnelService
01-01 00:33:36.732 1047-1047/com.android.phone D/QC_RIL_OEM_HOOK: The QcrilMsgTunnelService will be connected soon
01-01 00:33:36.735 1047-1047/com.android.phone D/QC_RIL_OEM_HOOK: Registering for intent ACTION_UNSOL_RESPONSE_OEM_HOOK_RAW
01-01 00:33:36.735 1047-1047/com.android.phone D/DefaultReceiver: receive android.intent.action.SIM_STATE_CHANGED
01-01 00:33:36.738 1047-1047/com.android.phone D/PhoneApp: mReceiver: ACTION_ANY_DATA_CONNECTION_STATE_CHANGED
01-01 00:33:36.739 1047-1047/com.android.phone D/PhoneApp: - state: DISCONNECTED
01-01 00:33:36.739 1047-1047/com.android.phone D/PhoneApp: - reason: dataDetached
01-01 00:33:36.739 1047-1047/com.android.phone D/PhoneApp: mReceiver: ACTION_ANY_DATA_CONNECTION_STATE_CHANGED
01-01 00:33:36.739 1047-1047/com.android.phone D/PhoneApp: - state: DISCONNECTED
01-01 00:33:36.739 1047-1047/com.android.phone D/PhoneApp: - reason: dataDetached
01-01 00:33:36.741 1047-1047/com.android.phone D/PhoneApp: mReceiver: ACTION_ANY_DATA_CONNECTION_STATE_CHANGED
01-01 00:33:36.741 1047-1047/com.android.phone D/PhoneApp: - state: DISCONNECTED
01-01 00:33:36.741 1047-1047/com.android.phone D/PhoneApp: - reason: dataDetached
01-01 00:33:36.742 1047-1047/com.android.phone D/PhoneApp: mReceiver: ACTION_ANY_DATA_CONNECTION_STATE_CHANGED
01-01 00:33:36.742 1047-1047/com.android.phone D/PhoneApp: - state: DISCONNECTED
01-01 00:33:36.742 1047-1047/com.android.phone D/PhoneApp: - reason: dataDetached
01-01 00:33:36.742 1047-1047/com.android.phone D/PhoneApp: mReceiver: ACTION_ANY_DATA_CONNECTION_STATE_CHANGED
01-01 00:33:36.742 1047-1047/com.android.phone D/PhoneApp: - state: DISCONNECTED
01-01 00:33:36.742 1047-1047/com.android.phone D/PhoneApp: - reason: dataDetached
01-01 00:33:36.743 1047-1047/com.android.phone D/PhoneApp: mReceiver: ACTION_ANY_DATA_CONNECTION_STATE_CHANGED
01-01 00:33:36.743 1047-1047/com.android.phone D/PhoneApp: - state: DISCONNECTED
01-01 00:33:36.743 1047-1047/com.android.phone D/PhoneApp: - reason: dataDetached
01-01 00:33:36.744 1047-1047/com.android.phone D/PhoneApp: mReceiver: ACTION_ANY_DATA_CONNECTION_STATE_CHANGED
01-01 00:33:36.744 1047-1047/com.android.phone D/PhoneApp: - state: DISCONNECTED
01-01 00:33:36.744 1047-1047/com.android.phone D/PhoneApp: - reason: roamingOff
01-01 00:33:36.745 1047-1047/com.android.phone D/PhoneApp: mReceiver: ACTION_ANY_DATA_CONNECTION_STATE_CHANGED
01-01 00:33:36.745 1047-1047/com.android.phone D/PhoneApp: - state: DISCONNECTED
01-01 00:33:36.745 1047-1047/com.android.phone D/PhoneApp: - reason: roamingOff
01-01 00:33:36.749 1047-1047/com.android.phone D/PhoneApp: mReceiver: ACTION_ANY_DATA_CONNECTION_STATE_CHANGED
01-01 00:33:36.749 1047-1047/com.android.phone D/PhoneApp: - state: DISCONNECTED
01-01 00:33:36.749 1047-1047/com.android.phone D/PhoneApp: - reason: roamingOff
01-01 00:33:36.750 1047-1047/com.android.phone D/PhoneApp: mReceiver: ACTION_ANY_DATA_CONNECTION_STATE_CHANGED
01-01 00:33:36.750 1047-1047/com.android.phone D/PhoneApp: - state: DISCONNECTED
01-01 00:33:36.750 1047-1047/com.android.phone D/PhoneApp: - reason: roamingOff
01-01 00:33:36.751 1047-1047/com.android.phone D/PhoneApp: mReceiver: ACTION_ANY_DATA_CONNECTION_STATE_CHANGED
01-01 00:33:36.751 1047-1047/com.android.phone D/PhoneApp: - state: DISCONNECTED
01-01 00:33:36.751 1047-1047/com.android.phone D/PhoneApp: - reason: roamingOff
01-01 00:33:36.752 1047-1047/com.android.phone D/PhoneApp: mReceiver: ACTION_ANY_DATA_CONNECTION_STATE_CHANGED
01-01 00:33:36.752 1047-1047/com.android.phone D/PhoneApp: - state: DISCONNECTED
01-01 00:33:36.752 1047-1047/com.android.phone D/PhoneApp: - reason: roamingOff
01-01 00:33:36.753 1047-1047/com.android.phone D/PhoneApp: mReceiver: ACTION_ANY_DATA_CONNECTION_STATE_CHANGED
01-01 00:33:36.753 1047-1047/com.android.phone D/PhoneApp: - state: DISCONNECTED
01-01 00:33:36.753 1047-1047/com.android.phone D/PhoneApp: - reason: roamingOff
01-01 00:33:36.754 1047-1047/com.android.phone D/PhoneApp: mReceiver: ACTION_ANY_DATA_CONNECTION_STATE_CHANGED
01-01 00:33:36.754 1047-1047/com.android.phone D/PhoneApp: - state: DISCONNECTED
01-01 00:33:36.754 1047-1047/com.android.phone D/PhoneApp: - reason: roamingOff
01-01 00:33:36.754 1047-1047/com.android.phone D/ImsServiceSub: Message received: what = 5
01-01 00:33:36.754 1047-1047/com.android.phone D/ImsServiceSub: Received event: EVENT_GET_STATUS_UPDATE
01-01 00:33:36.754 1047-1047/com.android.phone E/ImsServiceSub: IMS Service Status Update failed!
01-01 00:33:36.754 733-1003/system_process E/LocSvc_api_v02: E/loc_sync_wait_for_ind:461]: slot 0, timed out for ind_id QMI_LOC_SET_SENSOR_PROPERTIES_REQ_V02
01-01 00:33:36.754 733-1003/system_process E/LocSvc_api_v02: E/loc_sync_send_req:533]: loc_api_wait_for_ind failed, err -110, select id 0, status eLOC_CLIENT_FAILURE_TIMEOUT
01-01 00:33:36.754 733-1003/system_process E/LocSvc_ApiV02: E/virtual loc_api_adapter_err LocApiV02::setSensorProperties(bool, float, bool, float, bool, float, bool, float, bool, float):1516]: Error status = eLOC_CLIENT_FAILURE_TIMEOUT, ind…status = eQMI_LOC_SUCCESS_V02
01-01 00:33:36.754 733-1003/system_process E/LocSvc_api_v02: I/—> locClientSendReq line 2065 QMI_LOC_SET_SENSOR_PERFORMANCE_CONTROL_CONFIGURATION_REQ_V02
01-01 00:33:36.756 733-1046/system_process E/LocSvc_ApiV02: I/<— void globalRespCb(locClientHandleType, uint32_t, locClientRespIndUnionType, void*) line 111 QMI_LOC_SET_SENSOR_PERFORMANCE_CONTROL_CONFIGURATION_REQ_V02
01-01 00:33:36.756 733-1003/system_process E/LocSvc_api_v02: I/—> locClientSendReq line 2065 QMI_LOC_SET_XTRA_VERSION_CHECK_REQ_V02
01-01 00:33:36.757 733-1003/system_process E/LocSvc_ApiV02: E/virtual loc_api_adapter_err LocApiV02::setXtraVersionCheck(loc_core::xtra_version_check):3159]: Set xtra version check failed. status: eLOC_CLIENT_FAILURE_INTERNAL, ind status:eQMI_LOC_SUCCESS_V02
01-01 00:33:36.757 733-1003/system_process D/LocSvc_jni: set_capabilities_callback: 49
01-01 00:33:36.757 733-1003/system_process E/LocSvc_api_v02: I/—> locClientSendReq line 2065 QMI_LOC_GET_BEST_AVAILABLE_POSITION_REQ_V02
01-01 00:33:36.761 1386-1400/com.qualcomm.qcrilmsgtunnel E/art: Failed sending reply to debugger: Broken pipe
01-01 00:33:36.762 1386-1400/com.qualcomm.qcrilmsgtunnel I/art: Debugger is no longer active
01-01 00:33:36.775 1065-1080/com.cyanogenmod.trebuchet W/art: Suspending all threads took: 13.459ms
01-01 00:33:36.779 1065-1080/com.cyanogenmod.trebuchet I/art: Background partial concurrent mark sweep GC freed 3756(366KB) AllocSpace objects, 12(460KB) LOS objects, 39% free, 5MB/8MB, paused 14.580ms total 64.087ms
01-01 00:33:36.780 1065-1065/com.cyanogenmod.trebuchet D/Launcher.Workspace: 11683562 - stripEmptyScreens()
01-01 00:33:36.785 1047-1047/com.android.phone D/Telephony: TtyManager: queryTTYMode exception: com.android.internal.telephony.CommandException: RADIO_NOT_AVAILABLE
01-01 00:33:36.801 1386-1386/com.qualcomm.qcrilmsgtunnel D/QcrilMsgTunnelService: onCreate method
01-01 00:33:36.803 1386-1386/com.qualcomm.qcrilmsgtunnel D/QcrilMsgTunnelIfaceManager: :Instantiated
01-01 00:33:36.805 1386-1386/com.qualcomm.qcrilmsgtunnel V/QcrilMsgTunnelSocket: Starting QcRil Sender & Receiver threads
01-01 00:33:36.806 1065-1150/com.cyanogenmod.trebuchet W/ResourcesManager: Asset path ‘/system/framework/com.qrd.wappush.jar’ does not exist or contains no resources.
01-01 00:33:36.808 1065-1150/com.cyanogenmod.trebuchet W/ResourcesManager: Asset path ‘/system/framework/rcs_service_api.jar’ does not exist or contains no resources.
01-01 00:33:36.810 1386-1386/com.qualcomm.qcrilmsgtunnel D/QcrilMsgTunnelIfaceManager: Registered SUB0 for UNSOL OEM HOOK to deliver external apps
01-01 00:33:36.810 1386-1386/com.qualcomm.qcrilmsgtunnel D/QcrilMsgTunnelService: Returning mHookIface for QcrilMsgTunnelService binding.
01-01 00:33:36.821 1047-1047/com.android.phone D/Telephony: TelecomAccountRegistry: Found 1 phones. Attempting to register.
01-01 00:33:36.822 1047-1047/com.android.phone D/Telephony: TelecomAccountRegistry: Phone with subscription id 2147483643
01-01 00:33:36.825 1047-1408/com.android.phone D/ImsServiceClassTracker: updateVtCapability false
01-01 00:33:36.826 1047-1408/com.android.phone D/ImsServiceSub: getServiceId returns 1
01-01 00:33:36.826 1047-1408/com.android.phone D/ImsSenderRxr: [0001]> REQUEST_IMS_REGISTRATION_STATE[SUB0]
01-01 00:33:36.826 1047-1408/com.android.phone D/ImsSenderRxr: Message data: [0, 0, 0, 12, 11, 13, 1, 0, 0, 0, 16, 1, 24, 1, 32, 0][SUB0]
01-01 00:33:36.826 1047-1408/com.android.phone D/ImsSenderRxr: [0001]< REQUEST_IMS_REGISTRATION_STATE error: 1
01-01 00:33:36.828 1047-1408/com.android.phone D/VideoCall_ImsVideoGlobals: SetActiveSub, Sub # 1
01-01 00:33:36.828 1047-1408/com.android.phone E/ImsServiceClassTracker: removeListener error: Listener not found, com.qualcomm.ims.vt.MediaController@23ae2bb3
01-01 00:33:36.829 1047-1408/com.android.phone D/ImsService: Open returns serviceId 1
01-01 00:33:36.836 1047-1408/com.android.phone D/ImsSenderRxr: setUiTTYMode uittyMode=0
01-01 00:33:36.837 1047-1408/com.android.phone D/ImsSenderRxr: [0002]> REQUEST_SEND_UI_TTY_MODE[SUB0]
01-01 00:33:36.837 1047-1408/com.android.phone D/ImsSenderRxr: Message data: [0, 0, 0, 14, 11, 13, 2, 0, 0, 0, 16, 1, 24, 39, 32, 0, 8, 0][SUB0]
01-01 00:33:36.837 1047-1408/com.android.phone D/ImsSenderRxr: [0002]< REQUEST_SEND_UI_TTY_MODE error: 1
01-01 00:33:36.839 1047-1047/com.android.phone E/PhoneInterfaceManager: [PhoneIntfMgr] getIccId: No UICC
01-01 00:33:36.851 1065-1150/com.cyanogenmod.trebuchet W/ResourcesManager: Asset path ‘/system/framework/rcs_service_api.jar’ does not exist or contains no resources.
01-01 00:33:36.851 1065-1150/com.cyanogenmod.trebuchet W/ResourcesManager: Asset path ‘/system/framework/smartsearch.jar’ does not exist or contains no resources.
01-01 00:33:36.860 1065-1150/com.cyanogenmod.trebuchet W/ResourceType: No package identifier when getting value for resource number 0x00000000
01-01 00:33:36.861 1065-1150/com.cyanogenmod.trebuchet W/ResourceType: No package identifier when getting value for resource number 0x00000000
01-01 00:33:36.861 1065-1150/com.cyanogenmod.trebuchet W/PackageManager: Failure retrieving resources for com.playready.junit: Resource ID #0x0
01-01 00:33:36.861 1065-1150/com.cyanogenmod.trebuchet W/ResourceType: No package identifier when getting value for resource number 0x00000000
01-01 00:33:36.861 1065-1150/com.cyanogenmod.trebuchet W/PackageManager: Failure retrieving resources for com.playready.junit: Resource ID #0x0
01-01 00:33:36.881 1047-1047/com.android.phone D/Telephony: AccountEntry: Registered phoneAccount: [PhoneAccount: ComponentInfo{com.android.phone/com.android.services.telephony.TelephonyConnectionService}, [e0184adedf913b076626646d3f52c3b49c39ad6d], UserHandle{0} Capabilities: 54 Schemes: tel voicemail ] with handle: ComponentInfo{com.android.phone/com.android.services.telephony.TelephonyConnectionService}, [e0184adedf913b076626646d3f52c3b49c39ad6d], UserHandle{0}
01-01 00:33:36.884 1047-1047/com.android.phone I/Telephony: PstnIncomingCallNotifier: Registering: Handler (com.android.internal.telephony.cdma.CDMALTEPhone) {2ab4e40e}
01-01 00:33:36.887 1047-1047/com.android.phone D/Telephony: PstnPhoneCapabilitiesNotifier: Registering: Handler (com.android.internal.telephony.cdma.CDMALTEPhone) {2ab4e40e}
01-01 00:33:36.891 1409-1409/? D/QSEECOMAPI:: QSEECom_get_handle sb_length = 0x2000
01-01 00:33:36.892 1409-1409/? D/QSEECOMAPI:: App is not loaded in QSEE
01-01 00:33:36.893 1409-1409/? E/QSEECOMAPI:: Error::Cannot open the file /vendor/firmware/keymaster/keymaster.mdt
01-01 00:33:36.893 1409-1409/? E/QSEECOMAPI:: Error::Loading image failed with ret = -1
01-01 00:33:36.893 1409-1409/? D/QSEECOMAPI:: QSEECom_get_handle sb_length = 0x2000
01-01 00:33:36.893 1409-1409/? D/QSEECOMAPI:: App is not loaded in QSEE
01-01 00:33:36.893 1409-1409/? E/QSEECOMAPI:: Error::Cannot open the file /firmware/image/keymaste.mdt
01-01 00:33:36.893 1409-1409/? E/QSEECOMAPI:: Error::Loading image failed with ret = -1
01-01 00:33:36.893 1409-1409/? E/QCOMKeyMaster: Loading keymaster app failed
01-01 00:33:36.893 1409-1409/? E/keystore: could not open keymaster device in keystore (Operation not permitted)
01-01 00:33:36.893 1409-1409/? E/keystore: keystore keymaster could not be initialized; exiting
01-01 00:33:36.912 733-753/system_process D/GpsLocationProvider: received SIM realted action:
01-01 00:33:36.917 1047-1047/com.android.phone D/CallNotifier: onReceive…
01-01 00:33:36.917 1047-1047/com.android.phone D/CardStateMonitor: on EVENT_ICC_CHANGED
01-01 00:33:36.917 1047-1047/com.android.phone D/CardStateMonitor: ICC changed on sub0, state is NULL
01-01 00:33:36.923 733-753/system_process D/GpsLocationProvider: SIM MCC/MNC is still not available
01-01 00:33:36.943 1047-1047/com.android.phone D/DefaultReceiver: receive com.android.phone.ACTION_PHONE_READY
01-01 00:33:36.947 1047-1047/com.android.phone D/QC_RIL_OEM_HOOK: QcrilMsgTunnelService Connected Successfully (onServiceConnected)
01-01 00:33:36.947 1047-1047/com.android.phone D/QC_RIL_OEM_HOOK: Calling onQcRilHookReady callback
01-01 00:33:36.947 1047-1047/com.android.phone D/ImsServiceSub: Message received: what = 3
01-01 00:33:36.947 1047-1047/com.android.phone D/ImsServiceSub: handleImsStateChanged
01-01 00:33:36.947 1047-1047/com.android.phone E/ImsServiceSub: handleImsStateChanged error
01-01 00:33:36.950 1047-1047/com.android.phone D/Telephony: PstnPhoneCapabilitiesNotifier: handleVideoCapabilitesChanged. Video capability - false
01-01 00:33:36.954 1047-1047/com.android.phone D/Telephony: PstnPhoneCapabilitiesNotifier: handleVideoCapabilitesChanged. Exception=java.lang.NullPointerException: Attempt to invoke virtual method ‘int android.telecom.PhoneAccount.getCapabilities()’ on a null object reference
01-01 00:33:36.957 1047-1047/com.android.phone D/CallNotifier: ACTION_SUBINFO_RECORD_UPDATED…
01-01 00:33:36.967 250-250/? I/SurfaceFlinger: FPS: 33
01-01 00:33:36.973 296-815/? I/ServiceManager: Waiting for service drm.drmManager…
01-01 00:33:36.996 733-1043/system_process I/ActivityManager: Start proc 1418:com.android.cellbroadcastreceiver/u0a2 for broadcast com.android.cellbroadcastreceiver/.CellBroadcastReceiver
01-01 00:33:36.999 1047-1047/com.android.phone D/phone_features: EVENT_SERVICE_CHANGED on slot=0, dds=-1
01-01 00:33:37.004 1047-1047/com.android.phone D/CallNotifier: onMwiChanged(): false phoneId = 0
01-01 00:33:37.004 1047-1047/com.android.phone D/NotificationMgr: updateMwi(): false phoneId = 0
01-01 00:33:37.005 1047-1047/com.android.phone D/CallNotifier: onCfiChanged(): false
01-01 00:33:37.005 1047-1047/com.android.phone D/NotificationMgr: updateCfi(): false phoneId = 0
01-01 00:33:37.024 407-407/? E/QC-QMI: qmi_client [407]: unable to connect to server, errno=[2:No such file or directory], attempt=21
01-01 00:33:37.047 887-887/? D/StatusBar.NetworkController: updateSimState, sim state is: NOT_READY
01-01 00:33:37.048 887-887/? D/StatusBar.NetworkController: updateSimState: mSimState=UNKNOWN
01-01 00:33:37.048 887-887/? D/StatusBar.NetworkController: In updateSimIcon simState= UNKNOWN
01-01 00:33:37.048 733-791/system_process D/WifiService: New client listening to asynchronous messages
01-01 00:33:37.048 887-887/? D/StatusBar.NetworkController: refreshViews: Data not connected!! Set no data type icon / Roaming
01-01 00:33:37.048 887-887/? D/StatusBar.NetworkController: refreshViews connected={ } level=?? combinedSignalIconId=0x0/(null) combinedActivityIconId=0x0 mobileLabel= wifiLabel=No Internet connection emergencyOnly=false combinedLabel=No Internet connection mAirplaneMode=false mDataActivity=0 mPhoneSignalIconId=0x0/(null) mQSPhoneSignalIconId=0x0/(null) mDataDirectionIconId=0x0/(null) mDataSignalIconId=0x0/(null) mDataTypeIconId=0x0/(null) mQSDataTypeIconId=0x0/(null) mNoSimIconId=0x0/(null) mWifiIconId=0x0/(null) mQSWifiIconId=0x0/(null) mWifiActivityIconId=0x0/(null) mBluetoothTetherIconId=0x108069b/android:drawable/stat_sys_tether_bluetooth
01-01 00:33:37.048 887-887/? D/StatusBar.NetworkController: refreshSignalCluster - setMobileDataIndicators: mHasMobileDataFeature = false mPhoneSignalIconId = (null) mDataSignalIconId = (null) mMobileActivityIconId = (null) mDataTypeIconId = (null) mNoSimIconId = (null)
01-01 00:33:37.048 887-887/? D/StatusBar.NetworkController: refreshSignalCluster - setMobileDataIndicators: mHasMobileDataFeature = false mPhoneSignalIconId = (null) mDataSignalIconId = (null) mMobileActivityIconId = (null) mDataTypeIconId = (null) mNoSimIconId = (null)
01-01 00:33:37.048 887-887/? D/StatusBar.NetworkController: refreshSignalCluster - setMobileDataIndicators: mHasMobileDataFeature = false mPhoneSignalIconId = (null) mDataSignalIconId = (null) mMobileActivityIconId = (null) mDataTypeIconId = (null) mNoSimIconId = (null)
01-01 00:33:37.048 887-887/? D/StatusBar.NetworkController: changing data overlay icon id to 0
01-01 00:33:37.049 887-887/? D/StatusBar.NetworkController: hasService: mServiceState=null retVal=false
01-01 00:33:37.049 887-887/? D/StatusBar.NetworkController: updateTelephonySignalStrength: hasService=false ss=null
01-01 00:33:37.049 887-887/? D/StatusBar.NetworkController: hasService: mServiceState=null retVal=false
01-01 00:33:37.049 887-887/? D/TelephonyIcons: null signal icon name: drawable/stat_sys_signal_null
01-01 00:33:37.050 887-887/? D/StatusBar.NetworkController: updateTelephonySignalStrength, No signal level. mPhoneSignalIconId = com.android.systemui:drawable/stat_sys_signal_null mDataSignalIconId = com.android.systemui:drawable/stat_sys_signal_null mQSPhoneSignalIconId = com.android.systemui:drawable/ic_qs_signal_no_signal mContentDescriptionPhoneSignal = string/accessibility_no_phone
01-01 00:33:37.050 887-887/? D/StatusBar.NetworkController: updateDataIcon, mDataDirectionIconId = (null) mDataConnected = false
01-01 00:33:37.050 887-887/? D/StatusBar.NetworkController: refreshViews: Data not connected!! Set no data type icon / Roaming
01-01 00:33:37.051 887-887/? D/StatusBar.NetworkController: refreshViews connected={ } level=?? combinedSignalIconId=0x0/(null) combinedActivityIconId=0x0 mobileLabel= wifiLabel=No Internet connection emergencyOnly=false combinedLabel=No Internet connection mAirplaneMode=false mDataActivity=0 mPhoneSignalIconId=0x0/(null) mQSPhoneSignalIconId=0x0/(null) mDataDirectionIconId=0x0/(null) mDataSignalIconId=0x0/(null) mDataTypeIconId=0x0/(null) mQSDataTypeIconId=0x0/(null) mNoSimIconId=0x0/(null) mWifiIconId=0x0/(null) mQSWifiIconId=0x0/(null) mWifiActivityIconId=0x0/(null) mBluetoothTetherIconId=0x108069b/android:drawable/stat_sys_tether_bluetooth
01-01 00:33:37.059 306-306/? E/USB_UICC: Timeout! No signal received. Retry num = 20
01-01 00:33:37.093 1418-1418/? D/CellBroadcastReceiver: onReceive Intent { act=android.intent.action.SERVICE_STATE flg=0x10 cmp=com.android.cellbroadcastreceiver/.CellBroadcastReceiver (has extras) }
01-01 00:33:37.093 1418-1418/? D/CellBroadcastReceiver: Intent ACTION_SERVICE_STATE_CHANGED
01-01 00:33:37.094 1418-1418/? D/CellBroadcastReceiver: Service state changed! 1 Full: 1 1 home null null null Unknown Unknown CSS not supported -1 -1 RoamInd=-1 DefRoamInd=-1 EmergOnly=false Current state=-1
01-01 00:33:37.137 887-887/? D/CarrierLabel: updateNetworkName showSpn=false spn= showPlmn=true plmn=No service.
01-01 00:33:37.137 887-887/? D/StatusBar.NetworkController: refreshViews: Data not connected!! Set no data type icon / Roaming
01-01 00:33:37.137 887-887/? D/StatusBar.NetworkController: refreshViews connected={ } level=?? combinedSignalIconId=0x0/(null) combinedActivityIconId=0x0 mobileLabel= wifiLabel=No Internet connection emergencyOnly=false combinedLabel=No Internet connection mAirplaneMode=false mDataActivity=0 mPhoneSignalIconId=0x0/(null) mQSPhoneSignalIconId=0x0/(null) mDataDirectionIconId=0x0/(null) mDataSignalIconId=0x0/(null) mDataTypeIconId=0x0/(null) mQSDataTypeIconId=0x0/(null) mNoSimIconId=0x0/(null) mWifiIconId=0x0/(null) mQSWifiIconId=0x0/(null) mWifiActivityIconId=0x0/(null) mBluetoothTetherIconId=0x108069b/android:drawable/stat_sys_tether_bluetooth
01-01 00:33:37.139 887-887/? D/KeyguardUpdateMonitor: ACTION_SERVICE_STATE_CHANGED on sub: 2147483643 mServiceState: 1 1 home null null null Unknown Unknown CSS not supported -1 -1 RoamInd=-1 DefRoamInd=-1 EmergOnly=false
01-01 00:33:37.186 1418-1418/? D/CellBroadcastReceiver: onReceive Intent { act=android.intent.action.ACTION_SUBINFO_RECORD_UPDATED flg=0x10 cmp=com.android.cellbroadcastreceiver/.CellBroadcastReceiver }
01-01 00:33:37.187 1047-1438/com.android.phone D/SIP: [SipSharedPreferences] isReceivingCallsEnabled, option not set; use default value, exception: android.provider.Settings$SettingNotFoundException: sip_receive_calls
01-01 00:33:37.228 733-1112/system_process I/ActivityManager: Start proc 1440:com.qualcomm.qti.telephony/1001 for broadcast com.qualcomm.qti.telephony/.SubInfoRecordUpdatedReceiver
01-01 00:33:37.242 887-887/? D/PhoneStatusBarPolicy: updateSimState for subId :2147483643
01-01 00:33:37.244 887-887/? D/PhoneStatusBarPolicy: updateSimState for phoneId :0
01-01 00:33:37.245 887-887/? D/PhoneStatusBarPolicy: updateSimState for Slot :0
01-01 00:33:37.252 887-887/? D/StatusBar.NetworkController: onDataActivity: direction=0
01-01 00:33:37.252 887-887/? D/StatusBar.NetworkController: updateDataIcon, mDataDirectionIconId = (null) mDataConnected = false
01-01 00:33:37.252 887-887/? D/StatusBar.NetworkController: refreshViews: Data not connected!! Set no data type icon / Roaming
01-01 00:33:37.253 887-887/? D/StatusBar.NetworkController: refreshViews connected={ } level=?? combinedSignalIconId=0x0/(null) combinedActivityIconId=0x0 mobileLabel= wifiLabel=No Internet connection emergencyOnly=false combinedLabel=No Internet connection mAirplaneMode=false mDataActivity=0 mPhoneSignalIconId=0x0/(null) mQSPhoneSignalIconId=0x0/(null) mDataDirectionIconId=0x0/(null) mDataSignalIconId=0x0/(null) mDataTypeIconId=0x0/(null) mQSDataTypeIconId=0x0/(null) mNoSimIconId=0x0/(null) mWifiIconId=0x0/(null) mQSWifiIconId=0x0/(null) mWifiActivityIconId=0x0/(null) mBluetoothTetherIconId=0x108069b/android:drawable/stat_sys_tether_bluetooth
01-01 00:33:37.269 1440-1440/? W/ResourcesManager: Asset path ‘/system/framework/qcrilhook.jar’ does not exist or contains no resources.
01-01 00:33:37.279 887-887/? I/Choreographer: Skipped 68 frames! The application may be doing too much work on its main thread.
01-01 00:33:37.281 887-887/? D/OpenGLRenderer: setting property extraRasterBucket to 0.95
01-01 00:33:37.281 887-887/? D/OpenGLRenderer: failed
01-01 00:33:37.281 887-887/? D/OpenGLRenderer: setting property extraRasterBucket to 0.0
01-01 00:33:37.281 887-887/? D/OpenGLRenderer: failed
01-01 00:33:37.320 1440-1440/? D/QcDdsSwitchService: onReceive hit
01-01 00:33:37.321 1440-1440/? D/QcDdsSwitchService: SUBINFO_RECORD_UPDATED. Start the service.
01-01 00:33:37.329 1047-1047/com.android.phone W/ResourcesManager: Asset path ‘/system/framework/qcrilhook.jar’ does not exist or contains no resources.
01-01 00:33:37.331 1047-1047/com.android.phone D/QtiDdsSwitchService: onCreate
01-01 00:33:37.332 1047-1047/com.android.phone D/QC_RIL_OEM_HOOK: Starting QcrilMsgTunnel Service
01-01 00:33:37.334 1047-1047/com.android.phone D/QC_RIL_OEM_HOOK: The QcrilMsgTunnelService will be connected soon
01-01 00:33:37.336 1047-1047/com.android.phone D/QC_RIL_OEM_HOOK: Registering for intent ACTION_UNSOL_RESPONSE_OEM_HOOK_RAW
01-01 00:33:37.339 1047-1047/com.android.phone D/QtiDdsSwitchService: onStart
01-01 00:33:37.339 1047-1458/com.android.phone D/QtiDdsSwitchService: HandleMessage msg = { when=0 what=0 target=com.qualcomm.qti.telephony.QtiDdsSwitchService$DdsSwitchHandler }
01-01 00:33:37.339 1047-1458/com.android.phone D/QtiDdsSwitchService: EVENT_REGISTER
01-01 00:33:37.340 1047-1458/com.android.phone D/QtiDdsSwitchService: got the dctController = Handler (com.android.internal.telephony.dataconnection.DctController) {3135adc2}
01-01 00:33:37.404 887-887/? D/StatusBar.NetworkController: onDataActivity: direction=0
01-01 00:33:37.404 887-887/? D/StatusBar.NetworkController: updateDataIcon, mDataDirectionIconId = (null) mDataConnected = false
01-01 00:33:37.404 887-887/? D/StatusBar.NetworkController: refreshViews: Data not connected!! Set no data type icon / Roaming
01-01 00:33:37.405 887-887/? D/StatusBar.NetworkController: refreshViews connected={ } level=?? combinedSignalIconId=0x0/(null) combinedActivityIconId=0x0 mobileLabel= wifiLabel=No Internet connection emergencyOnly=false combinedLabel=No Internet connection mAirplaneMode=false mDataActivity=0 mPhoneSignalIconId=0x0/(null) mQSPhoneSignalIconId=0x0/(null) mDataDirectionIconId=0x0/(null) mDataSignalIconId=0x0/(null) mDataTypeIconId=0x0/(null) mQSDataTypeIconId=0x0/(null) mNoSimIconId=0x0/(null) mWifiIconId=0x0/(null) mQSWifiIconId=0x0/(null) mWifiActivityIconId=0x0/(null) mBluetoothTetherIconId=0x108069b/android:drawable/stat_sys_tether_bluetooth
01-01 00:33:37.409 733-757/system_process W/WindowManager: Keyguard drawn timeout. Setting mKeyguardDrawComplete
01-01 00:33:37.410 250-281/? I/SurfaceFlinger: Boot is finished (21195 ms)
01-01 00:33:37.410 733-733/system_process V/KeyguardServiceDelegate: *** Keyguard connected (yay!)
01-01 00:33:37.420 887-906/? V/KeyguardViewMediator: Ignoring state: UNKNOWN
01-01 00:33:37.420 887-906/? W/Settings: Setting airplane_mode_on has moved from android.provider.Settings.System to android.provider.Settings.Global, returning read-only value.
01-01 00:33:37.434 1047-1047/com.android.phone W/ResourcesManager: Asset path ‘/system/framework/qcrilhook.jar’ does not exist or contains no resources.
01-01 00:33:37.437 1047-1047/com.android.phone D/QcDataStatusNotification SubInfoReceiver: Successfully started service
01-01 00:33:37.438 1047-1047/com.android.phone D/QC_RIL_OEM_HOOK: QcrilMsgTunnelService Connected Successfully (onServiceConnected)
01-01 00:33:37.443 1047-1047/com.android.phone D/QcDataStatusNotification Service: onStartCommand
01-01 00:33:37.444 1047-1047/com.android.phone D/QC_RIL_OEM_HOOK: Starting QcrilMsgTunnel Service
01-01 00:33:37.447 1047-1047/com.android.phone D/QC_RIL_OEM_HOOK: The QcrilMsgTunnelService will be connected soon
01-01 00:33:37.448 1047-1047/com.android.phone D/QC_RIL_OEM_HOOK: Registering for intent ACTION_UNSOL_RESPONSE_OEM_HOOK_RAW
01-01 00:33:37.480 528-800/? D/BootAnimation: media player is completed.
01-01 00:33:37.500 887-887/? D/StatusBar.NetworkController: updateSimState, sim state is: NOT_READY
01-01 00:33:37.500 887-887/? D/StatusBar.NetworkController: updateSimState: mSimState=UNKNOWN
01-01 00:33:37.500 887-887/? D/StatusBar.NetworkController: In updateSimIcon simState= UNKNOWN
01-01 00:33:37.501 887-887/? D/StatusBar.NetworkController: refreshViews: Data not connected!! Set no data type icon / Roaming
01-01 00:33:37.501 887-887/? D/StatusBar.NetworkController: refreshViews connected={ } level=?? combinedSignalIconId=0x0/(null) combinedActivityIconId=0x0 mobileLabel= wifiLabel=No Internet connection emergencyOnly=false combinedLabel=No Internet connection mAirplaneMode=false mDataActivity=0 mPhoneSignalIconId=0x0/(null) mQSPhoneSignalIconId=0x0/(null) mDataDirectionIconId=0x0/(null) mDataSignalIconId=0x0/(null) mDataTypeIconId=0x0/(null) mQSDataTypeIconId=0x0/(null) mNoSimIconId=0x0/(null) mWifiIconId=0x0/(null) mQSWifiIconId=0x0/(null) mWifiActivityIconId=0x0/(null) mBluetoothTetherIconId=0x108069b/android:drawable/stat_sys_tether_bluetooth
01-01 00:33:37.501 887-887/? D/StatusBar.NetworkController: hasService: mServiceState=null retVal=false
01-01 00:33:37.501 887-887/? D/StatusBar.NetworkController: updateTelephonySignalStrength: hasService=false ss=null
01-01 00:33:37.501 887-887/? D/StatusBar.NetworkController: hasService: mServiceState=null retVal=false
01-01 00:33:37.501 887-887/? D/TelephonyIcons: null signal icon name: drawable/stat_sys_signal_null
01-01 00:33:37.502 249-285/? D/VoldCmdListener: cryptfs getpw
01-01 00:33:37.503 887-887/? D/StatusBar.NetworkController: updateTelephonySignalStrength, No signal level. mPhoneSignalIconId = com.android.systemui:drawable/stat_sys_signal_null mDataSignalIconId = com.android.systemui:drawable/stat_sys_signal_null mQSPhoneSignalIconId = com.android.systemui:drawable/ic_qs_signal_no_signal mContentDescriptionPhoneSignal = string/accessibility_no_phone
01-01 00:33:37.503 887-887/? D/StatusBar.NetworkController: updateDataIcon, mDataDirectionIconId = (null) mDataConnected = false
01-01 00:33:37.503 887-887/? D/StatusBar.NetworkController: refreshViews: Data not connected!! Set no data type icon / Roaming
01-01 00:33:37.503 887-887/? D/StatusBar.NetworkController: refreshViews connected={ } level=?? combinedSignalIconId=0x0/(null) combinedActivityIconId=0x0 mobileLabel= wifiLabel=No Internet connection emergencyOnly=false combinedLabel=No Internet connection mAirplaneMode=false mDataActivity=0 mPhoneSignalIconId=0x0/(null) mQSPhoneSignalIconId=0x0/(null) mDataDirectionIconId=0x0/(null) mDataSignalIconId=0x0/(null) mDataTypeIconId=0x0/(null) mQSDataTypeIconId=0x0/(null) mNoSimIconId=0x0/(null) mWifiIconId=0x0/(null) mQSWifiIconId=0x0/(null) mWifiActivityIconId=0x0/(null) mBluetoothTetherIconId=0x108069b/android:drawable/stat_sys_tether_bluetooth
01-01 00:33:37.504 887-887/? D/PhoneStatusBarPolicy: updateSimState for subId :2147483643
01-01 00:33:37.505 887-887/? D/PhoneStatusBarPolicy: updateSimState for phoneId :0
01-01 00:33:37.506 887-887/? D/PhoneStatusBarPolicy: updateSimState for Slot :0
01-01 00:33:37.507 887-887/? D/StatusBar.NetworkController: updateIMSRegistrationForNewtorkName (HD);false
01-01 00:33:37.507 887-887/? D/StatusBar.NetworkController: refreshViews: Data not connected!! Set no data type icon / Roaming
01-01 00:33:37.507 887-887/? D/StatusBar.NetworkController: refreshViews connected={ } level=?? combinedSignalIconId=0x0/(null) combinedActivityIconId=0x0 mobileLabel= wifiLabel=No Internet connection emergencyOnly=false combinedLabel=No Internet connection mAirplaneMode=false mDataActivity=0 mPhoneSignalIconId=0x0/(null) mQSPhoneSignalIconId=0x0/(null) mDataDirectionIconId=0x0/(null) mDataSignalIconId=0x0/(null) mDataTypeIconId=0x0/(null) mQSDataTypeIconId=0x0/(null) mNoSimIconId=0x0/(null) mWifiIconId=0x0/(null) mQSWifiIconId=0x0/(null) mWifiActivityIconId=0x0/(null) mBluetoothTetherIconId=0x108069b/android:drawable/stat_sys_tether_bluetooth
01-01 00:33:37.507 887-904/? I/art: Background partial concurrent mark sweep GC freed 3184(184KB) AllocSpace objects, 1(9MB) LOS objects, 39% free, 15MB/26MB, paused 1.255ms total 102.666ms
01-01 00:33:37.530 1047-1047/com.android.phone V/XDivert: Action intent recieved:Intent { act=android.intent.action.ACTION_SUBINFO_RECORD_UPDATED flg=0x10 cmp=com.qti.xdivert/.XDivert }
01-01 00:33:37.531 1047-1047/com.android.phone D/QC_RIL_OEM_HOOK: QcrilMsgTunnelService Connected Successfully (onServiceConnected)
01-01 00:33:37.532 1047-1047/com.android.phone D/QC_RIL_OEM_HOOK: Calling onQcRilHookReady callback
01-01 00:33:37.532 1047-1047/com.android.phone D/QcDataStatusNotification Service: enableContentObservers: mPhoneCount = 1
01-01 00:33:37.535 1314-1314/com.qualcomm.telephony D/SimStateReceiver: received broadcast android.intent.action.SIM_STATE_CHANGED
01-01 00:33:37.535 1047-1047/com.android.phone D/QcDataStatusNotification Service: onChange():uri=content://settings/global/mobile_data0 authority=settings path=/global/mobile_data0 segments=[global, mobile_data0] uriLastSegment=mobile_data
01-01 00:33:37.536 1047-1047/com.android.phone D/QcDataStatusNotification Service: handleMessage: Data Enable changed to 1 on phoneId = 0
01-01 00:33:37.538 249-285/? D/VoldCmdListener: cryptfs clearpw
01-01 00:33:37.540 1314-1314/com.qualcomm.telephony D/SimStateReceiver: ACTION_SIM_STATE_CHANGED intent received on sub = 0SIM STATE IS NOT_READY
01-01 00:33:37.542 1314-1314/com.qualcomm.telephony W/ContextImpl: Calling a method in the system process without a qualified user: android.app.ContextImpl.startService:1699 android.content.ContextWrapper.startService:516 android.content.ContextWrapper.startService:516 com.qualcomm.simcontacts.SimStateReceiver.sendSimState:78 com.qualcomm.simcontacts.SimStateReceiver.onReceive:54
01-01 00:33:37.543 1314-1314/com.qualcomm.telephony D/SimContactsService: service onStart!
01-01 00:33:37.543 1314-1314/com.qualcomm.telephony D/SimContactsService: SIM contacts auto-sync is not enabled!
01-01 00:33:37.549 887-887/? D/PhoneStatusBar: disable: < EXPAND ICONS* alerts SYSTEM_INFO* BACK HOME RECENT clock SEARCH >
01-01 00:33:37.553 887-1280/? D/BluetoothAdapter: 604435622: getState() : mService = null. Returning STATE_OFF
01-01 00:33:37.553 887-1280/? D/BluetoothAdapter: 604435622: getState() : mService = null. Returning STATE_OFF
01-01 00:33:37.561 887-1280/? D/BluetoothAdapter: 604435622: getState() : mService = null. Returning STATE_OFF
01-01 00:33:37.561 887-1280/? D/BluetoothAdapter: 604435622: getState() : mService = null. Returning STATE_OFF
01-01 00:33:37.576 887-887/? W/Settings: Setting airplane_mode_on has moved from android.provider.Settings.System to android.provider.Settings.Global, returning read-only value.
01-01 00:33:37.609 887-887/? D/AndroidRuntime: Shutting down VM
01-01 00:33:37.610 887-887/? E/AndroidRuntime: FATAL EXCEPTION: main
Process: com.android.systemui, PID: 887
java.lang.NullPointerException: Attempt to invoke interface method ‘int android.security.IKeystoreService.zero()’ on a null object reference
at android.os.Parcel.readException(Parcel.java:1552)
at android.os.Parcel.readException(Parcel.java:1499)
at android.app.admin.IDevicePolicyManager$Stub$Proxy.requireSecureKeyguard(IDevicePolicyManager.java:4683)
at android.app.admin.DevicePolicyManager.requireSecureKeyguard(DevicePolicyManager.java:3591)
at com.android.internal.widget.LockPatternUtils.getActiveProfileLockMode(LockPatternUtils.java:1561)
at com.android.keyguard.KeyguardSecurityModel.getSecurityMode(KeyguardSecurityModel.java:96)
at com.android.keyguard.KeyguardSecurityContainer.showPrimarySecurityScreen(KeyguardSecurityContainer.java:414)
at com.android.keyguard.KeyguardViewBase.onFinishInflate(KeyguardViewBase.java:109)
at android.view.LayoutInflater.rInflate(LayoutInflater.java:814)
at android.view.LayoutInflater.parseInclude(LayoutInflater.java:916)
at android.view.LayoutInflater.rInflate(LayoutInflater.java:802)
at android.view.LayoutInflater.inflate(LayoutInflater.java:504)
at android.view.LayoutInflater.inflate(LayoutInflater.java:414)
at android.view.LayoutInflater.inflate(LayoutInflater.java:365)
at com.android.systemui.statusbar.phone.KeyguardBouncer.inflateView(KeyguardBouncer.java:173)
at com.android.systemui.statusbar.phone.KeyguardBouncer.ensureView(KeyguardBouncer.java:167)
at com.android.systemui.statusbar.phone.KeyguardBouncer.prepare(KeyguardBouncer.java:159)
at com.android.systemui.statusbar.phone.StatusBarKeyguardViewManager.showBouncerOrKeyguard(StatusBarKeyguardViewManager.java:117)
at com.android.systemui.statusbar.phone.StatusBarKeyguardViewManager.reset(StatusBarKeyguardViewManager.java:149)
at com.android.systemui.statusbar.phone.StatusBarKeyguardViewManager.show(StatusBarKeyguardViewManager.java:101)
at com.android.systemui.keyguard.KeyguardViewMediator.handleShow(KeyguardViewMediator.java:1331)
at com.android.systemui.keyguard.KeyguardViewMediator.access$2100(KeyguardViewMediator.java:122)
at com.android.systemui.keyguard.KeyguardViewMediator$4.handleMessage(KeyguardViewMediator.java:1149)
at android.os.Handler.dispatchMessage(Handler.java:102)
at android.os.Looper.loop(Looper.java:135)
at android.app.ActivityThread.main(ActivityThread.java:5254)
at java.lang.reflect.Method.invoke(Native Method)
at java.lang.reflect.Method.invoke(Method.java:372)
at com.android.internal.os.ZygoteInit$MethodAndArgsCaller.run(ZygoteInit.java:902)
at com.android.internal.os.ZygoteInit.main(ZygoteInit.java:697)
01-01 00:33:37.614 1047-1047/com.android.phone V/QC_RIL_OEM_HOOK: sendRilOemHookMsgAsync: Outgoing Data is 514f454d484f4f4b280008000400000001000000
01-01 00:33:37.616 1386-1386/com.qualcomm.qcrilmsgtunnel D/QcrilMsgTunnelIfaceManager: handleMessage what = 3
01-01 00:33:37.617 1386-1386/com.qualcomm.qcrilmsgtunnel D/QcrilMsgTunnelSocket: [1000] > OEM_HOOK_RAW[514f454d484f4f4b280008000400000001000000]
01-01 00:33:37.617 1047-1047/com.android.phone D/QcDataStatusNotification Service: onChange():uri=content://settings/global/data_roaming0 authority=settings path=/global/data_roaming0 segments=[global, data_roaming0] uriLastSegment=data_roaming
01-01 00:33:37.618 1047-1047/com.android.phone D/QcDataStatusNotification Service: handleMessage: Data Roaming changed to 1 on phoneId = 0
01-01 00:33:37.618 1386-1386/com.qualcomm.qcrilmsgtunnel D/QcRilRequest: [1000] < OEM_HOOK_RAW error: com.android.internal.telephony.CommandException: RADIO_NOT_AVAILABLE
01-01 00:33:37.618 1047-1047/com.android.phone V/QC_RIL_OEM_HOOK: sendRilOemHookMsgAsync: Outgoing Data is 514f454d484f4f4b290008000400000001000000
01-01 00:33:37.619 1386-1386/com.qualcomm.qcrilmsgtunnel D/QcrilMsgTunnelIfaceManager: handleMessage what = 3
01-01 00:33:37.619 1386-1386/com.qualcomm.qcrilmsgtunnel D/QcrilMsgTunnelSocket: [1001] > OEM_HOOK_RAW[514f454d484f4f4b290008000400000001000000]
01-01 00:33:37.619 1386-1386/com.qualcomm.qcrilmsgtunnel D/QcRilRequest: [1001] < OEM_HOOK_RAW error: com.android.internal.telephony.CommandException: RADIO_NOT_AVAILABLE
01-01 00:33:37.620 1386-1386/com.qualcomm.qcrilmsgtunnel D/QcrilMsgTunnelIfaceManager: handleMessage what = 4
01-01 00:33:37.620 1386-1386/com.qualcomm.qcrilmsgtunnel E/QcrilMsgTunnelIfaceManager: OEM_RIL_REQUEST_ASYNC_DONE Error received :com.android.internal.telephony.CommandException: RADIO_NOT_AVAILABLE
01-01 00:33:37.620 1386-1386/com.qualcomm.qcrilmsgtunnel D/QcrilMsgTunnelIfaceManager: handleMessage what = 4
01-01 00:33:37.620 1386-1386/com.qualcomm.qcrilmsgtunnel E/QcrilMsgTunnelIfaceManager: OEM_RIL_REQUEST_ASYNC_DONE Error received :com.android.internal.telephony.CommandException: RADIO_NOT_AVAILABLE
01-01 00:33:37.621 1047-1047/com.android.phone D/QcDataStatusNotification Service: onChange():uri=content://telephony/carriers authority=telephony path=/carriers segments=[carriers] uriLastSegment=carriers
