01-01 00:33:43.886 2012-2012/com.android.systemui D/PhoneStatusBar: disable: < expand* ICONS alerts SYSTEM_INFO back* HOME RECENT clock SEARCH >
01-01 00:33:44.026 407-407/? E/QC-QMI: qmi_client [407]: unable to connect to server, errno=[2:No such file or directory], attempt=28
01-01 00:33:44.060 306-306/? E/USB_UICC: Timeout! No signal received. Retry num = 27
01-01 00:33:44.100 250-250/? I/SurfaceFlinger: FPS: 29
01-01 00:33:44.507 1047-1374/com.android.phone E/ImsSenderRxr: Exception in socket create’java.io.IOException: No such file or directory
01-01 00:33:44.508 1047-1374/com.android.phone I/ImsSenderRxr: Couldn’t find qmux_radio/rild_ims0socket; retrying after timeout
01-01 00:33:44.543 1617-2301/com.android.providers.calendar E/SQLiteLog: (284) automatic index on view_events(_id)
01-01 00:33:44.822 1386-1410/com.qualcomm.qcrilmsgtunnel E/QcrilMsgTunnelSocket: IOException - java.io.IOException: No such file or directory Reason: No such file or directory
01-01 00:33:44.823 1386-1410/com.qualcomm.qcrilmsgtunnel I/QcrilMsgTunnelSocket: Couldn’t find ‘qmux_radio/rild_oem0’ socket; retrying after timeout
01-01 00:33:45.027 407-407/? E/QC-QMI: qmi_client [407]: unable to connect to server, errno=[2:No such file or directory], attempt=29
01-01 00:33:45.061 306-306/? E/USB_UICC: Timeout! No signal received. Retry num = 28
01-01 00:33:45.174 250-250/? I/SurfaceFlinger: FPS: 27
01-01 00:33:45.874 733-1183/system_process E/LocSvc_libulp: I/===> int ulp_msg_process_system_update(UlpSystemEvent) line 1455
01-01 00:33:45.874 733-1183/system_process E/LocSvc_libulp: I/int ulp_msg_process_system_update(UlpSystemEvent): systemEvent:5
01-01 00:33:45.874 733-1183/system_process E/LocSvc_libulp: I/===> int ulp_brain_process_system_update(UlpSystemEvent) line 2352
01-01 00:33:45.874 733-1183/system_process E/LocSvc_libulp: I/===> int ulp_brain_select_providers() line 333
01-01 00:33:45.875 733-1183/system_process E/LocSvc_libulp: I/===> int ulp_brain_turn_onoff_quipc_provider() line 700
01-01 00:33:45.875 733-1183/system_process E/LocSvc_libulp: I/===> int ulp_quipc_stop_engine() line 235
01-01 00:33:45.875 733-1183/system_process E/LocSvc_libulp: I/===> bool ulp_quipc_engine_running() line 60
01-01 00:33:45.875 733-1183/system_process E/LocSvc_libulp: I/===> int ulp_brain_turn_onoff_gnss_provider() line 595
01-01 00:33:45.875 733-1183/system_process E/LocSvc_libulp: I/===> int ulp_gnss_stop_engine() line 262
01-01 00:33:45.875 733-1183/system_process E/LocSvc_libulp: I/===> bool ulp_quipc_engine_running() line 60
01-01 00:33:45.875 733-1183/system_process E/LocSvc_libulp: I/===> int ulp_brain_turn_onoff_gnp_provider() line 496
01-01 00:33:45.875 733-1183/system_process E/LocSvc_libulp: I/===> bool ulp_gnp_engine_running() line 59
01-01 00:33:45.875 733-1183/system_process E/LocSvc_libulp: I/===> int ulp_gnp_stop_engine() line 195
01-01 00:33:45.875 733-1183/system_process E/LocSvc_libulp: I/===> bool ulp_gnp_engine_running() line 59
01-01 00:33:45.875 733-1183/system_process E/LocSvc_libulp: I/===> bool ulp_gnp_engine_running() line 59
01-01 00:33:45.875 733-1183/system_process E/LocSvc_libulp: I/===> int ulp_brain_turn_onoff_zpp_provider() line 437
01-01 00:33:45.875 733-1183/system_process E/LocSvc_libulp: I/===> int ulp_zpp_start_engine() line 98
01-01 00:33:45.875 733-1183/system_process E/LocSvc_libulp: I/===> bool ulp_zpp_engine_running() line 62
01-01 00:33:45.875 733-1183/system_process E/LocSvc_libulp: I/===> int ulp_msg_process_start_req() line 447
01-01 00:33:45.875 733-1183/system_process E/LocSvc_libulp: I/int ulp_msg_process_start_req(), at ulp state = 1
01-01 00:33:45.876 733-1003/system_process E/LocSvc_api_v02: I/—> locClientSendReq line 2065 QMI_LOC_GET_BEST_AVAILABLE_POSITION_REQ_V02
01-01 00:33:45.878 733-1046/system_process E/LocSvc_ApiV02: I/<— void globalRespCb(locClientHandleType, uint32_t, locClientRespIndUnionType, void*) line 111 QMI_LOC_GET_BEST_AVAILABLE_POSITION_REQ_V02
01-01 00:33:45.878 733-1183/system_process E/LocSvc_libulp: I/===> int ulp_brain_process_zpp_position_report(loc_sess_status, LocPosTechMask, const UlpLocation*) line 1463
01-01 00:33:45.878 733-1183/system_process E/LocSvc_libulp: I/int ulp_brain_process_zpp_position_report(loc_sess_status, LocPosTechMask, const UlpLocation*), report ZPP position to providers,report_position = 0
01-01 00:33:45.878 733-1183/system_process E/LocSvc_libulp: I/===> int ulp_brain_select_providers() line 333
01-01 00:33:45.878 733-1183/system_process E/LocSvc_libulp: I/===> int ulp_brain_turn_onoff_quipc_provider() line 700
01-01 00:33:45.878 733-1183/system_process E/LocSvc_libulp: I/===> int ulp_quipc_stop_engine() line 235
01-01 00:33:45.878 733-1183/system_process E/LocSvc_libulp: I/===> bool ulp_quipc_engine_running() line 60
01-01 00:33:45.878 733-1183/system_process E/LocSvc_libulp: I/===> int ulp_brain_turn_onoff_gnss_provider() line 595
01-01 00:33:45.878 733-1183/system_process E/LocSvc_libulp: I/===> int ulp_gnss_stop_engine() line 262
01-01 00:33:45.878 733-1183/system_process E/LocSvc_libulp: I/===> bool ulp_quipc_engine_running() line 60
01-01 00:33:45.878 733-1183/system_process E/LocSvc_libulp: I/===> int ulp_brain_turn_onoff_gnp_provider() line 496
01-01 00:33:45.878 733-1183/system_process E/LocSvc_libulp: I/===> bool ulp_gnp_engine_running() line 59
01-01 00:33:45.878 733-1183/system_process E/LocSvc_libulp: I/===> int ulp_gnp_stop_engine() line 195
01-01 00:33:45.878 733-1183/system_process E/LocSvc_libulp: I/===> bool ulp_gnp_engine_running() line 59
01-01 00:33:45.878 733-1183/system_process E/LocSvc_libulp: I/===> bool ulp_gnp_engine_running() line 59
01-01 00:33:45.879 733-1183/system_process E/LocSvc_libulp: I/===> int ulp_brain_turn_onoff_zpp_provider() line 437
01-01 00:33:45.879 733-1183/system_process E/LocSvc_libulp: I/===> int ulp_zpp_stop_engine() line 174
01-01 00:33:45.879 733-1183/system_process E/LocSvc_libulp: I/===> bool ulp_zpp_engine_running() line 62
01-01 00:33:46.027 407-407/? E/QC-QMI: qmi_client [407]: unable to connect to server, errno=[2:No such file or directory], attempt=30
01-01 00:33:46.061 306-306/? E/USB_UICC: Timeout! No signal received. Retry num = 29
01-01 00:33:46.091 733-750/system_process I/ActivityManager: Process com.android.dialer (pid 1576) has died
01-01 00:33:46.630 733-798/system_process I/DPMJ: |REQ:RCVR| DPM creating socket
01-01 00:33:47.027 407-407/? E/QC-QMI: qmi_client [407]: unable to connect to server, errno=[2:No such file or directory], attempt=31
01-01 00:33:47.061 306-306/? E/USB_UICC: Timeout! No signal received. Retry num = 30
01-01 00:33:47.265 306-306/? E/USB_UICC: Timeout! No signal received. Reach maximum retries!
01-01 00:33:47.265 306-306/? E/USB_UICC: usb_uicc_init_qmi failed !
01-01 00:33:47.265 306-306/? I/USB_UICC: usb_uicc_cleanup, signal received: 0x3
01-01 00:33:47.265 306-306/? I/USB_UICC: usb_uicc_cleanup, Issuing QMI deinit …
01-01 00:33:48.028 407-407/? E/QC-QMI: qmi_client [407]: unable to connect to server, errno=[2:No such file or directory], attempt=32
01-01 00:33:48.475 2094-2293/com.android.calendar I/GlobalDismissManager: no sender configured
01-01 00:33:48.476 2094-2293/com.android.calendar D/AlertService: Beginning updateAlertNotification
01-01 00:33:48.490 2094-2293/com.android.calendar D/AlertService: No fired or scheduled alerts
01-01 00:33:48.508 1047-1374/com.android.phone E/ImsSenderRxr: Exception in socket create’java.io.IOException: No such file or directory
01-01 00:33:48.508 1047-1374/com.android.phone I/ImsSenderRxr: Couldn’t find qmux_radio/rild_ims0socket; retrying after timeout
01-01 00:33:48.521 2094-2293/com.android.calendar D/AlertService: Scheduling next alarm with AlarmScheduler. sEventReminderReceived: null
01-01 00:33:48.534 2094-2293/com.android.calendar D/AlarmScheduler: No events found starting within 1 week.
01-01 00:33:48.823 1386-1410/com.qualcomm.qcrilmsgtunnel E/QcrilMsgTunnelSocket: IOException - java.io.IOException: No such file or directory Reason: No such file or directory
01-01 00:33:48.823 1386-1410/com.qualcomm.qcrilmsgtunnel I/QcrilMsgTunnelSocket: Couldn’t find ‘qmux_radio/rild_oem0’ socket; retrying after timeout
01-01 00:33:49.028 407-407/? E/QC-QMI: qmi_client [407]: unable to connect to server, errno=[2:No such file or directory], attempt=33
01-01 00:33:50.028 407-407/? E/QC-QMI: qmi_client [407]: unable to connect to server, errno=[2:No such file or directory], attempt=34
01-01 00:33:50.631 733-798/system_process I/DPMJ: |REQ:RCVR| DPM creating socket
01-01 00:33:51.028 407-407/? E/QC-QMI: qmi_client [407]: unable to connect to server, errno=[2:No such file or directory], attempt=35
01-01 00:33:51.217 733-754/system_process I/ActivityManager: Waited long enough for: ServiceRecord{1f62e6ef u0 com.qualcomm.simcontacts/.SimContactsService}
01-01 00:33:51.934 250-250/? I/SurfaceFlinger: FPS: 2
01-01 00:33:52.029 407-407/? E/QC-QMI: qmi_client [407]: unable to connect to server, errno=[2:No such file or directory], attempt=36
01-01 00:33:52.510 1047-1374/com.android.phone E/ImsSenderRxr: Exception in socket create’java.io.IOException: No such file or directory
01-01 00:33:52.510 1047-1374/com.android.phone I/ImsSenderRxr: Couldn’t find qmux_radio/rild_ims0socket; retrying after timeout
01-01 00:33:52.825 1386-1410/com.qualcomm.qcrilmsgtunnel E/QcrilMsgTunnelSocket: IOException - java.io.IOException: No such file or directory Reason: No such file or directory
01-01 00:33:52.825 1386-1410/com.qualcomm.qcrilmsgtunnel I/QcrilMsgTunnelSocket: Couldn’t find ‘qmux_radio/rild_oem0’ socket; retrying after timeout
01-01 00:33:52.967 250-250/? I/SurfaceFlinger: FPS: 23
01-01 00:33:53.029 407-407/? E/QC-QMI: qmi_client [407]: unable to connect to server, errno=[2:No such file or directory], attempt=37
01-01 00:33:53.895 733-761/system_process I/PowerManagerService: Going to sleep due to screen timeout (uid 1000)…
01-01 00:33:53.898 733-761/system_process I/PowerManagerService: Sleeping (uid 1000)…
01-01 00:33:53.920 733-761/system_process I/Adreno-EGL: <qeglDrvAPI_eglInitialize:379>: EGL 1.4 QUALCOMM build: AU_LINUX_ANDROID_LA.BR.1.2.4_RB1.05.01.01.121.018_msm8916_64_refs/tags/AU_LINUX_ANDROID_LA.BR.1.2.4_RB1.05.01.01.121.018__release_AU (I32dcf20b99)
OpenGL ES Shader Compiler Version: E031.25.03.04
Build Date: 08/05/15 Wed
Local Branch:
Remote Branch: refs/tags/AU_LINUX_ANDROID_LA.BR.1.2.4_RB1.05.01.01.121.018
Local Patches: NONE
Reconstruct Branch: NOTHING
01-01 00:33:53.947 296-816/? V/SRS_Proc: ParamSet string: screen_state=on
01-01 00:33:53.947 296-816/? D/audio_hw_primary: adev_set_parameters: enter: screen_state=on
01-01 00:33:53.947 296-816/? D/audio_hw_extn: audio_extn_set_anc_parameters: anc_enabled:0
01-01 00:33:53.947 296-816/? E/audio_a2dp_hw: adev_set_parameters: ERROR: set param called even when stream out is null
01-01 00:33:53.951 733-790/system_process E/WifiStateMachine: cancelDelayedScan → 1
01-01 00:33:53.952 250-764/? D/PermissionCache: checking android.permission.READ_FRAME_BUFFER for uid=1000 => granted (714 us)
01-01 00:33:53.963 2012-2012/com.android.systemui D/PhoneStatusBar: disable: < expand ICONS alerts SYSTEM_INFO back HOME RECENT clock SEARCH >
01-01 00:33:53.986 733-733/system_process D/Ulp_jni: JNI:system_update. Event-0
01-01 00:33:53.986 733-1183/system_process E/LocSvc_libulp: I/===> int ulp_msg_process_system_update(UlpSystemEvent) line 1455
01-01 00:33:53.986 733-1183/system_process E/LocSvc_libulp: I/int ulp_msg_process_system_update(UlpSystemEvent): systemEvent:0
01-01 00:33:53.986 733-1183/system_process E/LocSvc_libulp: I/===> int ulp_brain_process_system_update(UlpSystemEvent) line 2352
01-01 00:33:53.991 2012-2012/com.android.systemui D/StatusBar.NetworkController: onDataActivity: direction=0
01-01 00:33:53.991 2012-2012/com.android.systemui D/StatusBar.NetworkController: updateDataIcon, mDataDirectionIconId = (null) mDataConnected = false
01-01 00:33:53.991 2012-2012/com.android.systemui D/StatusBar.NetworkController: refreshViews: Data not connected!! Set no data type icon / Roaming
01-01 00:33:53.992 2012-2012/com.android.systemui D/StatusBar.NetworkController: refreshViews connected={ } level=0 combinedSignalIconId=0x0/(null) combinedActivityIconId=0x0 mobileLabel= wifiLabel=No Internet connection emergencyOnly=false combinedLabel=No Internet connection mAirplaneMode=false mDataActivity=0 mPhoneSignalIconId=0x0/(null) mQSPhoneSignalIconId=0x0/(null) mDataDirectionIconId=0x0/(null) mDataSignalIconId=0x0/(null) mDataTypeIconId=0x0/(null) mQSDataTypeIconId=0x0/(null) mNoSimIconId=0x0/(null) mWifiIconId=0x0/(null) mQSWifiIconId=0x0/(null) mWifiActivityIconId=0x0/(null) mBluetoothTetherIconId=0x108069b/android:drawable/stat_sys_tether_bluetooth
01-01 00:33:53.993 2012-2012/com.android.systemui D/StatusBar.NetworkController: onDataActivity: direction=0
01-01 00:33:53.993 2012-2012/com.android.systemui D/StatusBar.NetworkController: updateDataIcon, mDataDirectionIconId = (null) mDataConnected = false
01-01 00:33:53.993 2012-2012/com.android.systemui D/StatusBar.NetworkController: refreshViews: Data not connected!! Set no data type icon / Roaming
01-01 00:33:53.993 2012-2012/com.android.systemui D/StatusBar.NetworkController: refreshViews connected={ } level=0 combinedSignalIconId=0x0/(null) combinedActivityIconId=0x0 mobileLabel= wifiLabel=No Internet connection emergencyOnly=false combinedLabel=No Internet connection mAirplaneMode=false mDataActivity=0 mPhoneSignalIconId=0x0/(null) mQSPhoneSignalIconId=0x0/(null) mDataDirectionIconId=0x0/(null) mDataSignalIconId=0x0/(null) mDataTypeIconId=0x0/(null) mQSDataTypeIconId=0x0/(null) mNoSimIconId=0x0/(null) mWifiIconId=0x0/(null) mQSWifiIconId=0x0/(null) mWifiActivityIconId=0x0/(null) mBluetoothTetherIconId=0x108069b/android:drawable/stat_sys_tether_bluetooth
01-01 00:33:54.003 250-250/? I/SurfaceFlinger: FPS: 9
01-01 00:33:54.021 733-790/system_process E/WifiStateMachine: cancelDelayedScan → 2
01-01 00:33:54.023 296-815/? V/SRS_Proc: ParamSet string: screen_state=off
01-01 00:33:54.023 296-815/? D/audio_hw_primary: adev_set_parameters: enter: screen_state=off
01-01 00:33:54.023 296-815/? D/audio_hw_extn: audio_extn_set_anc_parameters: anc_enabled:0
01-01 00:33:54.023 296-815/? E/audio_a2dp_hw: adev_set_parameters: ERROR: set param called even when stream out is null
01-01 00:33:54.030 407-407/? E/QC-QMI: qmi_client [407]: unable to connect to server, errno=[2:No such file or directory], attempt=38
01-01 00:33:54.042 2012-2012/com.android.systemui D/StatusBar.NetworkController: onDataActivity: direction=0
01-01 00:33:54.042 2012-2012/com.android.systemui D/StatusBar.NetworkController: updateDataIcon, mDataDirectionIconId = (null) mDataConnected = false
01-01 00:33:54.042 2012-2012/com.android.systemui D/StatusBar.NetworkController: refreshViews: Data not connected!! Set no data type icon / Roaming
01-01 00:33:54.042 2012-2012/com.android.systemui D/StatusBar.NetworkController: refreshViews connected={ } level=0 combinedSignalIconId=0x0/(null) combinedActivityIconId=0x0 mobileLabel= wifiLabel=No Internet connection emergencyOnly=false combinedLabel=No Internet connection mAirplaneMode=false mDataActivity=0 mPhoneSignalIconId=0x0/(null) mQSPhoneSignalIconId=0x0/(null) mDataDirectionIconId=0x0/(null) mDataSignalIconId=0x0/(null) mDataTypeIconId=0x0/(null) mQSDataTypeIconId=0x0/(null) mNoSimIconId=0x0/(null) mWifiIconId=0x0/(null) mQSWifiIconId=0x0/(null) mWifiActivityIconId=0x0/(null) mBluetoothTetherIconId=0x108069b/android:drawable/stat_sys_tether_bluetooth
01-01 00:33:54.046 2012-2012/com.android.systemui D/StatusBar.NetworkController: onDataActivity: direction=0
01-01 00:33:54.046 2012-2012/com.android.systemui D/StatusBar.NetworkController: updateDataIcon, mDataDirectionIconId = (null) mDataConnected = false
01-01 00:33:54.046 2012-2012/com.android.systemui D/StatusBar.NetworkController: refreshViews: Data not connected!! Set no data type icon / Roaming
01-01 00:33:54.046 2012-2012/com.android.systemui D/StatusBar.NetworkController: refreshViews connected={ } level=0 combinedSignalIconId=0x0/(null) combinedActivityIconId=0x0 mobileLabel= wifiLabel=No Internet connection emergencyOnly=false combinedLabel=No Internet connection mAirplaneMode=false mDataActivity=0 mPhoneSignalIconId=0x0/(null) mQSPhoneSignalIconId=0x0/(null) mDataDirectionIconId=0x0/(null) mDataSignalIconId=0x0/(null) mDataTypeIconId=0x0/(null) mQSDataTypeIconId=0x0/(null) mNoSimIconId=0x0/(null) mWifiIconId=0x0/(null) mQSWifiIconId=0x0/(null) mWifiActivityIconId=0x0/(null) mBluetoothTetherIconId=0x108069b/android:drawable/stat_sys_tether_bluetooth
01-01 00:33:54.315 733-754/system_process I/ActivityManager: Waited long enough for: ServiceRecord{4d9380 u0 com.qti.diagservices/.QTIDiagServices}
01-01 00:33:54.574 733-759/system_process I/DisplayManagerService: Display device changed: DisplayDeviceInfo{“Built-in Screen”: uniqueId=“local:0”, 1920 x 1080, 60.0 fps, supportedRefreshRates [60.0], density 240, 304.799 x 304.799 dpi, appVsyncOff 0, presDeadline 17666667, touch INTERNAL, rotation 0, type BUILT_IN, state OFF, FLAG_DEFAULT_DISPLAY, FLAG_ROTATES_WITH_CONTENT, FLAG_SECURE, FLAG_SUPPORTS_PROTECTED_BUFFERS}
01-01 00:33:54.575 733-733/system_process V/ActivityManager: Display changed displayId=0
01-01 00:33:54.579 250-250/? D/SurfaceFlinger: Set power mode=0, type=0 flinger=0x559a0b34b0
01-01 00:33:54.580 250-250/? D/qdhwcomposer: hwc_setPowerMode: Setting mode 0 on display: 0
01-01 00:33:54.584 250-250/? E/qdutils: int qdutils::getHDMINode(): Failed to open fb node 2
01-01 00:33:54.584 250-250/? E/qdutils: int qdutils::getHDMINode(): Failed to find HDMI node
01-01 00:33:54.585 336-2113/? E/libnav: AbaSetOriginalBacklightLevel: bad input paramters
01-01 00:33:54.632 733-798/system_process I/DPMJ: |REQ:RCVR| DPM creating socket
01-01 00:33:54.677 250-510/? I/qdhwcomposer: handle_blank_event: dpy:0 panel power state: 0
01-01 00:33:54.678 250-510/? E/qdutils: int qdutils::getHDMINode(): Failed to open fb node 2
01-01 00:33:54.678 250-510/? E/qdutils: int qdutils::getHDMINode(): Failed to find HDMI node
01-01 00:33:54.678 250-250/? D/qdhwcomposer: hwc_setPowerMode: Done setting mode 0 on display 0
01-01 00:33:54.680 733-829/system_process D/SurfaceControl: Excessive delay in setPowerMode(): 106ms
01-01 00:33:54.681 733-829/system_process I/QCOM PowerHAL: Got set_interactive hint
01-01 00:33:55.030 407-407/? E/QC-QMI: qmi_client [407]: unable to connect to server, errno=[2:No such file or directory], attempt=39
01-01 00:33:55.875 733-1183/system_process E/LocSvc_libulp: I/===> int ulp_msg_process_system_update(UlpSystemEvent) line 1455
01-01 00:33:55.875 733-1183/system_process E/LocSvc_libulp: I/int ulp_msg_process_system_update(UlpSystemEvent): systemEvent:5
01-01 00:33:55.875 733-1183/system_process E/LocSvc_libulp: I/===> int ulp_brain_process_system_update(UlpSystemEvent) line 2352
01-01 00:33:55.875 733-1183/system_process E/LocSvc_libulp: I/===> int ulp_brain_select_providers() line 333
01-01 00:33:55.875 733-1183/system_process E/LocSvc_libulp: I/===> int ulp_brain_turn_onoff_quipc_provider() line 700
01-01 00:33:55.875 733-1183/system_process E/LocSvc_libulp: I/===> int ulp_quipc_stop_engine() line 235
01-01 00:33:55.875 733-1183/system_process E/LocSvc_libulp: I/===> bool ulp_quipc_engine_running() line 60
01-01 00:33:55.875 733-1183/system_process E/LocSvc_libulp: I/===> int ulp_brain_turn_onoff_gnss_provider() line 595
01-01 00:33:55.875 733-1183/system_process E/LocSvc_libulp: I/===> int ulp_gnss_stop_engine() line 262
01-01 00:33:55.875 733-1183/system_process E/LocSvc_libulp: I/===> bool ulp_quipc_engine_running() line 60
01-01 00:33:55.875 733-1183/system_process E/LocSvc_libulp: I/===> int ulp_brain_turn_onoff_gnp_provider() line 496
01-01 00:33:55.875 733-1183/system_process E/LocSvc_libulp: I/===> bool ulp_gnp_engine_running() line 59
01-01 00:33:55.875 733-1183/system_process E/LocSvc_libulp: I/===> int ulp_gnp_stop_engine() line 195
01-01 00:33:55.875 733-1183/system_process E/LocSvc_libulp: I/===> bool ulp_gnp_engine_running() line 59
01-01 00:33:55.875 733-1183/system_process E/LocSvc_libulp: I/===> bool ulp_gnp_engine_running() line 59
01-01 00:33:55.875 733-1183/system_process E/LocSvc_libulp: I/===> int ulp_brain_turn_onoff_zpp_provider() line 437
01-01 00:33:55.875 733-1183/system_process E/LocSvc_libulp: I/===> int ulp_zpp_start_engine() line 98
01-01 00:33:55.875 733-1183/system_process E/LocSvc_libulp: I/===> bool ulp_zpp_engine_running() line 62
01-01 00:33:55.875 733-1183/system_process E/LocSvc_libulp: I/===> int ulp_msg_process_start_req() line 447
01-01 00:33:55.875 733-1183/system_process E/LocSvc_libulp: I/int ulp_msg_process_start_req(), at ulp state = 1
01-01 00:33:55.876 733-1003/system_process E/LocSvc_api_v02: I/—> locClientSendReq line 2065 QMI_LOC_GET_BEST_AVAILABLE_POSITION_REQ_V02
01-01 00:33:55.880 733-1046/system_process E/LocSvc_ApiV02: I/<— void globalRespCb(locClientHandleType, uint32_t, locClientRespIndUnionType, void*) line 111 QMI_LOC_GET_BEST_AVAILABLE_POSITION_REQ_V02
01-01 00:33:55.881 733-1183/system_process E/LocSvc_libulp: I/===> int ulp_brain_process_zpp_position_report(loc_sess_status, LocPosTechMask, const UlpLocation*) line 1463
01-01 00:33:55.881 733-1183/system_process E/LocSvc_libulp: I/int ulp_brain_process_zpp_position_report(loc_sess_status, LocPosTechMask, const UlpLocation*), report ZPP position to providers,report_position = 0
01-01 00:33:55.881 733-1183/system_process E/LocSvc_libulp: I/===> int ulp_brain_select_providers() line 333
01-01 00:33:55.881 733-1183/system_process E/LocSvc_libulp: I/===> int ulp_brain_turn_onoff_quipc_provider() line 700
01-01 00:33:55.881 733-1183/system_process E/LocSvc_libulp: I/===> int ulp_quipc_stop_engine() line 235
01-01 00:33:55.881 733-1183/system_process E/LocSvc_libulp: I/===> bool ulp_quipc_engine_running() line 60
01-01 00:33:55.881 733-1183/system_process E/LocSvc_libulp: I/===> int ulp_brain_turn_onoff_gnss_provider() line 595
01-01 00:33:55.881 733-1183/system_process E/LocSvc_libulp: I/===> int ulp_gnss_stop_engine() line 262
01-01 00:33:55.881 733-1183/system_process E/LocSvc_libulp: I/===> bool ulp_quipc_engine_running() line 60
01-01 00:33:55.881 733-1183/system_process E/LocSvc_libulp: I/===> int ulp_brain_turn_onoff_gnp_provider() line 496
01-01 00:33:55.881 733-1183/system_process E/LocSvc_libulp: I/===> bool ulp_gnp_engine_running() line 59
01-01 00:33:55.882 733-1183/system_process E/LocSvc_libulp: I/===> int ulp_gnp_stop_engine() line 195
01-01 00:33:55.882 733-1183/system_process E/LocSvc_libulp: I/===> bool ulp_gnp_engine_running() line 59
01-01 00:33:55.882 733-1183/system_process E/LocSvc_libulp: I/===> bool ulp_gnp_engine_running() line 59
01-01 00:33:55.882 733-1183/system_process E/LocSvc_libulp: I/===> int ulp_brain_turn_onoff_zpp_provider() line 437
01-01 00:33:55.882 733-1183/system_process E/LocSvc_libulp: I/===> int ulp_zpp_stop_engine() line 174
01-01 00:33:55.882 733-1183/system_process E/LocSvc_libulp: I/===> bool ulp_zpp_engine_running() line 62
01-01 00:33:56.031 407-407/? E/QC-QMI: qmi_client [407]: unable to connect to server, errno=[2:No such file or directory], attempt=40
01-01 00:33:56.511 1047-1374/com.android.phone E/ImsSenderRxr: Exception in socket create’java.io.IOException: No such file or directory
01-01 00:33:56.511 1047-1374/com.android.phone I/ImsSenderRxr: Couldn’t find qmux_radio/rild_ims0socket; retrying after timeout
01-01 00:33:56.681 733-754/system_process I/ActivityManager: Waited long enough for: ServiceRecord{2e3ab2f0 u0 com.android.calendar/.alerts.InitAlarmsService}
01-01 00:33:56.826 1386-1410/com.qualcomm.qcrilmsgtunnel E/QcrilMsgTunnelSocket: IOException - java.io.IOException: No such file or directory Reason: No such file or directory
01-01 00:33:56.826 1386-1410/com.qualcomm.qcrilmsgtunnel I/QcrilMsgTunnelSocket: Couldn’t find ‘qmux_radio/rild_oem0’ socket; retrying after timeout
01-01 00:33:57.031 407-407/? E/QC-QMI: qmi_client [407]: unable to connect to server, errno=[2:No such file or directory], attempt=41
01-01 00:33:58.031 407-407/? E/QC-QMI: qmi_client [407]: unable to connect to server, errno=[2:No such file or directory], attempt=42
01-01 00:33:58.142 733-754/system_process I/ActivityManager: Waited long enough for: ServiceRecord{25de114b u0 com.qualcomm.svi/.SVIService}
01-01 00:33:58.189 733-754/system_process I/ActivityManager: Waited long enough for: ServiceRecord{165d241f u0 com.qualcomm.atfwd/.AtFwdService}
01-01 00:33:58.633 733-798/system_process I/DPMJ: |REQ:RCVR| DPM creating socket
01-01 00:33:58.634 733-798/system_process W/DPMJ: |REQ:RCVR| Couldn’t find ‘dpmd’ socket after 8 times, continuing to retry silently
01-01 00:33:59.032 407-407/? E/QC-QMI: qmi_client [407]: unable to connect to server, errno=[2:No such file or directory], attempt=43
01-01 00:34:00.032 407-407/? E/QC-QMI: qmi_client [407]: unable to connect to server, errno=[2:No such file or directory], attempt=44
01-01 00:34:00.512 1047-1374/com.android.phone E/ImsSenderRxr: Exception in socket create’java.io.IOException: No such file or directory
01-01 00:34:00.512 1047-1374/com.android.phone I/ImsSenderRxr: Couldn’t find qmux_radio/rild_ims0socket; retrying after timeout
01-01 00:34:00.827 1386-1410/com.qualcomm.qcrilmsgtunnel E/QcrilMsgTunnelSocket: IOException - java.io.IOException: No such file or directory Reason: No such file or directory
01-01 00:34:00.827 1386-1410/com.qualcomm.qcrilmsgtunnel I/QcrilMsgTunnelSocket: Couldn’t find ‘qmux_radio/rild_oem0’ socket; retrying after timeout
01-01 00:34:01.033 407-407/? E/QC-QMI: qmi_client [407]: unable to connect to server, errno=[2:No such file or directory], attempt=45
01-01 00:34:02.033 407-407/? E/QC-QMI: qmi_client [407]: unable to connect to server, errno=[2:No such file or directory], attempt=46
01-01 00:34:02.635 733-798/system_process I/DPMJ: |REQ:RCVR| DPM creating socket
01-01 00:34:03.034 407-407/? E/QC-QMI: qmi_client [407]: unable to connect to server, errno=[2:No such file or directory], attempt=47
01-01 00:34:04.035 407-407/? E/QC-QMI: qmi_client [407]: unable to connect to server, errno=[2:No such file or directory], attempt=48
01-01 00:34:04.513 1047-1374/com.android.phone E/ImsSenderRxr: Exception in socket create’java.io.IOException: No such file or directory
01-01 00:34:04.513 1047-1374/com.android.phone I/ImsSenderRxr: Couldn’t find qmux_radio/rild_ims0socket; retrying after timeout
01-01 00:34:04.828 1386-1410/com.qualcomm.qcrilmsgtunnel E/QcrilMsgTunnelSocket: IOException - java.io.IOException: No such file or directory Reason: No such file or directory
01-01 00:34:04.828 1386-1410/com.qualcomm.qcrilmsgtunnel I/QcrilMsgTunnelSocket: Couldn’t find ‘qmux_radio/rild_oem0’ socket; retrying after timeout
01-01 00:34:05.036 407-407/? E/QC-QMI: qmi_client [407]: unable to connect to server, errno=[2:No such file or directory], attempt=49
01-01 00:34:05.875 733-1183/system_process E/LocSvc_libulp: I/===> int ulp_msg_process_system_update(UlpSystemEvent) line 1455
01-01 00:34:05.875 733-1183/system_process E/LocSvc_libulp: I/int ulp_msg_process_system_update(UlpSystemEvent): systemEvent:5
01-01 00:34:05.875 733-1183/system_process E/LocSvc_libulp: I/===> int ulp_brain_process_system_update(UlpSystemEvent) line 2352
01-01 00:34:05.875 733-1183/system_process E/LocSvc_libulp: I/===> int ulp_brain_select_providers() line 333
01-01 00:34:05.875 733-1183/system_process E/LocSvc_libulp: I/===> int ulp_brain_turn_onoff_quipc_provider() line 700
01-01 00:34:05.875 733-1183/system_process E/LocSvc_libulp: I/===> int ulp_quipc_stop_engine() line 235
01-01 00:34:05.875 733-1183/system_process E/LocSvc_libulp: I/===> bool ulp_quipc_engine_running() line 60
01-01 00:34:05.875 733-1183/system_process E/LocSvc_libulp: I/===> int ulp_brain_turn_onoff_gnss_provider() line 595
01-01 00:34:05.875 733-1183/system_process E/LocSvc_libulp: I/===> int ulp_gnss_stop_engine() line 262
01-01 00:34:05.875 733-1183/system_process E/LocSvc_libulp: I/===> bool ulp_quipc_engine_running() line 60
01-01 00:34:05.875 733-1183/system_process E/LocSvc_libulp: I/===> int ulp_brain_turn_onoff_gnp_provider() line 496
01-01 00:34:05.875 733-1183/system_process E/LocSvc_libulp: I/===> bool ulp_gnp_engine_running() line 59
01-01 00:34:05.875 733-1183/system_process E/LocSvc_libulp: I/===> int ulp_gnp_stop_engine() line 195
01-01 00:34:05.875 733-1183/system_process E/LocSvc_libulp: I/===> bool ulp_gnp_engine_running() line 59
01-01 00:34:05.875 733-1183/system_process E/LocSvc_libulp: I/===> bool ulp_gnp_engine_running() line 59
01-01 00:34:05.875 733-1183/system_process E/LocSvc_libulp: I/===> int ulp_brain_turn_onoff_zpp_provider() line 437
01-01 00:34:05.875 733-1183/system_process E/LocSvc_libulp: I/===> int ulp_zpp_start_engine() line 98
01-01 00:34:05.876 733-1183/system_process E/LocSvc_libulp: I/===> bool ulp_zpp_engine_running() line 62
01-01 00:34:05.876 733-1183/system_process E/LocSvc_libulp: I/===> int ulp_msg_process_start_req() line 447
01-01 00:34:05.876 733-1183/system_process E/LocSvc_libulp: I/int ulp_msg_process_start_req(), at ulp state = 1
01-01 00:34:05.876 733-1003/system_process E/LocSvc_api_v02: I/—> locClientSendReq line 2065 QMI_LOC_GET_BEST_AVAILABLE_POSITION_REQ_V02
01-01 00:34:05.879 733-1046/system_process E/LocSvc_ApiV02: I/<— void globalRespCb(locClientHandleType, uint32_t, locClientRespIndUnionType, void*) line 111 QMI_LOC_GET_BEST_AVAILABLE_POSITION_REQ_V02
01-01 00:34:05.879 733-1183/system_process E/LocSvc_libulp: I/===> int ulp_brain_process_zpp_position_report(loc_sess_status, LocPosTechMask, const UlpLocation*) line 1463
01-01 00:34:05.879 733-1183/system_process E/LocSvc_libulp: I/int ulp_brain_process_zpp_position_report(loc_sess_status, LocPosTechMask, const UlpLocation*), report ZPP position to providers,report_position = 0
01-01 00:34:05.879 733-1183/system_process E/LocSvc_libulp: I/===> int ulp_brain_select_providers() line 333
01-01 00:34:05.879 733-1183/system_process E/LocSvc_libulp: I/===> int ulp_brain_turn_onoff_quipc_provider() line 700
01-01 00:34:05.879 733-1183/system_process E/LocSvc_libulp: I/===> int ulp_quipc_stop_engine() line 235
01-01 00:34:05.879 733-1183/system_process E/LocSvc_libulp: I/===> bool ulp_quipc_engine_running() line 60
01-01 00:34:05.879 733-1183/system_process E/LocSvc_libulp: I/===> int ulp_brain_turn_onoff_gnss_provider() line 595
01-01 00:34:05.879 733-1183/system_process E/LocSvc_libulp: I/===> int ulp_gnss_stop_engine() line 262
01-01 00:34:05.879 733-1183/system_process E/LocSvc_libulp: I/===> bool ulp_quipc_engine_running() line 60
01-01 00:34:05.879 733-1183/system_process E/LocSvc_libulp: I/===> int ulp_brain_turn_onoff_gnp_provider() line 496
01-01 00:34:05.879 733-1183/system_process E/LocSvc_libulp: I/===> bool ulp_gnp_engine_running() line 59
01-01 00:34:05.879 733-1183/system_process E/LocSvc_libulp: I/===> int ulp_gnp_stop_engine() line 195
01-01 00:34:05.879 733-1183/system_process E/LocSvc_libulp: I/===> bool ulp_gnp_engine_running() line 59
01-01 00:34:05.879 733-1183/system_process E/LocSvc_libulp: I/===> bool ulp_gnp_engine_running() line 59
01-01 00:34:05.879 733-1183/system_process E/LocSvc_libulp: I/===> int ulp_brain_turn_onoff_zpp_provider() line 437
01-01 00:34:05.879 733-1183/system_process E/LocSvc_libulp: I/===> int ulp_zpp_stop_engine() line 174
01-01 00:34:05.879 733-1183/system_process E/LocSvc_libulp: I/===> bool ulp_zpp_engine_running() line 62
01-01 00:34:06.036 407-407/? E/QC-QMI: qmi_client [407]: unable to connect to server, errno=[2:No such file or directory], attempt=50
01-01 00:34:06.636 733-798/system_process I/DPMJ: |REQ:RCVR| DPM creating socket
01-01 00:34:07.037 407-407/? E/QC-QMI: qmi_client [407]: unable to connect to server, errno=[2:No such file or directory], attempt=51
01-01 00:34:08.038 407-407/? E/QC-QMI: qmi_client [407]: unable to connect to server, errno=[2:No such file or directory], attempt=52
01-01 00:34:08.514 1047-1374/com.android.phone E/ImsSenderRxr: Exception in socket create’java.io.IOException: No such file or directory
01-01 00:34:08.515 1047-1374/com.android.phone E/ImsSenderRxr: Couldn’t find qmux_radio/rild_ims0socket after 8 times, continuing to retry silently
01-01 00:34:08.515 1047-1374/com.android.phone V/ImsSenderRxr: disableSrvStatus
01-01 00:34:08.515 1047-1047/com.android.phone D/ImsServiceSub: Message received: what = 4
01-01 00:34:08.515 1047-1047/com.android.phone D/ImsServiceSub: Received event: EVENT_SRV_STATUS_UPDATE
01-01 00:34:08.515 1047-1047/com.android.phone E/ImsServiceSub: IMS Service Status Update failed!
01-01 00:34:08.830 1386-1410/com.qualcomm.qcrilmsgtunnel E/QcrilMsgTunnelSocket: Couldn’t find ‘qmux_radio/rild_oem0’ socket after 8 times, continuing to retry silently
01-01 00:34:09.038 407-407/? E/QC-QMI: qmi_client [407]: unable to connect to server, errno=[2:No such file or directory], attempt=53
01-01 00:34:10.039 407-407/? E/QC-QMI: qmi_client [407]: unable to connect to server, errno=[2:No such file or directory], attempt=54
01-01 00:34:10.637 733-798/system_process I/DPMJ: |REQ:RCVR| DPM creating socket
01-01 00:34:11.040 407-407/? E/QC-QMI: qmi_client [407]: unable to connect to server, errno=[2:No such file or directory], attempt=55
01-01 00:34:11.692 2094-2134/com.android.calendar D/InitAlarmsService: Clearing and rescheduling alarms.
01-01 00:34:12.040 407-407/? E/QC-QMI: qmi_client [407]: unable to connect to server, errno=[2:No such file or directory], attempt=56
01-01 00:34:13.040 407-407/? E/QC-QMI: qmi_client [407]: unable to connect to server, errno=[2:No such file or directory], attempt=57
01-01 00:34:14.041 407-407/? E/QC-QMI: qmi_client [407]: unable to connect to server, errno=[2:No such file or directory], attempt=58
01-01 00:34:14.638 733-798/system_process I/DPMJ: |REQ:RCVR| DPM creating socket
01-01 00:34:15.042 407-407/? E/QC-QMI: qmi_client [407]: unable to connect to server, errno=[2:No such file or directory], attempt=59
01-01 00:34:15.876 733-1183/system_process E/LocSvc_libulp: I/===> int ulp_msg_process_system_update(UlpSystemEvent) line 1455
01-01 00:34:15.876 733-1183/system_process E/LocSvc_libulp: I/int ulp_msg_process_system_update(UlpSystemEvent): systemEvent:5
01-01 00:34:15.876 733-1183/system_process E/LocSvc_libulp: I/===> int ulp_brain_process_system_update(UlpSystemEvent) line 2352
01-01 00:34:15.876 733-1183/system_process E/LocSvc_libulp: I/===> int ulp_brain_select_providers() line 333
01-01 00:34:15.876 733-1183/system_process E/LocSvc_libulp: I/===> int ulp_brain_turn_onoff_quipc_provider() line 700
01-01 00:34:15.876 733-1183/system_process E/LocSvc_libulp: I/===> int ulp_quipc_stop_engine() line 235
01-01 00:34:15.876 733-1183/system_process E/LocSvc_libulp: I/===> bool ulp_quipc_engine_running() line 60
01-01 00:34:15.876 733-1183/system_process E/LocSvc_libulp: I/===> int ulp_brain_turn_onoff_gnss_provider() line 595
01-01 00:34:15.876 733-1183/system_process E/LocSvc_libulp: I/===> int ulp_gnss_stop_engine() line 262
01-01 00:34:15.876 733-1183/system_process E/LocSvc_libulp: I/===> bool ulp_quipc_engine_running() line 60
01-01 00:34:15.876 733-1183/system_process E/LocSvc_libulp: I/===> int ulp_brain_turn_onoff_gnp_provider() line 496
01-01 00:34:15.876 733-1183/system_process E/LocSvc_libulp: I/===> bool ulp_gnp_engine_running() line 59
01-01 00:34:15.876 733-1183/system_process E/LocSvc_libulp: I/===> int ulp_gnp_stop_engine() line 195
01-01 00:34:15.876 733-1183/system_process E/LocSvc_libulp: I/===> bool ulp_gnp_engine_running() line 59
01-01 00:34:15.876 733-1183/system_process E/LocSvc_libulp: I/===> bool ulp_gnp_engine_running() line 59
01-01 00:34:15.876 733-1183/system_process E/LocSvc_libulp: I/===> int ulp_brain_turn_onoff_zpp_provider() line 437
01-01 00:34:15.876 733-1183/system_process E/LocSvc_libulp: I/===> int ulp_zpp_start_engine() line 98
01-01 00:34:15.876 733-1183/system_process E/LocSvc_libulp: I/===> bool ulp_zpp_engine_running() line 62
01-01 00:34:15.876 733-1183/system_process E/LocSvc_libulp: I/===> int ulp_msg_process_start_req() line 447
01-01 00:34:15.876 733-1183/system_process E/LocSvc_libulp: I/int ulp_msg_process_start_req(), at ulp state = 1
01-01 00:34:15.876 733-1003/system_process E/LocSvc_api_v02: I/—> locClientSendReq line 2065 QMI_LOC_GET_BEST_AVAILABLE_POSITION_REQ_V02
01-01 00:34:15.877 733-1046/system_process E/LocSvc_ApiV02: I/<— void globalRespCb(locClientHandleType, uint32_t, locClientRespIndUnionType, void*) line 111 QMI_LOC_GET_BEST_AVAILABLE_POSITION_REQ_V02
01-01 00:34:15.878 733-1183/system_process E/LocSvc_libulp: I/===> int ulp_brain_process_zpp_position_report(loc_sess_status, LocPosTechMask, const UlpLocation*) line 1463
01-01 00:34:15.878 733-1183/system_process E/LocSvc_libulp: I/int ulp_brain_process_zpp_position_report(loc_sess_status, LocPosTechMask, const UlpLocation*), report ZPP position to providers,report_position = 0
01-01 00:34:15.878 733-1183/system_process E/LocSvc_libulp: I/===> int ulp_brain_select_providers() line 333
01-01 00:34:15.878 733-1183/system_process E/LocSvc_libulp: I/===> int ulp_brain_turn_onoff_quipc_provider() line 700
01-01 00:34:15.878 733-1183/system_process E/LocSvc_libulp: I/===> int ulp_quipc_stop_engine() line 235
01-01 00:34:15.878 733-1183/system_process E/LocSvc_libulp: I/===> bool ulp_quipc_engine_running() line 60
01-01 00:34:15.878 733-1183/system_process E/LocSvc_libulp: I/===> int ulp_brain_turn_onoff_gnss_provider() line 595
01-01 00:34:15.878 733-1183/system_process E/LocSvc_libulp: I/===> int ulp_gnss_stop_engine() line 262
01-01 00:34:15.878 733-1183/system_process E/LocSvc_libulp: I/===> bool ulp_quipc_engine_running() line 60
01-01 00:34:15.878 733-1183/system_process E/LocSvc_libulp: I/===> int ulp_brain_turn_onoff_gnp_provider() line 496
01-01 00:34:15.878 733-1183/system_process E/LocSvc_libulp: I/===> bool ulp_gnp_engine_running() line 59
01-01 00:34:15.878 733-1183/system_process E/LocSvc_libulp: I/===> int ulp_gnp_stop_engine() line 195
01-01 00:34:15.878 733-1183/system_process E/LocSvc_libulp: I/===> bool ulp_gnp_engine_running() line 59
01-01 00:34:15.878 733-1183/system_process E/LocSvc_libulp: I/===> bool ulp_gnp_engine_running() line 59
01-01 00:34:15.878 733-1183/system_process E/LocSvc_libulp: I/===> int ulp_brain_turn_onoff_zpp_provider() line 437
01-01 00:34:15.878 733-1183/system_process E/LocSvc_libulp: I/===> int ulp_zpp_stop_engine() line 174
01-01 00:34:15.878 733-1183/system_process E/LocSvc_libulp: I/===> bool ulp_zpp_engine_running() line 62
01-01 00:34:16.042 407-407/? E/QC-QMI: qmi_client [407]: unable to connect to server, errno=[2:No such file or directory], attempt=60
01-01 00:34:17.043 407-407/? E/QC-QMI: qmi_client [407]: unable to connect to server after 60 tries… giving up
01-01 00:34:17.043 407-407/? E/QC-QMI: qmi_qmux_if_pwr_up_init_ex: Initialization failed, rc = -1
01-01 00:34:18.639 733-798/system_process I/DPMJ: |REQ:RCVR| DPM creating socket
01-01 00:34:20.044 407-407/? I/libmdmdetect: ESOC framework not supported
01-01 00:34:20.046 407-407/? I/libmdmdetect: Found internal modem: modem
01-01 00:34:20.046 407-407/? E/QC-QMI: qmi_client [407]: unable to connect to server, errno=[2:No such file or directory], attempt=1
01-01 00:34:21.047 407-407/? E/QC-QMI: qmi_client [407]: unable to connect to server, errno=[2:No such file or directory], attempt=2
01-01 00:34:22.048 407-407/? E/QC-QMI: qmi_client [407]: unable to connect to server, errno=[2:No such file or directory], attempt=3
01-01 00:34:22.641 733-798/system_process I/DPMJ: |REQ:RCVR| DPM creating socket
01-01 00:34:23.049 407-407/? E/QC-QMI: qmi_client [407]: unable to connect to server, errno=[2:No such file or directory], attempt=4
01-01 00:34:24.049 407-407/? E/QC-QMI: qmi_client [407]: unable to connect to server, errno=[2:No such file or directory], attempt=5
01-01 00:34:25.050 407-407/? E/QC-QMI: qmi_client [407]: unable to connect to server, errno=[2:No such file or directory], attempt=6
01-01 00:34:25.876 733-1183/system_process E/LocSvc_libulp: I/===> int ulp_msg_process_system_update(UlpSystemEvent) line 1455
01-01 00:34:25.876 733-1183/system_process E/LocSvc_libulp: I/int ulp_msg_process_system_update(UlpSystemEvent): systemEvent:5
01-01 00:34:25.876 733-1183/system_process E/LocSvc_libulp: I/===> int ulp_brain_process_system_update(UlpSystemEvent) line 2352
01-01 00:34:25.876 733-1183/system_process E/LocSvc_libulp: I/===> int ulp_brain_select_providers() line 333
01-01 00:34:25.876 733-1183/system_process E/LocSvc_libulp: I/===> int ulp_brain_turn_onoff_quipc_provider() line 700
01-01 00:34:25.876 733-1183/system_process E/LocSvc_libulp: I/===> int ulp_quipc_stop_engine() line 235
01-01 00:34:25.876 733-1183/system_process E/LocSvc_libulp: I/===> bool ulp_quipc_engine_running() line 60
01-01 00:34:25.876 733-1183/system_process E/LocSvc_libulp: I/===> int ulp_brain_turn_onoff_gnss_provider() line 595
01-01 00:34:25.876 733-1183/system_process E/LocSvc_libulp: I/===> int ulp_gnss_stop_engine() line 262
01-01 00:34:25.876 733-1183/system_process E/LocSvc_libulp: I/===> bool ulp_quipc_engine_running() line 60
01-01 00:34:25.877 733-1183/system_process E/LocSvc_libulp: I/===> int ulp_brain_turn_onoff_gnp_provider() line 496
01-01 00:34:25.877 733-1183/system_process E/LocSvc_libulp: I/===> bool ulp_gnp_engine_running() line 59
01-01 00:34:25.877 733-1183/system_process E/LocSvc_libulp: I/===> int ulp_gnp_stop_engine() line 195
01-01 00:34:25.877 733-1183/system_process E/LocSvc_libulp: I/===> bool ulp_gnp_engine_running() line 59
01-01 00:34:25.877 733-1183/system_process E/LocSvc_libulp: I/===> bool ulp_gnp_engine_running() line 59
01-01 00:34:25.877 733-1183/system_process E/LocSvc_libulp: I/===> int ulp_brain_turn_onoff_zpp_provider() line 437
01-01 00:34:25.877 733-1183/system_process E/LocSvc_libulp: I/===> int ulp_zpp_start_engine() line 98
01-01 00:34:25.877 733-1183/system_process E/LocSvc_libulp: I/===> bool ulp_zpp_engine_running() line 62
01-01 00:34:25.877 733-1183/system_process E/LocSvc_libulp: I/===> int ulp_msg_process_start_req() line 447
01-01 00:34:25.877 733-1183/system_process E/LocSvc_libulp: I/int ulp_msg_process_start_req(), at ulp state = 1
01-01 00:34:25.878 733-1003/system_process E/LocSvc_api_v02: I/—> locClientSendReq line 2065 QMI_LOC_GET_BEST_AVAILABLE_POSITION_REQ_V02
01-01 00:34:25.880 733-1046/system_process E/LocSvc_ApiV02: I/<— void globalRespCb(locClientHandleType, uint32_t, locClientRespIndUnionType, void*) line 111 QMI_LOC_GET_BEST_AVAILABLE_POSITION_REQ_V02
01-01 00:34:25.880 733-1183/system_process E/LocSvc_libulp: I/===> int ulp_brain_process_zpp_position_report(loc_sess_status, LocPosTechMask, const UlpLocation*) line 1463
01-01 00:34:25.880 733-1183/system_process E/LocSvc_libulp: I/int ulp_brain_process_zpp_position_report(loc_sess_status, LocPosTechMask, const UlpLocation*), report ZPP position to providers,report_position = 0
01-01 00:34:25.880 733-1183/system_process E/LocSvc_libulp: I/===> int ulp_brain_select_providers() line 333
01-01 00:34:25.880 733-1183/system_process E/LocSvc_libulp: I/===> int ulp_brain_turn_onoff_quipc_provider() line 700
01-01 00:34:25.880 733-1183/system_process E/LocSvc_libulp: I/===> int ulp_quipc_stop_engine() line 235
01-01 00:34:25.880 733-1183/system_process E/LocSvc_libulp: I/===> bool ulp_quipc_engine_running() line 60
01-01 00:34:25.880 733-1183/system_process E/LocSvc_libulp: I/===> int ulp_brain_turn_onoff_gnss_provider() line 595
01-01 00:34:25.880 733-1183/system_process E/LocSvc_libulp: I/===> int ulp_gnss_stop_engine() line 262
01-01 00:34:25.880 733-1183/system_process E/LocSvc_libulp: I/===> bool ulp_quipc_engine_running() line 60
01-01 00:34:25.880 733-1183/system_process E/LocSvc_libulp: I/===> int ulp_brain_turn_onoff_gnp_provider() line 496
01-01 00:34:25.880 733-1183/system_process E/LocSvc_libulp: I/===> bool ulp_gnp_engine_running() line 59
01-01 00:34:25.880 733-1183/system_process E/LocSvc_libulp: I/===> int ulp_gnp_stop_engine() line 195
01-01 00:34:25.880 733-1183/system_process E/LocSvc_libulp: I/===> bool ulp_gnp_engine_running() line 59
01-01 00:34:25.880 733-1183/system_process E/LocSvc_libulp: I/===> bool ulp_gnp_engine_running() line 59
01-01 00:34:25.880 733-1183/system_process E/LocSvc_libulp: I/===> int ulp_brain_turn_onoff_zpp_provider() line 437
01-01 00:34:25.880 733-1183/system_process E/LocSvc_libulp: I/===> int ulp_zpp_stop_engine() line 174
01-01 00:34:25.880 733-1183/system_process E/LocSvc_libulp: I/===> bool ulp_zpp_engine_running() line 62
01-01 00:34:26.051 407-407/? E/QC-QMI: qmi_client [407]: unable to connect to server, errno=[2:No such file or directory], attempt=7
01-01 00:34:26.645 733-798/system_process I/DPMJ: |REQ:RCVR| DPM creating socket
01-01 00:34:27.051 407-407/? E/QC-QMI: qmi_client [407]: unable to connect to server, errno=[2:No such file or directory], attempt=8
01-01 00:34:28.052 407-407/? E/QC-QMI: qmi_client [407]: unable to connect to server, errno=[2:No such file or directory], attempt=9
01-01 00:34:29.053 407-407/? E/QC-QMI: qmi_client [407]: unable to connect to server, errno=[2:No such file or directory], attempt=10
01-01 00:34:30.054 407-407/? E/QC-QMI: qmi_client [407]: unable to connect to server, errno=[2:No such file or directory], attempt=11
01-01 00:34:30.646 733-798/system_process I/DPMJ: |REQ:RCVR| DPM creating socket
01-01 00:34:31.054 407-407/? E/QC-QMI: qmi_client [407]: unable to connect to server, errno=[2:No such file or directory], attempt=12
01-01 00:34:32.055 407-407/? E/QC-QMI: qmi_client [407]: unable to connect to server, errno=[2:No such file or directory], attempt=13
01-01 00:34:33.055 407-407/? E/QC-QMI: qmi_client [407]: unable to connect to server, errno=[2:No such file or directory], attempt=14
01-01 00:34:34.056 407-407/? E/QC-QMI: qmi_client [407]: unable to connect to server, errno=[2:No such file or directory], attempt=15
01-01 00:34:34.647 733-798/system_process I/DPMJ: |REQ:RCVR| DPM creating socket
01-01 00:34:35.056 407-407/? E/QC-QMI: qmi_client [407]: unable to connect to server, errno=[2:No such file or directory], attempt=16
01-01 00:34:35.877 733-1183/system_process E/LocSvc_libulp: I/===> int ulp_msg_process_system_update(UlpSystemEvent) line 1455
01-01 00:34:35.877 733-1183/system_process E/LocSvc_libulp: I/int ulp_msg_process_system_update(UlpSystemEvent): systemEvent:5
01-01 00:34:35.877 733-1183/system_process E/LocSvc_libulp: I/===> int ulp_brain_process_system_update(UlpSystemEvent) line 2352
01-01 00:34:35.877 733-1183/system_process E/LocSvc_libulp: I/===> int ulp_brain_select_providers() line 333
01-01 00:34:35.877 733-1183/system_process E/LocSvc_libulp: I/===> int ulp_brain_turn_onoff_quipc_provider() line 700
01-01 00:34:35.877 733-1183/system_process E/LocSvc_libulp: I/===> int ulp_quipc_stop_engine() line 235
01-01 00:34:35.877 733-1183/system_process E/LocSvc_libulp: I/===> bool ulp_quipc_engine_running() line 60
01-01 00:34:35.877 733-1183/system_process E/LocSvc_libulp: I/===> int ulp_brain_turn_onoff_gnss_provider() line 595
01-01 00:34:35.877 733-1183/system_process E/LocSvc_libulp: I/===> int ulp_gnss_stop_engine() line 262
01-01 00:34:35.877 733-1183/system_process E/LocSvc_libulp: I/===> bool ulp_quipc_engine_running() line 60
01-01 00:34:35.877 733-1183/system_process E/LocSvc_libulp: I/===> int ulp_brain_turn_onoff_gnp_provider() line 496
01-01 00:34:35.877 733-1183/system_process E/LocSvc_libulp: I/===> bool ulp_gnp_engine_running() line 59
01-01 00:34:35.877 733-1183/system_process E/LocSvc_libulp: I/===> int ulp_gnp_stop_engine() line 195
01-01 00:34:35.877 733-1183/system_process E/LocSvc_libulp: I/===> bool ulp_gnp_engine_running() line 59
01-01 00:34:35.877 733-1183/system_process E/LocSvc_libulp: I/===> bool ulp_gnp_engine_running() line 59
01-01 00:34:35.877 733-1183/system_process E/LocSvc_libulp: I/===> int ulp_brain_turn_onoff_zpp_provider() line 437
01-01 00:34:35.877 733-1183/system_process E/LocSvc_libulp: I/===> int ulp_zpp_start_engine() line 98
01-01 00:34:35.877 733-1183/system_process E/LocSvc_libulp: I/===> bool ulp_zpp_engine_running() line 62
01-01 00:34:35.877 733-1183/system_process E/LocSvc_libulp: I/===> int ulp_msg_process_start_req() line 447
01-01 00:34:35.877 733-1183/system_process E/LocSvc_libulp: I/int ulp_msg_process_start_req(), at ulp state = 1
01-01 00:34:35.877 733-1003/system_process E/LocSvc_api_v02: I/—> locClientSendReq line 2065 QMI_LOC_GET_BEST_AVAILABLE_POSITION_REQ_V02
01-01 00:34:35.880 733-1046/system_process E/LocSvc_ApiV02: I/<— void globalRespCb(locClientHandleType, uint32_t, locClientRespIndUnionType, void*) line 111 QMI_LOC_GET_BEST_AVAILABLE_POSITION_REQ_V02
01-01 00:34:35.880 733-1183/system_process E/LocSvc_libulp: I/===> int ulp_brain_process_zpp_position_report(loc_sess_status, LocPosTechMask, const UlpLocation*) line 1463
01-01 00:34:35.880 733-1183/system_process E/LocSvc_libulp: I/int ulp_brain_process_zpp_position_report(loc_sess_status, LocPosTechMask, const UlpLocation*), report ZPP position to providers,report_position = 0
01-01 00:34:35.880 733-1183/system_process E/LocSvc_libulp: I/===> int ulp_brain_select_providers() line 333
01-01 00:34:35.880 733-1183/system_process E/LocSvc_libulp: I/===> int ulp_brain_turn_onoff_quipc_provider() line 700
01-01 00:34:35.880 733-1183/system_process E/LocSvc_libulp: I/===> int ulp_quipc_stop_engine() line 235
01-01 00:34:35.880 733-1183/system_process E/LocSvc_libulp: I/===> bool ulp_quipc_engine_running() line 60
01-01 00:34:35.880 733-1183/system_process E/LocSvc_libulp: I/===> int ulp_brain_turn_onoff_gnss_provider() line 595
01-01 00:34:35.880 733-1183/system_process E/LocSvc_libulp: I/===> int ulp_gnss_stop_engine() line 262
01-01 00:34:35.880 733-1183/system_process E/LocSvc_libulp: I/===> bool ulp_quipc_engine_running() line 60
01-01 00:34:35.880 733-1183/system_process E/LocSvc_libulp: I/===> int ulp_brain_turn_onoff_gnp_provider() line 496
