01-01 00:38:45.893 733-1046/system_process E/LocSvc_ApiV02: I/<— void globalRespCb(locClientHandleType, uint32_t, locClientRespIndUnionType, void*) line 111 QMI_LOC_GET_BEST_AVAILABLE_POSITION_REQ_V02
01-01 00:38:45.893 733-1183/system_process E/LocSvc_libulp: I/===> int ulp_brain_process_zpp_position_report(loc_sess_status, LocPosTechMask, const UlpLocation*) line 1463
01-01 00:38:45.893 733-1183/system_process E/LocSvc_libulp: I/int ulp_brain_process_zpp_position_report(loc_sess_status, LocPosTechMask, const UlpLocation*), report ZPP position to providers,report_position = 0
01-01 00:38:45.893 733-1183/system_process E/LocSvc_libulp: I/===> int ulp_brain_select_providers() line 333
01-01 00:38:45.893 733-1183/system_process E/LocSvc_libulp: I/===> int ulp_brain_turn_onoff_quipc_provider() line 700
01-01 00:38:45.894 733-1183/system_process E/LocSvc_libulp: I/===> int ulp_quipc_stop_engine() line 235
01-01 00:38:45.894 733-1183/system_process E/LocSvc_libulp: I/===> bool ulp_quipc_engine_running() line 60
01-01 00:38:45.894 733-1183/system_process E/LocSvc_libulp: I/===> int ulp_brain_turn_onoff_gnss_provider() line 595
01-01 00:38:45.894 733-1183/system_process E/LocSvc_libulp: I/===> int ulp_gnss_stop_engine() line 262
01-01 00:38:45.894 733-1183/system_process E/LocSvc_libulp: I/===> bool ulp_quipc_engine_running() line 60
01-01 00:38:45.894 733-1183/system_process E/LocSvc_libulp: I/===> int ulp_brain_turn_onoff_gnp_provider() line 496
01-01 00:38:45.894 733-1183/system_process E/LocSvc_libulp: I/===> bool ulp_gnp_engine_running() line 59
01-01 00:38:45.894 733-1183/system_process E/LocSvc_libulp: I/===> int ulp_gnp_stop_engine() line 195
01-01 00:38:45.894 733-1183/system_process E/LocSvc_libulp: I/===> bool ulp_gnp_engine_running() line 59
01-01 00:38:45.894 733-1183/system_process E/LocSvc_libulp: I/===> bool ulp_gnp_engine_running() line 59
01-01 00:38:45.894 733-1183/system_process E/LocSvc_libulp: I/===> int ulp_brain_turn_onoff_zpp_provider() line 437
01-01 00:38:45.894 733-1183/system_process E/LocSvc_libulp: I/===> int ulp_zpp_stop_engine() line 174
01-01 00:38:45.894 733-1183/system_process E/LocSvc_libulp: I/===> bool ulp_zpp_engine_running() line 62
01-01 00:38:46.215 407-407/? E/QC-QMI: qmi_client [407]: unable to connect to server, errno=[2:No such file or directory], attempt=57
01-01 00:38:46.727 733-798/system_process I/DPMJ: |REQ:RCVR| DPM creating socket
01-01 00:38:47.216 407-407/? E/QC-QMI: qmi_client [407]: unable to connect to server, errno=[2:No such file or directory], attempt=58
01-01 00:38:48.216 407-407/? E/QC-QMI: qmi_client [407]: unable to connect to server, errno=[2:No such file or directory], attempt=59
01-01 00:38:49.216 407-407/? E/QC-QMI: qmi_client [407]: unable to connect to server, errno=[2:No such file or directory], attempt=60
01-01 00:38:50.217 407-407/? E/QC-QMI: qmi_client [407]: unable to connect to server after 60 tries… giving up
01-01 00:38:50.217 407-407/? E/QC-QMI: qmi_qmux_if_pwr_up_init_ex: Initialization failed, rc = -1
01-01 00:38:50.729 733-798/system_process I/DPMJ: |REQ:RCVR| DPM creating socket
01-01 00:38:54.730 733-798/system_process I/DPMJ: |REQ:RCVR| DPM creating socket
01-01 00:38:55.891 733-1183/system_process E/LocSvc_libulp: I/===> int ulp_msg_process_system_update(UlpSystemEvent) line 1455
01-01 00:38:55.891 733-1183/system_process E/LocSvc_libulp: I/int ulp_msg_process_system_update(UlpSystemEvent): systemEvent:5
01-01 00:38:55.891 733-1183/system_process E/LocSvc_libulp: I/===> int ulp_brain_process_system_update(UlpSystemEvent) line 2352
01-01 00:38:55.891 733-1183/system_process E/LocSvc_libulp: I/===> int ulp_brain_select_providers() line 333
01-01 00:38:55.891 733-1183/system_process E/LocSvc_libulp: I/===> int ulp_brain_turn_onoff_quipc_provider() line 700
01-01 00:38:55.891 733-1183/system_process E/LocSvc_libulp: I/===> int ulp_quipc_stop_engine() line 235
01-01 00:38:55.891 733-1183/system_process E/LocSvc_libulp: I/===> bool ulp_quipc_engine_running() line 60
01-01 00:38:55.891 733-1183/system_process E/LocSvc_libulp: I/===> int ulp_brain_turn_onoff_gnss_provider() line 595
01-01 00:38:55.892 733-1183/system_process E/LocSvc_libulp: I/===> int ulp_gnss_stop_engine() line 262
01-01 00:38:55.892 733-1183/system_process E/LocSvc_libulp: I/===> bool ulp_quipc_engine_running() line 60
01-01 00:38:55.892 733-1183/system_process E/LocSvc_libulp: I/===> int ulp_brain_turn_onoff_gnp_provider() line 496
01-01 00:38:55.892 733-1183/system_process E/LocSvc_libulp: I/===> bool ulp_gnp_engine_running() line 59
01-01 00:38:55.892 733-1183/system_process E/LocSvc_libulp: I/===> int ulp_gnp_stop_engine() line 195
01-01 00:38:55.892 733-1183/system_process E/LocSvc_libulp: I/===> bool ulp_gnp_engine_running() line 59
01-01 00:38:55.892 733-1183/system_process E/LocSvc_libulp: I/===> bool ulp_gnp_engine_running() line 59
01-01 00:38:55.892 733-1183/system_process E/LocSvc_libulp: I/===> int ulp_brain_turn_onoff_zpp_provider() line 437
01-01 00:38:55.892 733-1183/system_process E/LocSvc_libulp: I/===> int ulp_zpp_start_engine() line 98
01-01 00:38:55.892 733-1183/system_process E/LocSvc_libulp: I/===> bool ulp_zpp_engine_running() line 62
01-01 00:38:55.892 733-1183/system_process E/LocSvc_libulp: I/===> int ulp_msg_process_start_req() line 447
01-01 00:38:55.892 733-1183/system_process E/LocSvc_libulp: I/int ulp_msg_process_start_req(), at ulp state = 1
01-01 00:38:55.893 733-1003/system_process E/LocSvc_api_v02: I/—> locClientSendReq line 2065 QMI_LOC_GET_BEST_AVAILABLE_POSITION_REQ_V02
01-01 00:38:55.895 733-1046/system_process E/LocSvc_ApiV02: I/<— void globalRespCb(locClientHandleType, uint32_t, locClientRespIndUnionType, void*) line 111 QMI_LOC_GET_BEST_AVAILABLE_POSITION_REQ_V02
01-01 00:38:55.896 733-1183/system_process E/LocSvc_libulp: I/===> int ulp_brain_process_zpp_position_report(loc_sess_status, LocPosTechMask, const UlpLocation*) line 1463
01-01 00:38:55.896 733-1183/system_process E/LocSvc_libulp: I/int ulp_brain_process_zpp_position_report(loc_sess_status, LocPosTechMask, const UlpLocation*), report ZPP position to providers,report_position = 0
01-01 00:38:55.896 733-1183/system_process E/LocSvc_libulp: I/===> int ulp_brain_select_providers() line 333
01-01 00:38:55.896 733-1183/system_process E/LocSvc_libulp: I/===> int ulp_brain_turn_onoff_quipc_provider() line 700
01-01 00:38:55.896 733-1183/system_process E/LocSvc_libulp: I/===> int ulp_quipc_stop_engine() line 235
01-01 00:38:55.896 733-1183/system_process E/LocSvc_libulp: I/===> bool ulp_quipc_engine_running() line 60
01-01 00:38:55.896 733-1183/system_process E/LocSvc_libulp: I/===> int ulp_brain_turn_onoff_gnss_provider() line 595
01-01 00:38:55.896 733-1183/system_process E/LocSvc_libulp: I/===> int ulp_gnss_stop_engine() line 262
01-01 00:38:55.896 733-1183/system_process E/LocSvc_libulp: I/===> bool ulp_quipc_engine_running() line 60
01-01 00:38:55.896 733-1183/system_process E/LocSvc_libulp: I/===> int ulp_brain_turn_onoff_gnp_provider() line 496
01-01 00:38:55.896 733-1183/system_process E/LocSvc_libulp: I/===> bool ulp_gnp_engine_running() line 59
01-01 00:38:55.896 733-1183/system_process E/LocSvc_libulp: I/===> int ulp_gnp_stop_engine() line 195
01-01 00:38:55.896 733-1183/system_process E/LocSvc_libulp: I/===> bool ulp_gnp_engine_running() line 59
01-01 00:38:55.896 733-1183/system_process E/LocSvc_libulp: I/===> bool ulp_gnp_engine_running() line 59
01-01 00:38:55.896 733-1183/system_process E/LocSvc_libulp: I/===> int ulp_brain_turn_onoff_zpp_provider() line 437
01-01 00:38:55.896 733-1183/system_process E/LocSvc_libulp: I/===> int ulp_zpp_stop_engine() line 174
01-01 00:38:55.896 733-1183/system_process E/LocSvc_libulp: I/===> bool ulp_zpp_engine_running() line 62
01-01 00:38:58.731 733-798/system_process I/DPMJ: |REQ:RCVR| DPM creating socket
01-01 00:39:02.732 733-798/system_process I/DPMJ: |REQ:RCVR| DPM creating socket
01-01 00:39:05.892 733-1183/system_process E/LocSvc_libulp: I/===> int ulp_msg_process_system_update(UlpSystemEvent) line 1455
01-01 00:39:05.892 733-1183/system_process E/LocSvc_libulp: I/int ulp_msg_process_system_update(UlpSystemEvent): systemEvent:5
01-01 00:39:05.892 733-1183/system_process E/LocSvc_libulp: I/===> int ulp_brain_process_system_update(UlpSystemEvent) line 2352
01-01 00:39:05.892 733-1183/system_process E/LocSvc_libulp: I/===> int ulp_brain_select_providers() line 333
01-01 00:39:05.892 733-1183/system_process E/LocSvc_libulp: I/===> int ulp_brain_turn_onoff_quipc_provider() line 700
01-01 00:39:05.892 733-1183/system_process E/LocSvc_libulp: I/===> int ulp_quipc_stop_engine() line 235
01-01 00:39:05.892 733-1183/system_process E/LocSvc_libulp: I/===> bool ulp_quipc_engine_running() line 60
01-01 00:39:05.892 733-1183/system_process E/LocSvc_libulp: I/===> int ulp_brain_turn_onoff_gnss_provider() line 595
01-01 00:39:05.892 733-1183/system_process E/LocSvc_libulp: I/===> int ulp_gnss_stop_engine() line 262
01-01 00:39:05.892 733-1183/system_process E/LocSvc_libulp: I/===> bool ulp_quipc_engine_running() line 60
01-01 00:39:05.892 733-1183/system_process E/LocSvc_libulp: I/===> int ulp_brain_turn_onoff_gnp_provider() line 496
01-01 00:39:05.892 733-1183/system_process E/LocSvc_libulp: I/===> bool ulp_gnp_engine_running() line 59
01-01 00:39:05.892 733-1183/system_process E/LocSvc_libulp: I/===> int ulp_gnp_stop_engine() line 195
01-01 00:39:05.892 733-1183/system_process E/LocSvc_libulp: I/===> bool ulp_gnp_engine_running() line 59
01-01 00:39:05.892 733-1183/system_process E/LocSvc_libulp: I/===> bool ulp_gnp_engine_running() line 59
01-01 00:39:05.892 733-1183/system_process E/LocSvc_libulp: I/===> int ulp_brain_turn_onoff_zpp_provider() line 437
01-01 00:39:05.892 733-1183/system_process E/LocSvc_libulp: I/===> int ulp_zpp_start_engine() line 98
01-01 00:39:05.892 733-1183/system_process E/LocSvc_libulp: I/===> bool ulp_zpp_engine_running() line 62
01-01 00:39:05.892 733-1183/system_process E/LocSvc_libulp: I/===> int ulp_msg_process_start_req() line 447
01-01 00:39:05.892 733-1183/system_process E/LocSvc_libulp: I/int ulp_msg_process_start_req(), at ulp state = 1
01-01 00:39:05.893 733-1003/system_process E/LocSvc_api_v02: I/—> locClientSendReq line 2065 QMI_LOC_GET_BEST_AVAILABLE_POSITION_REQ_V02
01-01 00:39:05.899 733-1046/system_process E/LocSvc_ApiV02: I/<— void globalRespCb(locClientHandleType, uint32_t, locClientRespIndUnionType, void*) line 111 QMI_LOC_GET_BEST_AVAILABLE_POSITION_REQ_V02
01-01 00:39:05.899 733-1183/system_process E/LocSvc_libulp: I/===> int ulp_brain_process_zpp_position_report(loc_sess_status, LocPosTechMask, const UlpLocation*) line 1463
01-01 00:39:05.899 733-1183/system_process E/LocSvc_libulp: I/int ulp_brain_process_zpp_position_report(loc_sess_status, LocPosTechMask, const UlpLocation*), report ZPP position to providers,report_position = 0
01-01 00:39:05.899 733-1183/system_process E/LocSvc_libulp: I/===> int ulp_brain_select_providers() line 333
01-01 00:39:05.899 733-1183/system_process E/LocSvc_libulp: I/===> int ulp_brain_turn_onoff_quipc_provider() line 700
01-01 00:39:05.899 733-1183/system_process E/LocSvc_libulp: I/===> int ulp_quipc_stop_engine() line 235
01-01 00:39:05.899 733-1183/system_process E/LocSvc_libulp: I/===> bool ulp_quipc_engine_running() line 60
01-01 00:39:05.899 733-1183/system_process E/LocSvc_libulp: I/===> int ulp_brain_turn_onoff_gnss_provider() line 595
01-01 00:39:05.899 733-1183/system_process E/LocSvc_libulp: I/===> int ulp_gnss_stop_engine() line 262
01-01 00:39:05.899 733-1183/system_process E/LocSvc_libulp: I/===> bool ulp_quipc_engine_running() line 60
01-01 00:39:05.899 733-1183/system_process E/LocSvc_libulp: I/===> int ulp_brain_turn_onoff_gnp_provider() line 496
01-01 00:39:05.899 733-1183/system_process E/LocSvc_libulp: I/===> bool ulp_gnp_engine_running() line 59
01-01 00:39:05.899 733-1183/system_process E/LocSvc_libulp: I/===> int ulp_gnp_stop_engine() line 195
01-01 00:39:05.899 733-1183/system_process E/LocSvc_libulp: I/===> bool ulp_gnp_engine_running() line 59
01-01 00:39:05.899 733-1183/system_process E/LocSvc_libulp: I/===> bool ulp_gnp_engine_running() line 59
01-01 00:39:05.899 733-1183/system_process E/LocSvc_libulp: I/===> int ulp_brain_turn_onoff_zpp_provider() line 437
01-01 00:39:05.899 733-1183/system_process E/LocSvc_libulp: I/===> int ulp_zpp_stop_engine() line 174
01-01 00:39:05.899 733-1183/system_process E/LocSvc_libulp: I/===> bool ulp_zpp_engine_running() line 62
01-01 00:39:06.734 733-798/system_process I/DPMJ: |REQ:RCVR| DPM creating socket
01-01 00:39:10.735 733-798/system_process I/DPMJ: |REQ:RCVR| DPM creating socket
01-01 00:39:14.739 733-798/system_process I/DPMJ: |REQ:RCVR| DPM creating socket
01-01 00:39:15.892 733-1183/system_process E/LocSvc_libulp: I/===> int ulp_msg_process_system_update(UlpSystemEvent) line 1455
01-01 00:39:15.892 733-1183/system_process E/LocSvc_libulp: I/int ulp_msg_process_system_update(UlpSystemEvent): systemEvent:5
01-01 00:39:15.892 733-1183/system_process E/LocSvc_libulp: I/===> int ulp_brain_process_system_update(UlpSystemEvent) line 2352
01-01 00:39:15.893 733-1183/system_process E/LocSvc_libulp: I/===> int ulp_brain_select_providers() line 333
01-01 00:39:15.893 733-1183/system_process E/LocSvc_libulp: I/===> int ulp_brain_turn_onoff_quipc_provider() line 700
01-01 00:39:15.893 733-1183/system_process E/LocSvc_libulp: I/===> int ulp_quipc_stop_engine() line 235
01-01 00:39:15.893 733-1183/system_process E/LocSvc_libulp: I/===> bool ulp_quipc_engine_running() line 60
01-01 00:39:15.893 733-1183/system_process E/LocSvc_libulp: I/===> int ulp_brain_turn_onoff_gnss_provider() line 595
01-01 00:39:15.893 733-1183/system_process E/LocSvc_libulp: I/===> int ulp_gnss_stop_engine() line 262
01-01 00:39:15.893 733-1183/system_process E/LocSvc_libulp: I/===> bool ulp_quipc_engine_running() line 60
01-01 00:39:15.893 733-1183/system_process E/LocSvc_libulp: I/===> int ulp_brain_turn_onoff_gnp_provider() line 496
01-01 00:39:15.893 733-1183/system_process E/LocSvc_libulp: I/===> bool ulp_gnp_engine_running() line 59
01-01 00:39:15.893 733-1183/system_process E/LocSvc_libulp: I/===> int ulp_gnp_stop_engine() line 195
01-01 00:39:15.893 733-1183/system_process E/LocSvc_libulp: I/===> bool ulp_gnp_engine_running() line 59
01-01 00:39:15.893 733-1183/system_process E/LocSvc_libulp: I/===> bool ulp_gnp_engine_running() line 59
01-01 00:39:15.893 733-1183/system_process E/LocSvc_libulp: I/===> int ulp_brain_turn_onoff_zpp_provider() line 437
01-01 00:39:15.893 733-1183/system_process E/LocSvc_libulp: I/===> int ulp_zpp_start_engine() line 98
01-01 00:39:15.893 733-1183/system_process E/LocSvc_libulp: I/===> bool ulp_zpp_engine_running() line 62
01-01 00:39:15.893 733-1183/system_process E/LocSvc_libulp: I/===> int ulp_msg_process_start_req() line 447
01-01 00:39:15.893 733-1183/system_process E/LocSvc_libulp: I/int ulp_msg_process_start_req(), at ulp state = 1
01-01 00:39:15.893 733-1003/system_process E/LocSvc_api_v02: I/—> locClientSendReq line 2065 QMI_LOC_GET_BEST_AVAILABLE_POSITION_REQ_V02
01-01 00:39:15.895 733-1046/system_process E/LocSvc_ApiV02: I/<— void globalRespCb(locClientHandleType, uint32_t, locClientRespIndUnionType, void*) line 111 QMI_LOC_GET_BEST_AVAILABLE_POSITION_REQ_V02
01-01 00:39:15.895 733-1183/system_process E/LocSvc_libulp: I/===> int ulp_brain_process_zpp_position_report(loc_sess_status, LocPosTechMask, const UlpLocation*) line 1463
01-01 00:39:15.895 733-1183/system_process E/LocSvc_libulp: I/int ulp_brain_process_zpp_position_report(loc_sess_status, LocPosTechMask, const UlpLocation*), report ZPP position to providers,report_position = 0
01-01 00:39:15.895 733-1183/system_process E/LocSvc_libulp: I/===> int ulp_brain_select_providers() line 333
01-01 00:39:15.895 733-1183/system_process E/LocSvc_libulp: I/===> int ulp_brain_turn_onoff_quipc_provider() line 700
01-01 00:39:15.895 733-1183/system_process E/LocSvc_libulp: I/===> int ulp_quipc_stop_engine() line 235
01-01 00:39:15.895 733-1183/system_process E/LocSvc_libulp: I/===> bool ulp_quipc_engine_running() line 60
01-01 00:39:15.895 733-1183/system_process E/LocSvc_libulp: I/===> int ulp_brain_turn_onoff_gnss_provider() line 595
01-01 00:39:15.895 733-1183/system_process E/LocSvc_libulp: I/===> int ulp_gnss_stop_engine() line 262
01-01 00:39:15.895 733-1183/system_process E/LocSvc_libulp: I/===> bool ulp_quipc_engine_running() line 60
01-01 00:39:15.895 733-1183/system_process E/LocSvc_libulp: I/===> int ulp_brain_turn_onoff_gnp_provider() line 496
01-01 00:39:15.895 733-1183/system_process E/LocSvc_libulp: I/===> bool ulp_gnp_engine_running() line 59
01-01 00:39:15.895 733-1183/system_process E/LocSvc_libulp: I/===> int ulp_gnp_stop_engine() line 195
01-01 00:39:15.895 733-1183/system_process E/LocSvc_libulp: I/===> bool ulp_gnp_engine_running() line 59
01-01 00:39:15.895 733-1183/system_process E/LocSvc_libulp: I/===> bool ulp_gnp_engine_running() line 59
01-01 00:39:15.895 733-1183/system_process E/LocSvc_libulp: I/===> int ulp_brain_turn_onoff_zpp_provider() line 437
01-01 00:39:15.896 733-1183/system_process E/LocSvc_libulp: I/===> int ulp_zpp_stop_engine() line 174
01-01 00:39:15.896 733-1183/system_process E/LocSvc_libulp: I/===> bool ulp_zpp_engine_running() line 62
01-01 00:39:18.740 733-798/system_process I/DPMJ: |REQ:RCVR| DPM creating socket
01-01 00:39:20.218 407-407/? I/libmdmdetect: ESOC framework not supported
01-01 00:39:20.219 407-407/? I/libmdmdetect: Found internal modem: modem
01-01 00:39:20.220 407-407/? E/QC-QMI: qmi_client [407]: unable to connect to server, errno=[2:No such file or directory], attempt=1
01-01 00:39:21.220 407-407/? E/QC-QMI: qmi_client [407]: unable to connect to server, errno=[2:No such file or directory], attempt=2
01-01 00:39:22.221 407-407/? E/QC-QMI: qmi_client [407]: unable to connect to server, errno=[2:No such file or directory], attempt=3
01-01 00:39:22.741 733-798/system_process I/DPMJ: |REQ:RCVR| DPM creating socket
01-01 00:39:23.222 407-407/? E/QC-QMI: qmi_client [407]: unable to connect to server, errno=[2:No such file or directory], attempt=4
01-01 00:39:24.222 407-407/? E/QC-QMI: qmi_client [407]: unable to connect to server, errno=[2:No such file or directory], attempt=5
01-01 00:39:25.223 407-407/? E/QC-QMI: qmi_client [407]: unable to connect to server, errno=[2:No such file or directory], attempt=6
01-01 00:39:25.893 733-1183/system_process E/LocSvc_libulp: I/===> int ulp_msg_process_system_update(UlpSystemEvent) line 1455
01-01 00:39:25.893 733-1183/system_process E/LocSvc_libulp: I/int ulp_msg_process_system_update(UlpSystemEvent): systemEvent:5
01-01 00:39:25.893 733-1183/system_process E/LocSvc_libulp: I/===> int ulp_brain_process_system_update(UlpSystemEvent) line 2352
01-01 00:39:25.893 733-1183/system_process E/LocSvc_libulp: I/===> int ulp_brain_select_providers() line 333
01-01 00:39:25.893 733-1183/system_process E/LocSvc_libulp: I/===> int ulp_brain_turn_onoff_quipc_provider() line 700
01-01 00:39:25.893 733-1183/system_process E/LocSvc_libulp: I/===> int ulp_quipc_stop_engine() line 235
01-01 00:39:25.893 733-1183/system_process E/LocSvc_libulp: I/===> bool ulp_quipc_engine_running() line 60
01-01 00:39:25.893 733-1183/system_process E/LocSvc_libulp: I/===> int ulp_brain_turn_onoff_gnss_provider() line 595
01-01 00:39:25.893 733-1183/system_process E/LocSvc_libulp: I/===> int ulp_gnss_stop_engine() line 262
01-01 00:39:25.893 733-1183/system_process E/LocSvc_libulp: I/===> bool ulp_quipc_engine_running() line 60
01-01 00:39:25.893 733-1183/system_process E/LocSvc_libulp: I/===> int ulp_brain_turn_onoff_gnp_provider() line 496
01-01 00:39:25.893 733-1183/system_process E/LocSvc_libulp: I/===> bool ulp_gnp_engine_running() line 59
01-01 00:39:25.893 733-1183/system_process E/LocSvc_libulp: I/===> int ulp_gnp_stop_engine() line 195
01-01 00:39:25.893 733-1183/system_process E/LocSvc_libulp: I/===> bool ulp_gnp_engine_running() line 59
01-01 00:39:25.893 733-1183/system_process E/LocSvc_libulp: I/===> bool ulp_gnp_engine_running() line 59
01-01 00:39:25.893 733-1183/system_process E/LocSvc_libulp: I/===> int ulp_brain_turn_onoff_zpp_provider() line 437
01-01 00:39:25.893 733-1183/system_process E/LocSvc_libulp: I/===> int ulp_zpp_start_engine() line 98
01-01 00:39:25.893 733-1183/system_process E/LocSvc_libulp: I/===> bool ulp_zpp_engine_running() line 62
01-01 00:39:25.893 733-1183/system_process E/LocSvc_libulp: I/===> int ulp_msg_process_start_req() line 447
01-01 00:39:25.893 733-1183/system_process E/LocSvc_libulp: I/int ulp_msg_process_start_req(), at ulp state = 1
01-01 00:39:25.894 733-1003/system_process E/LocSvc_api_v02: I/—> locClientSendReq line 2065 QMI_LOC_GET_BEST_AVAILABLE_POSITION_REQ_V02
01-01 00:39:25.899 733-1046/system_process E/LocSvc_ApiV02: I/<— void globalRespCb(locClientHandleType, uint32_t, locClientRespIndUnionType, void*) line 111 QMI_LOC_GET_BEST_AVAILABLE_POSITION_REQ_V02
01-01 00:39:25.899 733-1183/system_process E/LocSvc_libulp: I/===> int ulp_brain_process_zpp_position_report(loc_sess_status, LocPosTechMask, const UlpLocation*) line 1463
01-01 00:39:25.899 733-1183/system_process E/LocSvc_libulp: I/int ulp_brain_process_zpp_position_report(loc_sess_status, LocPosTechMask, const UlpLocation*), report ZPP position to providers,report_position = 0
01-01 00:39:25.899 733-1183/system_process E/LocSvc_libulp: I/===> int ulp_brain_select_providers() line 333
01-01 00:39:25.899 733-1183/system_process E/LocSvc_libulp: I/===> int ulp_brain_turn_onoff_quipc_provider() line 700
01-01 00:39:25.899 733-1183/system_process E/LocSvc_libulp: I/===> int ulp_quipc_stop_engine() line 235
01-01 00:39:25.899 733-1183/system_process E/LocSvc_libulp: I/===> bool ulp_quipc_engine_running() line 60
01-01 00:39:25.899 733-1183/system_process E/LocSvc_libulp: I/===> int ulp_brain_turn_onoff_gnss_provider() line 595
01-01 00:39:25.899 733-1183/system_process E/LocSvc_libulp: I/===> int ulp_gnss_stop_engine() line 262
01-01 00:39:25.899 733-1183/system_process E/LocSvc_libulp: I/===> bool ulp_quipc_engine_running() line 60
01-01 00:39:25.899 733-1183/system_process E/LocSvc_libulp: I/===> int ulp_brain_turn_onoff_gnp_provider() line 496
01-01 00:39:25.900 733-1183/system_process E/LocSvc_libulp: I/===> bool ulp_gnp_engine_running() line 59
01-01 00:39:25.900 733-1183/system_process E/LocSvc_libulp: I/===> int ulp_gnp_stop_engine() line 195
01-01 00:39:25.900 733-1183/system_process E/LocSvc_libulp: I/===> bool ulp_gnp_engine_running() line 59
01-01 00:39:25.900 733-1183/system_process E/LocSvc_libulp: I/===> bool ulp_gnp_engine_running() line 59
01-01 00:39:25.900 733-1183/system_process E/LocSvc_libulp: I/===> int ulp_brain_turn_onoff_zpp_provider() line 437
01-01 00:39:25.900 733-1183/system_process E/LocSvc_libulp: I/===> int ulp_zpp_stop_engine() line 174
01-01 00:39:25.900 733-1183/system_process E/LocSvc_libulp: I/===> bool ulp_zpp_engine_running() line 62
01-01 00:39:26.224 407-407/? E/QC-QMI: qmi_client [407]: unable to connect to server, errno=[2:No such file or directory], attempt=7
01-01 00:39:26.743 733-798/system_process I/DPMJ: |REQ:RCVR| DPM creating socket
01-01 00:39:27.225 407-407/? E/QC-QMI: qmi_client [407]: unable to connect to server, errno=[2:No such file or directory], attempt=8
01-01 00:39:28.225 407-407/? E/QC-QMI: qmi_client [407]: unable to connect to server, errno=[2:No such file or directory], attempt=9
01-01 00:39:29.226 407-407/? E/QC-QMI: qmi_client [407]: unable to connect to server, errno=[2:No such file or directory], attempt=10
01-01 00:39:30.226 407-407/? E/QC-QMI: qmi_client [407]: unable to connect to server, errno=[2:No such file or directory], attempt=11
01-01 00:39:30.744 733-798/system_process I/DPMJ: |REQ:RCVR| DPM creating socket
01-01 00:39:31.227 407-407/? E/QC-QMI: qmi_client [407]: unable to connect to server, errno=[2:No such file or directory], attempt=12
01-01 00:39:32.228 407-407/? E/QC-QMI: qmi_client [407]: unable to connect to server, errno=[2:No such file or directory], attempt=13
01-01 00:39:33.228 407-407/? E/QC-QMI: qmi_client [407]: unable to connect to server, errno=[2:No such file or directory], attempt=14
01-01 00:39:34.229 407-407/? E/QC-QMI: qmi_client [407]: unable to connect to server, errno=[2:No such file or directory], attempt=15
01-01 00:39:34.745 733-798/system_process I/DPMJ: |REQ:RCVR| DPM creating socket
01-01 00:39:35.230 407-407/? E/QC-QMI: qmi_client [407]: unable to connect to server, errno=[2:No such file or directory], attempt=16
01-01 00:39:35.894 733-1183/system_process E/LocSvc_libulp: I/===> int ulp_msg_process_system_update(UlpSystemEvent) line 1455
01-01 00:39:35.894 733-1183/system_process E/LocSvc_libulp: I/int ulp_msg_process_system_update(UlpSystemEvent): systemEvent:5
01-01 00:39:35.894 733-1183/system_process E/LocSvc_libulp: I/===> int ulp_brain_process_system_update(UlpSystemEvent) line 2352
01-01 00:39:35.894 733-1183/system_process E/LocSvc_libulp: I/===> int ulp_brain_select_providers() line 333
01-01 00:39:35.894 733-1183/system_process E/LocSvc_libulp: I/===> int ulp_brain_turn_onoff_quipc_provider() line 700
01-01 00:39:35.894 733-1183/system_process E/LocSvc_libulp: I/===> int ulp_quipc_stop_engine() line 235
01-01 00:39:35.894 733-1183/system_process E/LocSvc_libulp: I/===> bool ulp_quipc_engine_running() line 60
01-01 00:39:35.894 733-1183/system_process E/LocSvc_libulp: I/===> int ulp_brain_turn_onoff_gnss_provider() line 595
01-01 00:39:35.894 733-1183/system_process E/LocSvc_libulp: I/===> int ulp_gnss_stop_engine() line 262
01-01 00:39:35.894 733-1183/system_process E/LocSvc_libulp: I/===> bool ulp_quipc_engine_running() line 60
01-01 00:39:35.894 733-1183/system_process E/LocSvc_libulp: I/===> int ulp_brain_turn_onoff_gnp_provider() line 496
01-01 00:39:35.894 733-1183/system_process E/LocSvc_libulp: I/===> bool ulp_gnp_engine_running() line 59
01-01 00:39:35.894 733-1183/system_process E/LocSvc_libulp: I/===> int ulp_gnp_stop_engine() line 195
01-01 00:39:35.894 733-1183/system_process E/LocSvc_libulp: I/===> bool ulp_gnp_engine_running() line 59
01-01 00:39:35.894 733-1183/system_process E/LocSvc_libulp: I/===> bool ulp_gnp_engine_running() line 59
01-01 00:39:35.894 733-1183/system_process E/LocSvc_libulp: I/===> int ulp_brain_turn_onoff_zpp_provider() line 437
01-01 00:39:35.894 733-1183/system_process E/LocSvc_libulp: I/===> int ulp_zpp_start_engine() line 98
01-01 00:39:35.894 733-1183/system_process E/LocSvc_libulp: I/===> bool ulp_zpp_engine_running() line 62
01-01 00:39:35.894 733-1183/system_process E/LocSvc_libulp: I/===> int ulp_msg_process_start_req() line 447
01-01 00:39:35.894 733-1183/system_process E/LocSvc_libulp: I/int ulp_msg_process_start_req(), at ulp state = 1
01-01 00:39:35.894 733-1003/system_process E/LocSvc_api_v02: I/—> locClientSendReq line 2065 QMI_LOC_GET_BEST_AVAILABLE_POSITION_REQ_V02
01-01 00:39:35.896 733-1046/system_process E/LocSvc_ApiV02: I/<— void globalRespCb(locClientHandleType, uint32_t, locClientRespIndUnionType, void*) line 111 QMI_LOC_GET_BEST_AVAILABLE_POSITION_REQ_V02
01-01 00:39:35.896 733-1183/system_process E/LocSvc_libulp: I/===> int ulp_brain_process_zpp_position_report(loc_sess_status, LocPosTechMask, const UlpLocation*) line 1463
01-01 00:39:35.896 733-1183/system_process E/LocSvc_libulp: I/int ulp_brain_process_zpp_position_report(loc_sess_status, LocPosTechMask, const UlpLocation*), report ZPP position to providers,report_position = 0
01-01 00:39:35.896 733-1183/system_process E/LocSvc_libulp: I/===> int ulp_brain_select_providers() line 333
01-01 00:39:35.896 733-1183/system_process E/LocSvc_libulp: I/===> int ulp_brain_turn_onoff_quipc_provider() line 700
01-01 00:39:35.896 733-1183/system_process E/LocSvc_libulp: I/===> int ulp_quipc_stop_engine() line 235
01-01 00:39:35.896 733-1183/system_process E/LocSvc_libulp: I/===> bool ulp_quipc_engine_running() line 60
01-01 00:39:35.896 733-1183/system_process E/LocSvc_libulp: I/===> int ulp_brain_turn_onoff_gnss_provider() line 595
01-01 00:39:35.896 733-1183/system_process E/LocSvc_libulp: I/===> int ulp_gnss_stop_engine() line 262
01-01 00:39:35.896 733-1183/system_process E/LocSvc_libulp: I/===> bool ulp_quipc_engine_running() line 60
01-01 00:39:35.896 733-1183/system_process E/LocSvc_libulp: I/===> int ulp_brain_turn_onoff_gnp_provider() line 496
01-01 00:39:35.896 733-1183/system_process E/LocSvc_libulp: I/===> bool ulp_gnp_engine_running() line 59
01-01 00:39:35.896 733-1183/system_process E/LocSvc_libulp: I/===> int ulp_gnp_stop_engine() line 195
01-01 00:39:35.896 733-1183/system_process E/LocSvc_libulp: I/===> bool ulp_gnp_engine_running() line 59
01-01 00:39:35.896 733-1183/system_process E/LocSvc_libulp: I/===> bool ulp_gnp_engine_running() line 59
01-01 00:39:35.896 733-1183/system_process E/LocSvc_libulp: I/===> int ulp_brain_turn_onoff_zpp_provider() line 437
01-01 00:39:35.896 733-1183/system_process E/LocSvc_libulp: I/===> int ulp_zpp_stop_engine() line 174
01-01 00:39:35.896 733-1183/system_process E/LocSvc_libulp: I/===> bool ulp_zpp_engine_running() line 62
01-01 00:39:36.231 407-407/? E/QC-QMI: qmi_client [407]: unable to connect to server, errno=[2:No such file or directory], attempt=17
01-01 00:39:37.231 407-407/? E/QC-QMI: qmi_client [407]: unable to connect to server, errno=[2:No such file or directory], attempt=18
01-01 00:39:38.232 407-407/? E/QC-QMI: qmi_client [407]: unable to connect to server, errno=[2:No such file or directory], attempt=19
01-01 00:39:38.746 733-798/system_process I/DPMJ: |REQ:RCVR| DPM creating socket
01-01 00:39:39.233 407-407/? E/QC-QMI: qmi_client [407]: unable to connect to server, errno=[2:No such file or directory], attempt=20
01-01 00:39:40.233 407-407/? E/QC-QMI: qmi_client [407]: unable to connect to server, errno=[2:No such file or directory], attempt=21
01-01 00:39:41.234 407-407/? E/QC-QMI: qmi_client [407]: unable to connect to server, errno=[2:No such file or directory], attempt=22
01-01 00:39:42.235 407-407/? E/QC-QMI: qmi_client [407]: unable to connect to server, errno=[2:No such file or directory], attempt=23
01-01 00:39:42.747 733-798/system_process I/DPMJ: |REQ:RCVR| DPM creating socket
01-01 00:39:43.236 407-407/? E/QC-QMI: qmi_client [407]: unable to connect to server, errno=[2:No such file or directory], attempt=24
01-01 00:39:44.236 407-407/? E/QC-QMI: qmi_client [407]: unable to connect to server, errno=[2:No such file or directory], attempt=25
01-01 00:39:45.237 407-407/? E/QC-QMI: qmi_client [407]: unable to connect to server, errno=[2:No such file or directory], attempt=26
01-01 00:39:45.894 733-1183/system_process E/LocSvc_libulp: I/===> int ulp_msg_process_system_update(UlpSystemEvent) line 1455
01-01 00:39:45.894 733-1183/system_process E/LocSvc_libulp: I/int ulp_msg_process_system_update(UlpSystemEvent): systemEvent:5
01-01 00:39:45.894 733-1183/system_process E/LocSvc_libulp: I/===> int ulp_brain_process_system_update(UlpSystemEvent) line 2352
01-01 00:39:45.894 733-1183/system_process E/LocSvc_libulp: I/===> int ulp_brain_select_providers() line 333
01-01 00:39:45.894 733-1183/system_process E/LocSvc_libulp: I/===> int ulp_brain_turn_onoff_quipc_provider() line 700
01-01 00:39:45.894 733-1183/system_process E/LocSvc_libulp: I/===> int ulp_quipc_stop_engine() line 235
01-01 00:39:45.894 733-1183/system_process E/LocSvc_libulp: I/===> bool ulp_quipc_engine_running() line 60
01-01 00:39:45.894 733-1183/system_process E/LocSvc_libulp: I/===> int ulp_brain_turn_onoff_gnss_provider() line 595
01-01 00:39:45.894 733-1183/system_process E/LocSvc_libulp: I/===> int ulp_gnss_stop_engine() line 262
01-01 00:39:45.894 733-1183/system_process E/LocSvc_libulp: I/===> bool ulp_quipc_engine_running() line 60
01-01 00:39:45.894 733-1183/system_process E/LocSvc_libulp: I/===> int ulp_brain_turn_onoff_gnp_provider() line 496
01-01 00:39:45.894 733-1183/system_process E/LocSvc_libulp: I/===> bool ulp_gnp_engine_running() line 59
01-01 00:39:45.894 733-1183/system_process E/LocSvc_libulp: I/===> int ulp_gnp_stop_engine() line 195
01-01 00:39:45.894 733-1183/system_process E/LocSvc_libulp: I/===> bool ulp_gnp_engine_running() line 59
01-01 00:39:45.894 733-1183/system_process E/LocSvc_libulp: I/===> bool ulp_gnp_engine_running() line 59
01-01 00:39:45.895 733-1183/system_process E/LocSvc_libulp: I/===> int ulp_brain_turn_onoff_zpp_provider() line 437
01-01 00:39:45.895 733-1183/system_process E/LocSvc_libulp: I/===> int ulp_zpp_start_engine() line 98
01-01 00:39:45.895 733-1183/system_process E/LocSvc_libulp: I/===> bool ulp_zpp_engine_running() line 62
01-01 00:39:45.895 733-1183/system_process E/LocSvc_libulp: I/===> int ulp_msg_process_start_req() line 447
01-01 00:39:45.895 733-1183/system_process E/LocSvc_libulp: I/int ulp_msg_process_start_req(), at ulp state = 1
01-01 00:39:45.895 733-1003/system_process E/LocSvc_api_v02: I/—> locClientSendReq line 2065 QMI_LOC_GET_BEST_AVAILABLE_POSITION_REQ_V02
01-01 00:39:45.896 733-1046/system_process E/LocSvc_ApiV02: I/<— void globalRespCb(locClientHandleType, uint32_t, locClientRespIndUnionType, void*) line 111 QMI_LOC_GET_BEST_AVAILABLE_POSITION_REQ_V02
01-01 00:39:45.896 733-1183/system_process E/LocSvc_libulp: I/===> int ulp_brain_process_zpp_position_report(loc_sess_status, LocPosTechMask, const UlpLocation*) line 1463
01-01 00:39:45.897 733-1183/system_process E/LocSvc_libulp: I/int ulp_brain_process_zpp_position_report(loc_sess_status, LocPosTechMask, const UlpLocation*), report ZPP position to providers,report_position = 0
01-01 00:39:45.897 733-1183/system_process E/LocSvc_libulp: I/===> int ulp_brain_select_providers() line 333
01-01 00:39:45.897 733-1183/system_process E/LocSvc_libulp: I/===> int ulp_brain_turn_onoff_quipc_provider() line 700
01-01 00:39:45.897 733-1183/system_process E/LocSvc_libulp: I/===> int ulp_quipc_stop_engine() line 235
01-01 00:39:45.897 733-1183/system_process E/LocSvc_libulp: I/===> bool ulp_quipc_engine_running() line 60
01-01 00:39:45.897 733-1183/system_process E/LocSvc_libulp: I/===> int ulp_brain_turn_onoff_gnss_provider() line 595
01-01 00:39:45.897 733-1183/system_process E/LocSvc_libulp: I/===> int ulp_gnss_stop_engine() line 262
01-01 00:39:45.897 733-1183/system_process E/LocSvc_libulp: I/===> bool ulp_quipc_engine_running() line 60
01-01 00:39:45.897 733-1183/system_process E/LocSvc_libulp: I/===> int ulp_brain_turn_onoff_gnp_provider() line 496
01-01 00:39:45.897 733-1183/system_process E/LocSvc_libulp: I/===> bool ulp_gnp_engine_running() line 59
01-01 00:39:45.897 733-1183/system_process E/LocSvc_libulp: I/===> int ulp_gnp_stop_engine() line 195
01-01 00:39:45.897 733-1183/system_process E/LocSvc_libulp: I/===> bool ulp_gnp_engine_running() line 59
01-01 00:39:45.897 733-1183/system_process E/LocSvc_libulp: I/===> bool ulp_gnp_engine_running() line 59
01-01 00:39:45.897 733-1183/system_process E/LocSvc_libulp: I/===> int ulp_brain_turn_onoff_zpp_provider() line 437
01-01 00:39:45.897 733-1183/system_process E/LocSvc_libulp: I/===> int ulp_zpp_stop_engine() line 174
01-01 00:39:45.897 733-1183/system_process E/LocSvc_libulp: I/===> bool ulp_zpp_engine_running() line 62
01-01 00:39:46.238 407-407/? E/QC-QMI: qmi_client [407]: unable to connect to server, errno=[2:No such file or directory], attempt=27
01-01 00:39:46.749 733-798/system_process I/DPMJ: |REQ:RCVR| DPM creating socket
01-01 00:39:47.239 407-407/? E/QC-QMI: qmi_client [407]: unable to connect to server, errno=[2:No such file or directory], attempt=28
01-01 00:39:48.239 407-407/? E/QC-QMI: qmi_client [407]: unable to connect to server, errno=[2:No such file or directory], attempt=29
01-01 00:39:49.240 407-407/? E/QC-QMI: qmi_client [407]: unable to connect to server, errno=[2:No such file or directory], attempt=30
01-01 00:39:50.241 407-407/? E/QC-QMI: qmi_client [407]: unable to connect to server, errno=[2:No such file or directory], attempt=31
01-01 00:39:50.750 733-798/system_process I/DPMJ: |REQ:RCVR| DPM creating socket
01-01 00:39:51.242 407-407/? E/QC-QMI: qmi_client [407]: unable to connect to server, errno=[2:No such file or directory], attempt=32
01-01 00:39:52.242 407-407/? E/QC-QMI: qmi_client [407]: unable to connect to server, errno=[2:No such file or directory], attempt=33
01-01 00:39:53.243 407-407/? E/QC-QMI: qmi_client [407]: unable to connect to server, errno=[2:No such file or directory], attempt=34
01-01 00:39:54.244 407-407/? E/QC-QMI: qmi_client [407]: unable to connect to server, errno=[2:No such file or directory], attempt=35
01-01 00:39:54.751 733-798/system_process I/DPMJ: |REQ:RCVR| DPM creating socket
01-01 00:39:55.244 407-407/? E/QC-QMI: qmi_client [407]: unable to connect to server, errno=[2:No such file or directory], attempt=36
01-01 00:39:55.895 733-1183/system_process E/LocSvc_libulp: I/===> int ulp_msg_process_system_update(UlpSystemEvent) line 1455
01-01 00:39:55.895 733-1183/system_process E/LocSvc_libulp: I/int ulp_msg_process_system_update(UlpSystemEvent): systemEvent:5
01-01 00:39:55.895 733-1183/system_process E/LocSvc_libulp: I/===> int ulp_brain_process_system_update(UlpSystemEvent) line 2352
01-01 00:39:55.895 733-1183/system_process E/LocSvc_libulp: I/===> int ulp_brain_select_providers() line 333
01-01 00:39:55.895 733-1183/system_process E/LocSvc_libulp: I/===> int ulp_brain_turn_onoff_quipc_provider() line 700
01-01 00:39:55.895 733-1183/system_process E/LocSvc_libulp: I/===> int ulp_quipc_stop_engine() line 235
01-01 00:39:55.895 733-1183/system_process E/LocSvc_libulp: I/===> bool ulp_quipc_engine_running() line 60
01-01 00:39:55.895 733-1183/system_process E/LocSvc_libulp: I/===> int ulp_brain_turn_onoff_gnss_provider() line 595
01-01 00:39:55.895 733-1183/system_process E/LocSvc_libulp: I/===> int ulp_gnss_stop_engine() line 262
01-01 00:39:55.895 733-1183/system_process E/LocSvc_libulp: I/===> bool ulp_quipc_engine_running() line 60
01-01 00:39:55.895 733-1183/system_process E/LocSvc_libulp: I/===> int ulp_brain_turn_onoff_gnp_provider() line 496
01-01 00:39:55.895 733-1183/system_process E/LocSvc_libulp: I/===> bool ulp_gnp_engine_running() line 59
01-01 00:39:55.895 733-1183/system_process E/LocSvc_libulp: I/===> int ulp_gnp_stop_engine() line 195
01-01 00:39:55.895 733-1183/system_process E/LocSvc_libulp: I/===> bool ulp_gnp_engine_running() line 59
01-01 00:39:55.895 733-1183/system_process E/LocSvc_libulp: I/===> bool ulp_gnp_engine_running() line 59
01-01 00:39:55.895 733-1183/system_process E/LocSvc_libulp: I/===> int ulp_brain_turn_onoff_zpp_provider() line 437
01-01 00:39:55.895 733-1183/system_process E/LocSvc_libulp: I/===> int ulp_zpp_start_engine() line 98
01-01 00:39:55.895 733-1183/system_process E/LocSvc_libulp: I/===> bool ulp_zpp_engine_running() line 62
01-01 00:39:55.895 733-1183/system_process E/LocSvc_libulp: I/===> int ulp_msg_process_start_req() line 447
01-01 00:39:55.895 733-1183/system_process E/LocSvc_libulp: I/int ulp_msg_process_start_req(), at ulp state = 1
01-01 00:39:55.896 733-1003/system_process E/LocSvc_api_v02: I/—> locClientSendReq line 2065 QMI_LOC_GET_BEST_AVAILABLE_POSITION_REQ_V02
01-01 00:39:55.902 733-1046/system_process E/LocSvc_ApiV02: I/<— void globalRespCb(locClientHandleType, uint32_t, locClientRespIndUnionType, void*) line 111 QMI_LOC_GET_BEST_AVAILABLE_POSITION_REQ_V02
01-01 00:39:55.902 733-1183/system_process E/LocSvc_libulp: I/===> int ulp_brain_process_zpp_position_report(loc_sess_status, LocPosTechMask, const UlpLocation*) line 1463
01-01 00:39:55.902 733-1183/system_process E/LocSvc_libulp: I/int ulp_brain_process_zpp_position_report(loc_sess_status, LocPosTechMask, const UlpLocation*), report ZPP position to providers,report_position = 0
01-01 00:39:55.902 733-1183/system_process E/LocSvc_libulp: I/===> int ulp_brain_select_providers() line 333
01-01 00:39:55.902 733-1183/system_process E/LocSvc_libulp: I/===> int ulp_brain_turn_onoff_quipc_provider() line 700
01-01 00:39:55.902 733-1183/system_process E/LocSvc_libulp: I/===> int ulp_quipc_stop_engine() line 235
01-01 00:39:55.902 733-1183/system_process E/LocSvc_libulp: I/===> bool ulp_quipc_engine_running() line 60
01-01 00:39:55.902 733-1183/system_process E/LocSvc_libulp: I/===> int ulp_brain_turn_onoff_gnss_provider() line 595
01-01 00:39:55.902 733-1183/system_process E/LocSvc_libulp: I/===> int ulp_gnss_stop_engine() line 262
01-01 00:39:55.902 733-1183/system_process E/LocSvc_libulp: I/===> bool ulp_quipc_engine_running() line 60
01-01 00:39:55.902 733-1183/system_process E/LocSvc_libulp: I/===> int ulp_brain_turn_onoff_gnp_provider() line 496
01-01 00:39:55.902 733-1183/system_process E/LocSvc_libulp: I/===> bool ulp_gnp_engine_running() line 59
01-01 00:39:55.902 733-1183/system_process E/LocSvc_libulp: I/===> int ulp_gnp_stop_engine() line 195
01-01 00:39:55.903 733-1183/system_process E/LocSvc_libulp: I/===> bool ulp_gnp_engine_running() line 59
01-01 00:39:55.903 733-1183/system_process E/LocSvc_libulp: I/===> bool ulp_gnp_engine_running() line 59
01-01 00:39:55.903 733-1183/system_process E/LocSvc_libulp: I/===> int ulp_brain_turn_onoff_zpp_provider() line 437
01-01 00:39:55.903 733-1183/system_process E/LocSvc_libulp: I/===> int ulp_zpp_stop_engine() line 174
01-01 00:39:55.903 733-1183/system_process E/LocSvc_libulp: I/===> bool ulp_zpp_engine_running() line 62
01-01 00:39:56.245 407-407/? E/QC-QMI: qmi_client [407]: unable to connect to server, errno=[2:No such file or directory], attempt=37
01-01 00:39:57.245 407-407/? E/QC-QMI: qmi_client [407]: unable to connect to server, errno=[2:No such file or directory], attempt=38
01-01 00:39:58.246 407-407/? E/QC-QMI: qmi_client [407]: unable to connect to server, errno=[2:No such file or directory], attempt=39
01-01 00:39:58.752 733-798/system_process I/DPMJ: |REQ:RCVR| DPM creating socket
01-01 00:39:59.247 407-407/? E/QC-QMI: qmi_client [407]: unable to connect to server, errno=[2:No such file or directory], attempt=40
01-01 00:40:00.247 407-407/? E/QC-QMI: qmi_client [407]: unable to connect to server, errno=[2:No such file or directory], attempt=41
01-01 00:40:01.247 407-407/? E/QC-QMI: qmi_client [407]: unable to connect to server, errno=[2:No such file or directory], attempt=42
01-01 00:40:02.248 407-407/? E/QC-QMI: qmi_client [407]: unable to connect to server, errno=[2:No such file or directory], attempt=43
01-01 00:40:02.598 733-748/system_process I/art: Background sticky concurrent mark sweep GC freed 116926(2MB) AllocSpace objects, 0(0B) LOS objects, 21% free, 8MB/11MB, paused 1.735ms total 149.462ms
01-01 00:40:02.753 733-798/system_process I/DPMJ: |REQ:RCVR| DPM creating socket
01-01 00:40:03.248 407-407/? E/QC-QMI: qmi_client [407]: unable to connect to server, errno=[2:No such file or directory], attempt=44
01-01 00:40:04.248 407-407/? E/QC-QMI: qmi_client [407]: unable to connect to server, errno=[2:No such file or directory], attempt=45
01-01 00:40:05.249 407-407/? E/QC-QMI: qmi_client [407]: unable to connect to server, errno=[2:No such file or directory], attempt=46
01-01 00:40:05.895 733-1183/system_process E/LocSvc_libulp: I/===> int ulp_msg_process_system_update(UlpSystemEvent) line 1455
01-01 00:40:05.895 733-1183/system_process E/LocSvc_libulp: I/int ulp_msg_process_system_update(UlpSystemEvent): systemEvent:5
01-01 00:40:05.895 733-1183/system_process E/LocSvc_libulp: I/===> int ulp_brain_process_system_update(UlpSystemEvent) line 2352
01-01 00:40:05.895 733-1183/system_process E/LocSvc_libulp: I/===> int ulp_brain_select_providers() line 333
01-01 00:40:05.895 733-1183/system_process E/LocSvc_libulp: I/===> int ulp_brain_turn_onoff_quipc_provider() line 700
01-01 00:40:05.895 733-1183/system_process E/LocSvc_libulp: I/===> int ulp_quipc_stop_engine() line 235
01-01 00:40:05.895 733-1183/system_process E/LocSvc_libulp: I/===> bool ulp_quipc_engine_running() line 60
01-01 00:40:05.895 733-1183/system_process E/LocSvc_libulp: I/===> int ulp_brain_turn_onoff_gnss_provider() line 595
01-01 00:40:05.895 733-1183/system_process E/LocSvc_libulp: I/===> int ulp_gnss_stop_engine() line 262
01-01 00:40:05.895 733-1183/system_process E/LocSvc_libulp: I/===> bool ulp_quipc_engine_running() line 60
01-01 00:40:05.895 733-1183/system_process E/LocSvc_libulp: I/===> int ulp_brain_turn_onoff_gnp_provider() line 496
01-01 00:40:05.895 733-1183/system_process E/LocSvc_libulp: I/===> bool ulp_gnp_engine_running() line 59
01-01 00:40:05.895 733-1183/system_process E/LocSvc_libulp: I/===> int ulp_gnp_stop_engine() line 195
01-01 00:40:05.895 733-1183/system_process E/LocSvc_libulp: I/===> bool ulp_gnp_engine_running() line 59
01-01 00:40:05.895 733-1183/system_process E/LocSvc_libulp: I/===> bool ulp_gnp_engine_running() line 59
01-01 00:40:05.895 733-1183/system_process E/LocSvc_libulp: I/===> int ulp_brain_turn_onoff_zpp_provider() line 437
01-01 00:40:05.895 733-1183/system_process E/LocSvc_libulp: I/===> int ulp_zpp_start_engine() line 98
01-01 00:40:05.895 733-1183/system_process E/LocSvc_libulp: I/===> bool ulp_zpp_engine_running() line 62
01-01 00:40:05.895 733-1183/system_process E/LocSvc_libulp: I/===> int ulp_msg_process_start_req() line 447
01-01 00:40:05.895 733-1183/system_process E/LocSvc_libulp: I/int ulp_msg_process_start_req(), at ulp state = 1
01-01 00:40:05.895 733-1003/system_process E/LocSvc_api_v02: I/—> locClientSendReq line 2065 QMI_LOC_GET_BEST_AVAILABLE_POSITION_REQ_V02
01-01 00:40:05.899 733-1046/system_process E/LocSvc_ApiV02: I/<— void globalRespCb(locClientHandleType, uint32_t, locClientRespIndUnionType, void*) line 111 QMI_LOC_GET_BEST_AVAILABLE_POSITION_REQ_V02
01-01 00:40:05.899 733-1183/system_process E/LocSvc_libulp: I/===> int ulp_brain_process_zpp_position_report(loc_sess_status, LocPosTechMask, const UlpLocation*) line 1463
01-01 00:40:05.899 733-1183/system_process E/LocSvc_libulp: I/int ulp_brain_process_zpp_position_report(loc_sess_status, LocPosTechMask, const UlpLocation*), report ZPP position to providers,report_position = 0
01-01 00:40:05.899 733-1183/system_process E/LocSvc_libulp: I/===> int ulp_brain_select_providers() line 333
01-01 00:40:05.899 733-1183/system_process E/LocSvc_libulp: I/===> int ulp_brain_turn_onoff_quipc_provider() line 700
01-01 00:40:05.899 733-1183/system_process E/LocSvc_libulp: I/===> int ulp_quipc_stop_engine() line 235
01-01 00:40:05.899 733-1183/system_process E/LocSvc_libulp: I/===> bool ulp_quipc_engine_running() line 60
01-01 00:40:05.899 733-1183/system_process E/LocSvc_libulp: I/===> int ulp_brain_turn_onoff_gnss_provider() line 595
01-01 00:40:05.899 733-1183/system_process E/LocSvc_libulp: I/===> int ulp_gnss_stop_engine() line 262
01-01 00:40:05.899 733-1183/system_process E/LocSvc_libulp: I/===> bool ulp_quipc_engine_running() line 60
01-01 00:40:05.899 733-1183/system_process E/LocSvc_libulp: I/===> int ulp_brain_turn_onoff_gnp_provider() line 496
01-01 00:40:05.899 733-1183/system_process E/LocSvc_libulp: I/===> bool ulp_gnp_engine_running() line 59
01-01 00:40:05.899 733-1183/system_process E/LocSvc_libulp: I/===> int ulp_gnp_stop_engine() line 195
01-01 00:40:05.899 733-1183/system_process E/LocSvc_libulp: I/===> bool ulp_gnp_engine_running() line 59
01-01 00:40:05.899 733-1183/system_process E/LocSvc_libulp: I/===> bool ulp_gnp_engine_running() line 59
01-01 00:40:05.899 733-1183/system_process E/LocSvc_libulp: I/===> int ulp_brain_turn_onoff_zpp_provider() line 437
01-01 00:40:05.899 733-1183/system_process E/LocSvc_libulp: I/===> int ulp_zpp_stop_engine() line 174
01-01 00:40:05.899 733-1183/system_process E/LocSvc_libulp: I/===> bool ulp_zpp_engine_running() line 62
01-01 00:40:06.249 407-407/? E/QC-QMI: qmi_client [407]: unable to connect to server, errno=[2:No such file or directory], attempt=47
01-01 00:40:06.754 733-798/system_process I/DPMJ: |REQ:RCVR| DPM creating socket
01-01 00:40:07.250 407-407/? E/QC-QMI: qmi_client [407]: unable to connect to server, errno=[2:No such file or directory], attempt=48
01-01 00:40:08.250 407-407/? E/QC-QMI: qmi_client [407]: unable to connect to server, errno=[2:No such file or directory], attempt=49
01-01 00:40:09.250 407-407/? E/QC-QMI: qmi_client [407]: unable to connect to server, errno=[2:No such file or directory], attempt=50
01-01 00:40:10.251 407-407/? E/QC-QMI: qmi_client [407]: unable to connect to server, errno=[2:No such file or directory], attempt=51
01-01 00:40:10.755 733-798/system_process I/DPMJ: |REQ:RCVR| DPM creating socket
01-01 00:40:11.252 407-407/? E/QC-QMI: qmi_client [407]: unable to connect to server, errno=[2:No such file or directory], attempt=52
01-01 00:40:12.252 407-407/? E/QC-QMI: qmi_client [407]: unable to connect to server, errno=[2:No such file or directory], attempt=53
01-01 00:40:13.253 407-407/? E/QC-QMI: qmi_client [407]: unable to connect to server, errno=[2:No such file or directory], attempt=54
01-01 00:40:14.253 407-407/? E/QC-QMI: qmi_client [407]: unable to connect to server, errno=[2:No such file or directory], attempt=55
01-01 00:40:14.756 733-798/system_process I/DPMJ: |REQ:RCVR| DPM creating socket
01-01 00:40:15.253 407-407/? E/QC-QMI: qmi_client [407]: unable to connect to server, errno=[2:No such file or directory], attempt=56
01-01 00:40:15.895 733-1183/system_process E/LocSvc_libulp: I/===> int ulp_msg_process_system_update(UlpSystemEvent) line 1455
01-01 00:40:15.895 733-1183/system_process E/LocSvc_libulp: I/int ulp_msg_process_system_update(UlpSystemEvent): systemEvent:5
01-01 00:40:15.895 733-1183/system_process E/LocSvc_libulp: I/===> int ulp_brain_process_system_update(UlpSystemEvent) line 2352
01-01 00:40:15.895 733-1183/system_process E/LocSvc_libulp: I/===> int ulp_brain_select_providers() line 333
01-01 00:40:15.895 733-1183/system_process E/LocSvc_libulp: I/===> int ulp_brain_turn_onoff_quipc_provider() line 700
01-01 00:40:15.895 733-1183/system_process E/LocSvc_libulp: I/===> int ulp_quipc_stop_engine() line 235
