01-01 00:33:41.110 296-2045/? D/NuPlayerDriver: notifyResetComplete(0xab111200)
01-01 00:33:41.118 296-2057/? D/ExtendedUtils: Try creating ExtendedExtractor
01-01 00:33:41.118 296-2057/? D/ExtendedUtils: default extractor is NULL, return extended extractor
01-01 00:33:41.120 296-2057/? E/MM_OSAL: FileSource::FileSource
01-01 00:33:41.120 296-2057/? E/MM_OSAL: FileSource::FileSource m_bEveryThingOK 1
01-01 00:33:41.122 296-2057/? E/MM_OSAL: MM_File_Create failed .Efs Error No -1 , File Name /data/mmosal_logmask.cfg , Mode 0
01-01 00:33:41.123 296-2057/? E/MM_OSAL: Open or read fail on /data/mmosal_logmask.cfg. Possible permission denied issue. Looking for /data/misc/media/mmosal_logmask.cfg
01-01 00:33:41.124 296-2057/? E/MM_OSAL: MM_File_Create failed .Efs Error No -1 , File Name /data/misc/media/mmosal_logmask.cfg , Mode 0
01-01 00:33:41.126 296-816/? D/NuPlayerDriver: start(0xab0f2f10)
01-01 00:33:41.126 296-2056/? I/GenericSource: start
01-01 00:33:41.129 296-2057/? E/MMParserExtractor: FileSource::FILE_SOURCE_DATA_END
01-01 00:33:41.130 296-2056/? D/AudioPolicyManager: isOffloadSupported: stream_type != MUSIC, returning false
01-01 00:33:41.131 296-2056/? D/AudioPolicyManager: isOffloadSupported: stream_type != MUSIC, returning false
01-01 00:33:41.141 2012-2012/com.android.systemui W/ResourceType: No package identifier when getting value for resource number 0x00000000
01-01 00:33:41.141 2012-2012/com.android.systemui W/PackageManager: Failure retrieving resources for com.android.settings: Resource ID #0x0
01-01 00:33:41.155 296-2057/? E/MMParserExtractor: FileSource::FILE_SOURCE_DATA_END
01-01 00:33:41.159 296-816/? D/NuPlayerDriver: reset(0xab0f2f10)
01-01 00:33:41.164 296-2056/? D/NuPlayerDriver: notifyResetComplete(0xab0f2f10)
01-01 00:33:41.177 296-2064/? D/ExtendedUtils: Try creating ExtendedExtractor
01-01 00:33:41.177 296-2064/? D/ExtendedUtils: default extractor is NULL, return extended extractor
01-01 00:33:41.177 296-2064/? E/MM_OSAL: FileSource::FileSource
01-01 00:33:41.177 296-2064/? E/MM_OSAL: FileSource::FileSource m_bEveryThingOK 1
01-01 00:33:41.178 296-2064/? E/MM_OSAL: MM_File_Create failed .Efs Error No -1 , File Name /data/mmosal_logmask.cfg , Mode 0
01-01 00:33:41.178 296-2064/? E/MM_OSAL: Open or read fail on /data/mmosal_logmask.cfg. Possible permission denied issue. Looking for /data/misc/media/mmosal_logmask.cfg
01-01 00:33:41.178 296-2064/? E/MM_OSAL: MM_File_Create failed .Efs Error No -1 , File Name /data/misc/media/mmosal_logmask.cfg , Mode 0
01-01 00:33:41.179 296-815/? D/NuPlayerDriver: start(0xab0f2f10)
01-01 00:33:41.179 296-2063/? I/GenericSource: start
01-01 00:33:41.180 296-2064/? E/MMParserExtractor: FileSource::FILE_SOURCE_DATA_END
01-01 00:33:41.180 296-2063/? D/AudioPolicyManager: isOffloadSupported: stream_type != MUSIC, returning false
01-01 00:33:41.181 296-2063/? D/AudioPolicyManager: isOffloadSupported: stream_type != MUSIC, returning false
01-01 00:33:41.190 733-733/system_process W/ContextImpl: Calling a method in the system process without a qualified user: android.app.ContextImpl.startService:1699 android.content.ContextWrapper.startService:516 android.content.ContextWrapper.startService:516 com.dsi.ant.server.AntService.startService:129 com.dsi.ant.server.startup.BootCompletedReceiver.onReceive:41
01-01 00:33:41.190 733-733/system_process W/ContextImpl: Implicit intents with startService are not safe: Intent { act=com.dsi.ant.server.IAntHal } android.content.ContextWrapper.startService:516 android.content.ContextWrapper.startService:516 com.dsi.ant.server.AntService.startService:129
01-01 00:33:41.204 296-2064/? E/MMParserExtractor: FileSource::FILE_SOURCE_DATA_END
01-01 00:33:41.206 296-815/? D/NuPlayerDriver: reset(0xab0f2f10)
01-01 00:33:41.217 296-2063/? D/NuPlayerDriver: notifyResetComplete(0xab0f2f10)
01-01 00:33:41.240 733-733/system_process I/ActivityManager: Start proc 2071:com.qualcomm.display/1000 for broadcast com.qualcomm.cabl/.CABLReceiver
01-01 00:33:41.259 316-316/? I/art: Explicit concurrent mark sweep GC freed 709(30KB) AllocSpace objects, 0(0B) LOS objects, 89% free, 123KB/1147KB, paused 165us total 16.414ms
01-01 00:33:41.266 2071-2081/com.qualcomm.display I/art: Debugger is no longer active
01-01 00:33:41.275 316-316/? I/art: Explicit concurrent mark sweep GC freed 5(160B) AllocSpace objects, 0(0B) LOS objects, 89% free, 123KB/1147KB, paused 160us total 15.387ms
01-01 00:33:41.291 316-316/? I/art: Explicit concurrent mark sweep GC freed 5(160B) AllocSpace objects, 0(0B) LOS objects, 89% free, 123KB/1147KB, paused 171us total 14.952ms
01-01 00:33:41.295 2071-2071/com.qualcomm.display W/ContextImpl: Calling a method in the system process without a qualified user: android.app.ContextImpl.startService:1699 android.content.ContextWrapper.startService:516 android.content.ContextWrapper.startService:516 com.qualcomm.cabl.CABLReceiver.onReceive:30 android.app.ActivityThread.handleReceiver:2609
01-01 00:33:41.301 2012-2012/com.android.systemui D/VolumeUI: Registering volume controller
01-01 00:33:41.304 2071-2071/com.qualcomm.display D/CABL: PostProc daemon status: running
01-01 00:33:41.316 2071-2092/com.qualcomm.display D/CABL: Connected to the daemon socket
01-01 00:33:41.325 2089-2089/? D/QSEECOMAPI:: QSEECom_get_handle sb_length = 0x2000
01-01 00:33:41.326 2089-2089/? D/QSEECOMAPI:: App is already loaded QSEE and app id = 3
01-01 00:33:41.335 733-1043/system_process I/ActivityManager: Start proc 2094:com.android.calendar/u0a25 for broadcast com.android.calendar/.alerts.AlertReceiver
01-01 00:33:41.360 733-733/system_process V/KeyguardServiceDelegate: *** Keyguard connected (yay!)
01-01 00:33:41.365 2071-2071/com.qualcomm.display D/CABL: Bootup: CABL state is:true
01-01 00:33:41.365 2012-2012/com.android.systemui D/KeyguardUpdateMonitor: ACTION_SERVICE_STATE_CHANGED on sub: 2147483643 mServiceState: 1 1 home null null null Unknown Unknown CSS not supported -1 -1 RoamInd=-1 DefRoamInd=-1 EmergOnly=false
01-01 00:33:41.365 2071-2071/com.qualcomm.display D/CABL: Starting CABL at bootup
01-01 00:33:41.374 2012-2032/com.android.systemui V/KeyguardViewMediator: Ignoring state: UNKNOWN
01-01 00:33:41.374 2012-2032/com.android.systemui W/Settings: Setting airplane_mode_on has moved from android.provider.Settings.System to android.provider.Settings.Global, returning read-only value.
01-01 00:33:41.377 2071-2071/com.qualcomm.display D/CABL: Matching expected outcome Success with response from daemon Success
01-01 00:33:41.379 336-2113/? D/PPDaemon: static ScreenRefresher* ScreenRefresher::getInstance(): Successfully loaded libqdutils.so
01-01 00:33:41.379 2071-2092/com.qualcomm.display D/CABL: PostProc Daemon sent: Success
01-01 00:33:41.389 733-1107/system_process I/ActivityManager: Killing 1169:com.qualcomm.location.XT/1000 (adj 15): empty #17
01-01 00:33:41.597 733-1107/system_process E/libprocessgroup: failed to kill 1 processes for processgroup 1169
01-01 00:33:41.614 2094-2094/com.android.calendar D/ExtensionsFactory: No custom extensions.
01-01 00:33:41.622 2094-2094/com.android.calendar D/AlertReceiver: onReceive: a=android.intent.action.BOOT_COMPLETED Intent { act=android.intent.action.BOOT_COMPLETED flg=0x8000010 cmp=com.android.calendar/.alerts.AlertReceiver (has extras) }
01-01 00:33:41.668 733-1044/system_process I/ActivityManager: Start proc 2122:com.qualcomm.qti.calendarlocalaccount/u0a26 for broadcast com.qualcomm.qti.calendarlocalaccount/.LocalAccountManager
01-01 00:33:41.672 2094-2120/com.android.calendar D/AlertService: 0 Action = android.intent.action.BOOT_COMPLETED
01-01 00:33:41.680 2094-2120/com.android.calendar D/AlertService: Scheduling next alarm with AlarmScheduler. sEventReminderReceived: null
01-01 00:33:41.713 2094-2120/com.android.calendar D/AlarmScheduler: No events found starting within 1 week.
01-01 00:33:41.749 733-1107/system_process I/ActivityManager: Start proc 2142:com.android.email/u0a33 for broadcast com.android.email/.service.EmailBroadcastReceiver
01-01 00:33:41.751 733-1107/system_process I/ActivityManager: Killing 924:com.android.settings/1000 (adj 15): empty #17
01-01 00:33:41.848 733-791/system_process D/WifiService: Client connection lost with reason: 4
01-01 00:33:41.849 250-250/? I/SurfaceFlinger: FPS: 19
01-01 00:33:41.858 733-754/system_process W/art: Long monitor contention event with owner method=void com.android.server.am.ActivityManagerService.trimApplications() from ActivityManagerService.java:18681 waiters=0 for 108ms
01-01 00:33:41.869 2012-2012/com.android.systemui I/Adreno-EGL: <qeglDrvAPI_eglInitialize:379>: EGL 1.4 QUALCOMM build: AU_LINUX_ANDROID_LA.BR.1.2.4_RB1.05.01.01.121.018_msm8916_64_refs/tags/AU_LINUX_ANDROID_LA.BR.1.2.4_RB1.05.01.01.121.018__release_AU (I32dcf20b99)
OpenGL ES Shader Compiler Version: E031.25.03.04
Build Date: 08/05/15 Wed
Local Branch:
Remote Branch: refs/tags/AU_LINUX_ANDROID_LA.BR.1.2.4_RB1.05.01.01.121.018
Local Patches: NONE
Reconstruct Branch: NOTHING
01-01 00:33:41.963 2012-2012/com.android.systemui I/Choreographer: Skipped 39 frames! The application may be doing too much work on its main thread.
01-01 00:33:41.982 733-1107/system_process I/StatusBarManagerService: registerStatusBar bar=com.android.internal.statusbar.IStatusBar$Stub$Proxy@27238069
01-01 00:33:42.026 407-407/? E/QC-QMI: qmi_client [407]: unable to connect to server, errno=[2:No such file or directory], attempt=26
01-01 00:33:42.057 733-749/system_process I/ActivityManager: Start proc 2163:com.android.exchange/u0a35 for service com.android.exchange/.service.EasService
01-01 00:33:42.060 306-306/? E/USB_UICC: Timeout! No signal received. Retry num = 25
01-01 00:33:42.090 2142-2178/com.android.email D/ActivityThread: Loading provider com.android.email.provider;com.android.email.notifier: com.android.email.provider.EmailProvider
01-01 00:33:42.109 2142-2184/com.android.email D/ActivityThread: Loading provider com.android.email.provider;com.android.email.notifier: com.android.email.provider.EmailProvider
01-01 00:33:42.173 1929-1929/com.caf.fmradio D/FMFolderConfigReceiver: Received intent: android.intent.action.BOOT_COMPLETED
01-01 00:33:42.173 1929-1929/com.caf.fmradio D/FMFolderConfigReceiver: boot complete intent received
01-01 00:33:42.173 1929-1929/com.caf.fmradio D/FMFolderConfigReceiver: disableing the FM Transmitter
01-01 00:33:42.210 733-1465/system_process I/ActivityManager: Start proc 2190:com.android.gallery3d/u0a38 for broadcast com.android.gallery3d/org.codeaurora.gallery3d.video.DmReceiver
01-01 00:33:42.228 733-2006/system_process W/ActivityManager: Unable to start service Intent { cmp=com.android.email/.service.AttachmentService } U=0: not found
01-01 00:33:42.242 2163-2163/com.android.exchange I/Exchange: EasService.onCreate
01-01 00:33:42.244 733-1107/system_process W/ActivityManager: Unable to start service Intent { cmp=com.android.email/.service.AttachmentService } U=0: not found
01-01 00:33:42.261 733-921/system_process W/ActivityManager: Unable to start service Intent { cmp=com.android.email/.service.AttachmentService } U=0: not found
01-01 00:33:42.264 2163-2211/com.android.exchange I/Exchange: RestartPingTask
01-01 00:33:42.264 2142-2208/com.android.email I/Email: Observing account changes for notifications
01-01 00:33:42.279 2012-2012/com.android.systemui W/Settings: Setting airplane_mode_on has moved from android.provider.Settings.System to android.provider.Settings.Global, returning read-only value.
01-01 00:33:42.285 2012-2012/com.android.systemui W/Settings: Setting airplane_mode_on has moved from android.provider.Settings.System to android.provider.Settings.Global, returning read-only value.
01-01 00:33:42.304 2012-2012/com.android.systemui W/ResourcesManager: Asset path ‘/system/framework/rcs_service_api.jar’ does not exist or contains no resources.
01-01 00:33:42.304 2012-2012/com.android.systemui W/ResourcesManager: Asset path ‘/system/framework/smartsearch.jar’ does not exist or contains no resources.
01-01 00:33:42.315 2163-2163/com.android.exchange I/Exchange: RestartPingsTask did not start any pings.
01-01 00:33:42.315 2163-2163/com.android.exchange I/Exchange: PSS stopIfIdle
01-01 00:33:42.315 2163-2163/com.android.exchange I/Exchange: PSS has no active accounts; stopping service.
01-01 00:33:42.319 2163-2163/com.android.exchange I/Exchange: onDestroy
01-01 00:33:42.321 733-2004/system_process I/ActivityManager: Killing 1418:com.android.cellbroadcastreceiver/u0a2 (adj 15): empty #17
01-01 00:33:42.535 733-754/system_process W/art: Long monitor contention event with owner method=void com.android.server.am.ActivityManagerService.serviceDoneExecuting(android.os.IBinder, int, int, int) from ActivityManagerService.java:15452 waiters=0 for 215ms
01-01 00:33:42.536 733-2006/system_process W/art: Long monitor contention event with owner method=void com.android.server.am.ActivityManagerService.serviceDoneExecuting(android.os.IBinder, int, int, int) from ActivityManagerService.java:15452 waiters=1 for 214ms
01-01 00:33:42.544 2163-2163/com.android.exchange I/Exchange: EasService.onCreate
01-01 00:33:42.559 2142-2178/com.android.email W/art: Long monitor contention event with owner method=int libcore.io.Posix.getuid() from Posix.java:4294967294 waiters=2 for 307ms
01-01 00:33:42.567 2163-2217/com.android.exchange I/Exchange: RestartPingTask
01-01 00:33:42.602 2163-2163/com.android.exchange I/Exchange: RestartPingsTask did not start any pings.
01-01 00:33:42.602 2163-2163/com.android.exchange I/Exchange: PSS stopIfIdle
01-01 00:33:42.602 2163-2163/com.android.exchange I/Exchange: PSS has no active accounts; stopping service.
01-01 00:33:42.607 2163-2163/com.android.exchange I/Exchange: onDestroy
01-01 00:33:42.608 733-1109/system_process I/ActivityManager: Killing 1440:com.qualcomm.qti.telephony/1001 (adj 15): empty #17
01-01 00:33:42.630 733-798/system_process I/DPMJ: |REQ:RCVR| DPM creating socket
01-01 00:33:42.726 733-921/system_process I/ActivityManager: Killing 1498:com.android.keychain/1000 (adj 15): empty #17
01-01 00:33:42.841 972-972/com.android.inputmethod.latin I/SystemBroadcastReceiver: Boot has been completed
01-01 00:33:42.846 2012-2012/com.android.systemui W/Settings: Setting airplane_mode_on has moved from android.provider.Settings.System to android.provider.Settings.Global, returning read-only value.
01-01 00:33:42.852 972-972/com.android.inputmethod.latin I/LauncherIconVisibilityManager: Activity has already been disabled: ComponentInfo{com.android.inputmethod.latin/com.android.inputmethod.latin.setup.SetupActivity}
01-01 00:33:42.864 733-791/system_process D/WifiService: New client listening to asynchronous messages
01-01 00:33:42.869 733-758/system_process D/BluetoothManagerService: Message: 20
01-01 00:33:42.870 733-758/system_process D/BluetoothManagerService: Added callback: android.bluetooth.IBluetoothManagerCallback$Stub$Proxy@1304ca7c:true
01-01 00:33:42.872 2012-2012/com.android.systemui D/BluetoothAdapter: 816253245: getState() : mService = null. Returning STATE_OFF
01-01 00:33:42.874 733-758/system_process D/BluetoothManagerService: Message: 30
01-01 00:33:42.877 2012-2219/com.android.systemui D/BluetoothAdapter: 816253245: getState() : mService = null. Returning STATE_OFF
01-01 00:33:42.878 2071-2071/com.qualcomm.display W/ContextImpl: Calling a method in the system process without a qualified user: android.app.ContextImpl.startService:1699 android.content.ContextWrapper.startService:516 android.content.ContextWrapper.startService:516 com.qualcomm.display.PPReceiver.onReceive:33 android.app.ActivityThread.handleReceiver:2609
01-01 00:33:42.878 733-758/system_process D/BluetoothManagerService: Message: 30
01-01 00:33:42.905 2071-2223/com.qualcomm.display D/PPDaemonConnector: Connected to the daemon socket
01-01 00:33:42.912 733-899/system_process I/ActivityManager: Start proc 2225:com.qualcomm.ltebc/u0a62 for broadcast com.qualcomm.ltebc/.LTEBroadcastReceiver
01-01 00:33:42.918 733-758/system_process D/BluetoothManagerService: Message: 30
01-01 00:33:42.924 733-758/system_process D/BluetoothManagerService: Message: 30
01-01 00:33:42.924 733-1044/system_process D/BluetoothManagerService: Trying to bind to profile: 1, while Bluetooth was disabled
01-01 00:33:42.927 733-758/system_process D/BluetoothManagerService: Message: 30
01-01 00:33:42.931 733-758/system_process D/BluetoothManagerService: Message: 30
01-01 00:33:42.936 2012-2012/com.android.systemui D/BluetoothMap: Create BluetoothMap proxy object
01-01 00:33:42.937 733-758/system_process D/BluetoothManagerService: Message: 30
01-01 00:33:42.943 733-758/system_process D/BluetoothManagerService: Message: 30
01-01 00:33:42.955 733-750/system_process D/ConnectivityService: listenForNetwork for NetworkRequest [ id=4, legacyType=-1, [] ]
01-01 00:33:42.981 2012-2012/com.android.systemui D/StatusBar.NetworkController: refreshSignalCluster - setMobileDataIndicators: mHasMobileDataFeature = false mPhoneSignalIconId = (null) mDataSignalIconId = (null) mMobileActivityIconId = (null) mDataTypeIconId = (null) mNoSimIconId = (null)
01-01 00:33:42.982 2012-2012/com.android.systemui D/StatusBar.NetworkController: refreshSignalCluster - setMobileDataIndicators: mHasMobileDataFeature = false mPhoneSignalIconId = (null) mDataSignalIconId = (null) mMobileActivityIconId = (null) mDataTypeIconId = (null) mNoSimIconId = (null)
01-01 00:33:42.982 2012-2012/com.android.systemui D/StatusBar.NetworkController: refreshSignalCluster - setMobileDataIndicators: mHasMobileDataFeature = false mPhoneSignalIconId = (null) mDataSignalIconId = (null) mMobileActivityIconId = (null) mDataTypeIconId = (null) mNoSimIconId = (null)
01-01 00:33:42.988 2225-2225/com.qualcomm.ltebc E/LTE Application: Failed to load the msp library. Broadcast services will not work !
01-01 00:33:42.989 2225-2225/com.qualcomm.ltebc W/System.err: java.lang.UnsatisfiedLinkError: dalvik.system.PathClassLoader[DexPathList[[zip file “/system/app/QAS_DVC_MSP/QAS_DVC_MSP.apk”],nativeLibraryDirectories=[/vendor/lib64, /system/lib64]]] couldn’t find “libmsp.so”
01-01 00:33:42.989 2225-2225/com.qualcomm.ltebc W/System.err: at java.lang.Runtime.loadLibrary(Runtime.java:366)
01-01 00:33:42.989 2225-2225/com.qualcomm.ltebc W/System.err: at java.lang.System.loadLibrary(System.java:988)
01-01 00:33:42.989 2225-2225/com.qualcomm.ltebc W/System.err: at com.qualcomm.ltebc.LTEApplication.<clinit>(LTEApplication.java:1608)
01-01 00:33:42.989 2225-2225/com.qualcomm.ltebc W/System.err: at java.lang.reflect.Constructor.newInstance(Native Method)
01-01 00:33:42.989 2225-2225/com.qualcomm.ltebc W/System.err: at java.lang.Class.newInstance(Class.java:1606)
01-01 00:33:42.989 2225-2225/com.qualcomm.ltebc W/System.err: at android.app.Instrumentation.newApplication(Instrumentation.java:995)
01-01 00:33:42.989 2225-2225/com.qualcomm.ltebc W/System.err: at android.app.Instrumentation.newApplication(Instrumentation.java:980)
01-01 00:33:42.989 2012-2012/com.android.systemui I/CameraManagerGlobal: getCameraService: Reconnecting to camera service
01-01 00:33:42.989 2225-2225/com.qualcomm.ltebc W/System.err: at android.app.LoadedApk.makeApplication(LoadedApk.java:558)
01-01 00:33:42.989 2225-2225/com.qualcomm.ltebc W/System.err: at android.app.ActivityThread.handleBindApplication(ActivityThread.java:4526)
01-01 00:33:42.989 2225-2225/com.qualcomm.ltebc W/System.err: at android.app.ActivityThread.access$1500(ActivityThread.java:151)
01-01 00:33:42.989 2225-2225/com.qualcomm.ltebc W/System.err: at android.app.ActivityThread$H.handleMessage(ActivityThread.java:1364)
01-01 00:33:42.989 2225-2225/com.qualcomm.ltebc W/System.err: at android.os.Handler.dispatchMessage(Handler.java:102)
01-01 00:33:42.990 2225-2225/com.qualcomm.ltebc W/System.err: at android.os.Looper.loop(Looper.java:135)
01-01 00:33:42.990 2225-2225/com.qualcomm.ltebc W/System.err: at android.app.ActivityThread.main(ActivityThread.java:5254)
01-01 00:33:42.990 2225-2225/com.qualcomm.ltebc W/System.err: at java.lang.reflect.Method.invoke(Native Method)
01-01 00:33:42.990 2225-2225/com.qualcomm.ltebc W/System.err: at java.lang.reflect.Method.invoke(Method.java:372)
01-01 00:33:42.990 2225-2225/com.qualcomm.ltebc W/System.err: at com.android.internal.os.ZygoteInit$MethodAndArgsCaller.run(ZygoteInit.java:902)
01-01 00:33:42.991 2225-2225/com.qualcomm.ltebc W/System.err: at com.android.internal.os.ZygoteInit.main(ZygoteInit.java:697)
01-01 00:33:42.991 2225-2225/com.qualcomm.ltebc I/LTE Application: MK_LOG: onCreate
01-01 00:33:42.991 2225-2225/com.qualcomm.ltebc I/LTE Application: APN : applicationContext : com.qualcomm.ltebc.LTEApplication@1b5dda87
01-01 00:33:42.992 2225-2225/com.qualcomm.ltebc I/Ltebc: ConfigurationManager () : LTEApplication.internalDataPath /data/data/com.qualcomm.ltebc/files
01-01 00:33:42.994 2225-2225/com.qualcomm.ltebc I/ Ltebc: Provisioning directories:[/system/embms/qcom, /system/embms/oem, /storage/emulated/0/embms/qcom]
01-01 00:33:42.994 2225-2225/com.qualcomm.ltebc D/LTE_CONFIG: configurable provisioningLocation: [/system/embms/qcom, /system/embms/oem, /storage/emulated/0/embms/qcom]
01-01 00:33:42.994 2225-2225/com.qualcomm.ltebc D/LTE_CONFIG: oemProvisioningDirs : [/system/embms/qcom, /system/embms/oem, /storage/emulated/0/embms/qcom]
01-01 00:33:42.994 2225-2225/com.qualcomm.ltebc D/LTE_CONFIG: Checking dir: /system/embms/qcom
01-01 00:33:42.994 2225-2225/com.qualcomm.ltebc D/LTE_CONFIG: Checking dir: /system/embms/oem
01-01 00:33:42.994 2225-2225/com.qualcomm.ltebc D/LTE_CONFIG: Checking dir: /storage/emulated/0/embms/qcom
01-01 00:33:42.996 2225-2225/com.qualcomm.ltebc I/ Ltebc: ConfigurationManager () load file from internal directory failed
01-01 00:33:42.997 2225-2225/com.qualcomm.ltebc I/LTE Application: Ltebc : loadConfigData()
01-01 00:33:42.997 2225-2225/com.qualcomm.ltebc I/Ltebc: ConfigurationManager : getProperties()
01-01 00:33:42.997 2225-2225/com.qualcomm.ltebc E/LTE Application: Ltebc : preemption_priority is available in config file ()
01-01 00:33:42.997 2225-2225/com.qualcomm.ltebc I/LTE Application: Ltebc : loadConfigData() sPreemptionPriority :5
01-01 00:33:42.997 2225-2225/com.qualcomm.ltebc E/LTE Application: Ltebc : restart is available in config file ()
01-01 00:33:42.997 2225-2225/com.qualcomm.ltebc I/LTE Application: Ltebc : loadConfigData() sEarFcnList :5230
01-01 00:33:42.997 2225-2225/com.qualcomm.ltebc E/LTE Application: Ltebc : enable_embms_sim is available in config file ()
01-01 00:33:42.997 2225-2225/com.qualcomm.ltebc I/LTE Application: Ltebc : loadConfigData() enableEmbmsSim :false
01-01 00:33:42.997 2225-2225/com.qualcomm.ltebc E/LTE Application: Ltebc : shutdowntimer is available in config file ()
01-01 00:33:42.997 2225-2225/com.qualcomm.ltebc E/LTE Application: properties.getProperty 0
01-01 00:33:42.997 2225-2225/com.qualcomm.ltebc I/LTE Application: shutDownTimer : 0.0
01-01 00:33:42.997 2225-2225/com.qualcomm.ltebc E/LTE Application: Ltebc : provisioning_timeout_ms is available in config file ()
01-01 00:33:42.998 2225-2225/com.qualcomm.ltebc I/LTE Application: mProvisioningTMO : 600000
01-01 00:33:42.998 2225-2225/com.qualcomm.ltebc E/LTE Application: Ltebc : enable_unicast_in_roaming is available in config file ()
01-01 00:33:42.998 2225-2225/com.qualcomm.ltebc I/LTE Application: Ltebc : loadConfigData() enableUnicastInRoaming :false
01-01 00:33:42.999 2225-2225/com.qualcomm.ltebc I/LTE Embms Link: Creating Embms Link
01-01 00:33:42.999 2225-2225/com.qualcomm.ltebc I/LTE Embms Link: MK_LOG: connectToEmbms
01-01 00:33:42.999 2225-2225/com.qualcomm.ltebc I/LTE Embms Link: Connecting to EMBMS Service
01-01 00:33:42.999 2225-2225/com.qualcomm.ltebc I/LTE Embms Link: Connecting to com.qualcomm.embms
01-01 00:33:43.000 733-1043/system_process W/ActivityManager: Unable to start service Intent { cmp=com.qualcomm.embms/.EmbmsService } U=0: not found
01-01 00:33:43.000 2225-2225/com.qualcomm.ltebc E/LTE Embms Link: Could not connect to EMBMS Service. Service may not exist
01-01 00:33:43.002 2225-2225/com.qualcomm.ltebc W/SOCKET: ConnectionManager constructor has been initialised
01-01 00:33:43.012 2225-2225/com.qualcomm.ltebc I/LTEBC Broadcast Receiver: LTEBC Broadcast has been invoked via the Broadcast Receiver…!
01-01 00:33:43.012 2225-2225/com.qualcomm.ltebc I/LTEBC Broadcast Receiver: Received intent : Intent { act=android.intent.action.BOOT_COMPLETED flg=0x8000010 cmp=com.qualcomm.ltebc/.LTEBroadcastReceiver (has extras) }
01-01 00:33:43.012 2225-2225/com.qualcomm.ltebc I/LTEBC Broadcast Receiver: Received intent : android.intent.action.BOOT_COMPLETED
01-01 00:33:43.012 2225-2225/com.qualcomm.ltebc I/LTEBC Broadcast Receiver: Starting LTEBC Root Service
01-01 00:33:43.013 2225-2225/com.qualcomm.ltebc W/ContextImpl: Implicit intents with startService are not safe: Intent { act=com.qualcomm.ltebc.aidl.ILTERootService } android.content.ContextWrapper.startService:516 com.qualcomm.ltebc.LTEBroadcastReceiver.onReceive:98 android.app.ActivityThread.handleReceiver:2609
01-01 00:33:43.026 407-407/? E/QC-QMI: qmi_client [407]: unable to connect to server, errno=[2:No such file or directory], attempt=27
01-01 00:33:43.045 2012-2246/com.android.systemui D/BluetoothAdapter: 816253245: getState() : mService = null. Returning STATE_OFF
01-01 00:33:43.045 2012-2246/com.android.systemui D/BluetoothAdapter: 816253245: getState() : mService = null. Returning STATE_OFF
01-01 00:33:43.046 2012-2246/com.android.systemui D/BluetoothAdapter: 816253245: getState() : mService = null. Returning STATE_OFF
01-01 00:33:43.046 2012-2246/com.android.systemui D/BluetoothAdapter: 816253245: getState() : mService = null. Returning STATE_OFF
01-01 00:33:43.060 306-306/? E/USB_UICC: Timeout! No signal received. Retry num = 26
01-01 00:33:43.067 2012-2012/com.android.systemui I/ViewRootImpl: CPU Rendering VSync enable = true
01-01 00:33:43.067 2225-2225/com.qualcomm.ltebc W/ContextImpl: Implicit intents with startService are not safe: Intent { act=com.qualcomm.ltebc.aidl.ILTERootService } android.content.ContextWrapper.bindService:539 com.qualcomm.ltebc.LTEBroadcastReceiver.onReceive:106 android.app.ActivityThread.handleReceiver:2609
01-01 00:33:43.073 2225-2225/com.qualcomm.ltebc I/LTE Root Service: onCreate()
01-01 00:33:43.073 2012-2249/com.android.systemui D/OpenGLRenderer: Use EGL_SWAP_BEHAVIOR_PRESERVED: true
01-01 00:33:43.076 2225-2225/com.qualcomm.ltebc I/LTE Root Service: onStartCommand()
01-01 00:33:43.076 2225-2225/com.qualcomm.ltebc I/LTE Root Service: onBind() called
01-01 00:33:43.079 2012-2012/com.android.systemui D/Atlas: Validating map…
01-01 00:33:43.080 2225-2225/com.qualcomm.ltebc I/LTEBC Broadcast Receiver: Connected to remote LTEBC Root Service.
01-01 00:33:43.086 1025-1025/com.qualcomm.qti.rcsbootstraputil D/AIDL: RCSReceiver START RCS SERVICE ON BOOTUP
01-01 00:33:43.086 1025-1025/com.qualcomm.qti.rcsbootstraputil I/AIDL: RCSReceiver : onCreate : before read system propety
01-01 00:33:43.089 250-250/? I/SurfaceFlinger: FPS: 39
01-01 00:33:43.105 2012-2012/com.android.systemui D/PhoneStatusBar: disable: < EXPAND* icons alerts system_info BACK* HOME* RECENT* clock SEARCH* >
01-01 00:33:43.118 1025-1025/com.qualcomm.qti.rcsbootstraputil I/AIDL: RCSReceiver : onCreate : after read system propety
01-01 00:33:43.123 1025-1025/com.qualcomm.qti.rcsbootstraputil D/AIDL: RCSReceiver : onCreate : my prop is:
01-01 00:33:43.138 2071-2071/com.qualcomm.display W/ContextImpl: Calling a method in the system process without a qualified user: android.app.ContextImpl.startService:1699 android.content.ContextWrapper.startService:516 android.content.ContextWrapper.startService:516 com.qualcomm.svi.SVIReceiver.onReceive:30 android.app.ActivityThread.handleReceiver:2609
01-01 00:33:43.161 2012-2012/com.android.systemui I/ViewRootImpl: CPU Rendering VSync enable = true
01-01 00:33:43.168 2012-2012/com.android.systemui I/ViewRootImpl: CPU Rendering VSync enable = true
01-01 00:33:43.181 2012-2012/com.android.systemui D/BluetoothAdapter: 816253245: getState() : mService = null. Returning STATE_OFF
01-01 00:33:43.181 2012-2012/com.android.systemui D/BluetoothAdapter: 816253245: getState() : mService = null. Returning STATE_OFF
01-01 00:33:43.185 1314-1314/com.qualcomm.telephony W/ContextImpl: Calling a method in the system process without a qualified user: android.app.ContextImpl.startService:1699 android.content.ContextWrapper.startService:516 android.content.ContextWrapper.startService:516 com.qualcomm.atfwd.AtFwdAutoboot.onReceive:24 android.app.ActivityThread.handleReceiver:2609
01-01 00:33:43.190 1314-1314/com.qualcomm.telephony E/AtFwd AutoBoot: AtFwd Auto Boot Started Successfully
01-01 00:33:43.191 1314-1314/com.qualcomm.telephony D/AtFwdService: onCreate method
01-01 00:33:43.192 1314-1314/com.qualcomm.telephony I/AtFwdService: Instantiate AtCmdFwd Service
01-01 00:33:43.199 2012-2012/com.android.systemui D/PhoneStatusBar: heads up is enabled
01-01 00:33:43.199 2012-2012/com.android.systemui I/ViewRootImpl: CPU Rendering VSync enable = true
01-01 00:33:43.215 1314-2253/com.qualcomm.telephony D/AtCkpdCmdHandler: De-queing command
01-01 00:33:43.222 733-921/system_process I/ActivityManager: Start proc 2255:com.qualcomm.atuner/u0a74 for broadcast com.qualcomm.atuner/.ATunerAutoboot
01-01 00:33:43.235 2012-2012/com.android.systemui D/PhoneStatusBar: disable: < EXPAND ICONS* alerts SYSTEM_INFO* BACK HOME RECENT clock SEARCH >
01-01 00:33:43.238 2012-2246/com.android.systemui D/BluetoothAdapter: 816253245: getState() : mService = null. Returning STATE_OFF
01-01 00:33:43.238 2012-2246/com.android.systemui D/BluetoothAdapter: 816253245: getState() : mService = null. Returning STATE_OFF
01-01 00:33:43.252 2012-2246/com.android.systemui D/BluetoothAdapter: 816253245: getState() : mService = null. Returning STATE_OFF
01-01 00:33:43.252 2012-2246/com.android.systemui D/BluetoothAdapter: 816253245: getState() : mService = null. Returning STATE_OFF
01-01 00:33:43.259 2012-2012/com.android.systemui W/Settings: Setting airplane_mode_on has moved from android.provider.Settings.System to android.provider.Settings.Global, returning read-only value.
01-01 00:33:43.282 2255-2255/com.qualcomm.atuner W/ResourcesManager: Asset path ‘/system/framework/qcrilhook.jar’ does not exist or contains no resources.
01-01 00:33:43.287 2012-2012/com.android.systemui D/PhoneStatusBar: disable: < EXPAND ICONS alerts SYSTEM_INFO BACK HOME RECENT clock SEARCH >
01-01 00:33:43.295 2255-2255/com.qualcomm.atuner E/ATuner Auto Boot: Received Intent: Intent { act=android.intent.action.BOOT_COMPLETED flg=0x8000010 cmp=com.qualcomm.atuner/.ATunerAutoboot (has extras) }Tuner Support :false
01-01 00:33:43.308 2012-2012/com.android.systemui I/Choreographer: Skipped 80 frames! The application may be doing too much work on its main thread.
01-01 00:33:43.312 1314-1314/com.qualcomm.telephony W/ResourcesManager: Asset path ‘/system/framework/qcrilhook.jar’ does not exist or contains no resources.
01-01 00:33:43.312 1314-1314/com.qualcomm.telephony D/DormancyReceiver: Received Unexpected Intent Intent { act=android.intent.action.BOOT_COMPLETED flg=0x8000010 cmp=com.qualcomm.fastdormancy/.FastDormancyReceiver (has extras) }
01-01 00:33:43.314 2012-2012/com.android.systemui D/ViewRootImpl: changeCanvasOpacity: opaque=true
01-01 00:33:43.319 1386-1386/com.qualcomm.qcrilmsgtunnel D/QcrilMsgTunnelAutoboot: ComponentInfo{com.qualcomm.qcrilmsgtunnel/com.qualcomm.qcrilmsgtunnel.QcrilMsgTunnelService} started successfully
01-01 00:33:43.323 1047-1047/com.android.phone V/XDivert: Action intent recieved:Intent { act=android.intent.action.BOOT_COMPLETED flg=0x8000010 cmp=com.qti.xdivert/.XDivert (has extras) }
01-01 00:33:43.386 733-1465/system_process I/ActivityManager: Start proc 2273:com.qualcomm.telephony/1001 for broadcast org.codeaurora.ims/com.qualcomm.ims.csvt.CsvtServiceAutoboot
01-01 00:33:43.394 2012-2012/com.android.systemui W/Settings: Setting airplane_mode_on has moved from android.provider.Settings.System to android.provider.Settings.Global, returning read-only value.
01-01 00:33:43.407 2012-2012/com.android.systemui W/Settings: Setting airplane_mode_on has moved from android.provider.Settings.System to android.provider.Settings.Global, returning read-only value.
01-01 00:33:43.444 2273-2273/com.qualcomm.telephony I/CsvtService AutoBoot: Received boot complete.CsvtEnabled = false
01-01 00:33:43.454 2094-2094/com.android.calendar D/AlertReceiver: onReceive: a=android.intent.action.PROVIDER_CHANGED Intent { act=android.intent.action.PROVIDER_CHANGED dat=content://com.android.calendar flg=0x10 cmp=com.android.calendar/.alerts.AlertReceiver }
01-01 00:33:43.463 2094-2293/com.android.calendar D/AlertService: 0 Action = android.intent.action.PROVIDER_CHANGED
01-01 00:33:43.465 1745-1745/com.android.mms V/Mms: onStart: #1 resultCode: -1 = Activity.RESULT_OK
01-01 00:33:43.526 2012-2249/com.android.systemui I/Adreno-EGL: <qeglDrvAPI_eglInitialize:379>: EGL 1.4 QUALCOMM build: AU_LINUX_ANDROID_LA.BR.1.2.4_RB1.05.01.01.121.018_msm8916_64_refs/tags/AU_LINUX_ANDROID_LA.BR.1.2.4_RB1.05.01.01.121.018__release_AU (I32dcf20b99)
OpenGL ES Shader Compiler Version: E031.25.03.04
Build Date: 08/05/15 Wed
Local Branch:
Remote Branch: refs/tags/AU_LINUX_ANDROID_LA.BR.1.2.4_RB1.05.01.01.121.018
Local Patches: NONE
Reconstruct Branch: NOTHING
01-01 00:33:43.526 2012-2249/com.android.systemui I/OpenGLRenderer: Initialized EGL, version 1.4
01-01 00:33:43.532 2012-2249/com.android.systemui D/OpenGLRenderer: Enabling debug mode 0
01-01 00:33:43.622 2012-2012/com.android.systemui D/StatusBar.NetworkController: onServiceStateChanged voiceState=1 dataState=1
01-01 00:33:43.622 2012-2012/com.android.systemui D/StatusBar.NetworkController: Combining data service state 1 for signal
01-01 00:33:43.626 2012-2012/com.android.systemui D/StatusBar.NetworkController: updateIconSet, voice network type is: 0/UNKNOWN, data network type is: 0/UNKNOWN
01-01 00:33:43.626 2012-2012/com.android.systemui D/StatusBar.NetworkController: chosenNetworkType=0 hspaDataDistinguishable=false hspapDistinguishable=false showAtLeastThreeGees=false
01-01 00:33:43.627 2012-2012/com.android.systemui D/TelephonyIcons: updateDataType sub=0, type=0, inetCondition=0 showAtLeast3G=false show4GforLte=true hspaDistinguishable=false
01-01 00:33:43.627 2012-2012/com.android.systemui D/TelephonyIcons: data type item name: array/telephony_data_type_sim1
01-01 00:33:43.627 2012-2012/com.android.systemui D/TelephonyIcons: data type item id: 2131165188
01-01 00:33:43.632 2012-2012/com.android.systemui D/TelephonyIcons: updateDataType mSelectedDataTypeIcon[0]=0, mSelectedDataActivityIndex=0
01-01 00:33:43.632 2012-2012/com.android.systemui D/StatusBar.NetworkController: hasService: mServiceState=1 1 home null null null Unknown Unknown CSS not supported -1 -1 RoamInd=-1 DefRoamInd=-1 EmergOnly=false retVal=false
01-01 00:33:43.632 2012-2012/com.android.systemui D/StatusBar.NetworkController: updateTelephonySignalStrength: hasService=false ss=null
01-01 00:33:43.632 2012-2012/com.android.systemui D/StatusBar.NetworkController: hasService: mServiceState=1 1 home null null null Unknown Unknown CSS not supported -1 -1 RoamInd=-1 DefRoamInd=-1 EmergOnly=false retVal=false
01-01 00:33:43.632 2012-2012/com.android.systemui D/TelephonyIcons: null signal icon name: drawable/stat_sys_signal_null
01-01 00:33:43.633 2012-2012/com.android.systemui D/StatusBar.NetworkController: updateTelephonySignalStrength, No signal level. mPhoneSignalIconId = com.android.systemui:drawable/stat_sys_signal_null mDataSignalIconId = com.android.systemui:drawable/stat_sys_signal_null mQSPhoneSignalIconId = com.android.systemui:drawable/ic_qs_signal_no_signal mContentDescriptionPhoneSignal = string/accessibility_no_phone
01-01 00:33:43.637 2012-2012/com.android.systemui D/StatusBar.NetworkController: updateDataNetType, mDataTypeIconId = (null) mQSDataTypeIconId = (null) mContentDescriptionDataType = 0
01-01 00:33:43.637 2012-2012/com.android.systemui D/StatusBar.NetworkController: updateDataIcon, mDataDirectionIconId = (null) mDataConnected = false
01-01 00:33:43.637 2012-2012/com.android.systemui D/CarrierLabel: updateNetworkName showSpn=false spn=null showPlmn=false plmn=null
01-01 00:33:43.637 2012-2012/com.android.systemui D/StatusBar.NetworkController: refreshViews: Data not connected!! Set no data type icon / Roaming
01-01 00:33:43.638 2012-2012/com.android.systemui D/StatusBar.NetworkController: refreshViews connected={ } level=?? combinedSignalIconId=0x0/(null) combinedActivityIconId=0x0 mobileLabel= wifiLabel=No Internet connection emergencyOnly=false combinedLabel=No Internet connection mAirplaneMode=false mDataActivity=0 mPhoneSignalIconId=0x0/(null) mQSPhoneSignalIconId=0x0/(null) mDataDirectionIconId=0x0/(null) mDataSignalIconId=0x0/(null) mDataTypeIconId=0x0/(null) mQSDataTypeIconId=0x0/(null) mNoSimIconId=0x0/(null) mWifiIconId=0x0/(null) mQSWifiIconId=0x0/(null) mWifiActivityIconId=0x0/(null) mBluetoothTetherIconId=0x108069b/android:drawable/stat_sys_tether_bluetooth
01-01 00:33:43.638 2012-2012/com.android.systemui D/StatusBar.NetworkController: refreshSignalCluster - setMobileDataIndicators: mHasMobileDataFeature = false mPhoneSignalIconId = (null) mDataSignalIconId = (null) mMobileActivityIconId = (null) mDataTypeIconId = (null) mNoSimIconId = (null)
01-01 00:33:43.638 2012-2012/com.android.systemui D/StatusBar.NetworkController: refreshSignalCluster - setMobileDataIndicators: mHasMobileDataFeature = false mPhoneSignalIconId = (null) mDataSignalIconId = (null) mMobileActivityIconId = (null) mDataTypeIconId = (null) mNoSimIconId = (null)
01-01 00:33:43.638 2012-2012/com.android.systemui D/StatusBar.NetworkController: refreshSignalCluster - setMobileDataIndicators: mHasMobileDataFeature = false mPhoneSignalIconId = (null) mDataSignalIconId = (null) mMobileActivityIconId = (null) mDataTypeIconId = (null) mNoSimIconId = (null)
01-01 00:33:43.638 2012-2012/com.android.systemui D/StatusBar.NetworkController: changing data overlay icon id to 0
01-01 00:33:43.639 2012-2012/com.android.systemui D/StatusBar.NetworkController: onCallStateChanged state=0
01-01 00:33:43.639 2012-2012/com.android.systemui D/StatusBar.NetworkController: onDataConnectionStateChanged: state=-1 type=0
01-01 00:33:43.639 2012-2012/com.android.systemui D/StatusBar.NetworkController: updateIconSet, voice network type is: 0/UNKNOWN, data network type is: 0/UNKNOWN
01-01 00:33:43.639 2012-2012/com.android.systemui D/StatusBar.NetworkController: chosenNetworkType=0 hspaDataDistinguishable=false hspapDistinguishable=false showAtLeastThreeGees=false
01-01 00:33:43.639 2012-2012/com.android.systemui D/TelephonyIcons: updateDataType sub=0, type=0, inetCondition=0 showAtLeast3G=false show4GforLte=true hspaDistinguishable=false
01-01 00:33:43.639 2012-2012/com.android.systemui D/TelephonyIcons: data type item name: array/telephony_data_type_sim1
01-01 00:33:43.639 2012-2012/com.android.systemui D/TelephonyIcons: data type item id: 2131165188
01-01 00:33:43.639 2012-2012/com.android.systemui D/TelephonyIcons: updateDataType mSelectedDataTypeIcon[0]=0, mSelectedDataActivityIndex=0
01-01 00:33:43.642 2012-2012/com.android.systemui D/StatusBar.NetworkController: updateDataNetType, mDataTypeIconId = (null) mQSDataTypeIconId = (null) mContentDescriptionDataType = 0
01-01 00:33:43.642 2012-2012/com.android.systemui D/StatusBar.NetworkController: updateDataIcon, mDataDirectionIconId = (null) mDataConnected = false
01-01 00:33:43.642 2012-2012/com.android.systemui D/StatusBar.NetworkController: refreshViews: Data not connected!! Set no data type icon / Roaming
01-01 00:33:43.642 2012-2012/com.android.systemui D/StatusBar.NetworkController: refreshViews connected={ } level=?? combinedSignalIconId=0x0/(null) combinedActivityIconId=0x0 mobileLabel= wifiLabel=No Internet connection emergencyOnly=false combinedLabel=No Internet connection mAirplaneMode=false mDataActivity=0 mPhoneSignalIconId=0x0/(null) mQSPhoneSignalIconId=0x0/(null) mDataDirectionIconId=0x0/(null) mDataSignalIconId=0x0/(null) mDataTypeIconId=0x0/(null) mQSDataTypeIconId=0x0/(null) mNoSimIconId=0x0/(null) mWifiIconId=0x0/(null) mQSWifiIconId=0x0/(null) mWifiActivityIconId=0x0/(null) mBluetoothTetherIconId=0x108069b/android:drawable/stat_sys_tether_bluetooth
01-01 00:33:43.642 2012-2012/com.android.systemui D/StatusBar.NetworkController: onDataActivity: direction=0
01-01 00:33:43.642 2012-2012/com.android.systemui D/StatusBar.NetworkController: updateDataIcon, mDataDirectionIconId = (null) mDataConnected = false
01-01 00:33:43.642 2012-2012/com.android.systemui D/StatusBar.NetworkController: refreshViews: Data not connected!! Set no data type icon / Roaming
01-01 00:33:43.643 2012-2012/com.android.systemui D/StatusBar.NetworkController: refreshViews connected={ } level=?? combinedSignalIconId=0x0/(null) combinedActivityIconId=0x0 mobileLabel= wifiLabel=No Internet connection emergencyOnly=false combinedLabel=No Internet connection mAirplaneMode=false mDataActivity=0 mPhoneSignalIconId=0x0/(null) mQSPhoneSignalIconId=0x0/(null) mDataDirectionIconId=0x0/(null) mDataSignalIconId=0x0/(null) mDataTypeIconId=0x0/(null) mQSDataTypeIconId=0x0/(null) mNoSimIconId=0x0/(null) mWifiIconId=0x0/(null) mQSWifiIconId=0x0/(null) mWifiActivityIconId=0x0/(null) mBluetoothTetherIconId=0x108069b/android:drawable/stat_sys_tether_bluetooth
01-01 00:33:43.643 2012-2012/com.android.systemui D/StatusBar.NetworkController: onSignalStrengthsChanged signalStrength=SignalStrength: 99 -1 -1 -1 -1 -1 -1 99 2147483647 2147483647 2147483647 2147483647 2147483647 gsm|lte level=0
01-01 00:33:43.643 2012-2012/com.android.systemui D/StatusBar.NetworkController: updateIconSet, voice network type is: 0/UNKNOWN, data network type is: 0/UNKNOWN
01-01 00:33:43.643 2012-2012/com.android.systemui D/StatusBar.NetworkController: chosenNetworkType=0 hspaDataDistinguishable=false hspapDistinguishable=false showAtLeastThreeGees=false
01-01 00:33:43.643 2012-2012/com.android.systemui D/TelephonyIcons: updateDataType sub=0, type=0, inetCondition=0 showAtLeast3G=false show4GforLte=true hspaDistinguishable=false
01-01 00:33:43.643 2012-2012/com.android.systemui D/TelephonyIcons: data type item name: array/telephony_data_type_sim1
01-01 00:33:43.643 2012-2012/com.android.systemui D/TelephonyIcons: data type item id: 2131165188
01-01 00:33:43.643 2012-2012/com.android.systemui D/TelephonyIcons: updateDataType mSelectedDataTypeIcon[0]=0, mSelectedDataActivityIndex=0
01-01 00:33:43.643 2012-2012/com.android.systemui D/StatusBar.NetworkController: hasService: mServiceState=1 1 home null null null Unknown Unknown CSS not supported -1 -1 RoamInd=-1 DefRoamInd=-1 EmergOnly=false retVal=false
01-01 00:33:43.644 2012-2012/com.android.systemui D/StatusBar.NetworkController: updateTelephonySignalStrength: hasService=false ss=SignalStrength: 99 -1 -1 -1 -1 -1 -1 99 2147483647 2147483647 2147483647 2147483647 2147483647 gsm|lte
01-01 00:33:43.644 2012-2012/com.android.systemui D/StatusBar.NetworkController: hasService: mServiceState=1 1 home null null null Unknown Unknown CSS not supported -1 -1 RoamInd=-1 DefRoamInd=-1 EmergOnly=false retVal=false
01-01 00:33:43.644 2012-2012/com.android.systemui D/TelephonyIcons: null signal icon name: drawable/stat_sys_signal_null
01-01 00:33:43.644 2012-2012/com.android.systemui D/StatusBar.NetworkController: updateTelephonySignalStrength, No signal level. mPhoneSignalIconId = com.android.systemui:drawable/stat_sys_signal_null mDataSignalIconId = com.android.systemui:drawable/stat_sys_signal_null mQSPhoneSignalIconId = com.android.systemui:drawable/ic_qs_signal_no_signal mContentDescriptionPhoneSignal = string/accessibility_no_phone
01-01 00:33:43.644 2012-2012/com.android.systemui D/StatusBar.NetworkController: refreshViews: Data not connected!! Set no data type icon / Roaming
01-01 00:33:43.644 2012-2012/com.android.systemui D/StatusBar.NetworkController: refreshViews connected={ } level=0 combinedSignalIconId=0x0/(null) combinedActivityIconId=0x0 mobileLabel= wifiLabel=No Internet connection emergencyOnly=false combinedLabel=No Internet connection mAirplaneMode=false mDataActivity=0 mPhoneSignalIconId=0x0/(null) mQSPhoneSignalIconId=0x0/(null) mDataDirectionIconId=0x0/(null) mDataSignalIconId=0x0/(null) mDataTypeIconId=0x0/(null) mQSDataTypeIconId=0x0/(null) mNoSimIconId=0x0/(null) mWifiIconId=0x0/(null) mQSWifiIconId=0x0/(null) mWifiActivityIconId=0x0/(null) mBluetoothTetherIconId=0x108069b/android:drawable/stat_sys_tether_bluetooth
01-01 00:33:43.645 2012-2012/com.android.systemui D/StatusBar.NetworkController: updateSimState, sim state is: NOT_READY
01-01 00:33:43.645 2012-2012/com.android.systemui D/StatusBar.NetworkController: updateSimState: mSimState=UNKNOWN
01-01 00:33:43.645 2012-2012/com.android.systemui D/StatusBar.NetworkController: In updateSimIcon simState= UNKNOWN
01-01 00:33:43.646 733-791/system_process D/WifiService: New client listening to asynchronous messages
01-01 00:33:43.646 2012-2012/com.android.systemui D/StatusBar.NetworkController: refreshViews: Data not connected!! Set no data type icon / Roaming
01-01 00:33:43.646 2012-2012/com.android.systemui D/StatusBar.NetworkController: refreshViews connected={ } level=0 combinedSignalIconId=0x0/(null) combinedActivityIconId=0x0 mobileLabel= wifiLabel=No Internet connection emergencyOnly=false combinedLabel=No Internet connection mAirplaneMode=false mDataActivity=0 mPhoneSignalIconId=0x0/(null) mQSPhoneSignalIconId=0x0/(null) mDataDirectionIconId=0x0/(null) mDataSignalIconId=0x0/(null) mDataTypeIconId=0x0/(null) mQSDataTypeIconId=0x0/(null) mNoSimIconId=0x0/(null) mWifiIconId=0x0/(null) mQSWifiIconId=0x0/(null) mWifiActivityIconId=0x0/(null) mBluetoothTetherIconId=0x108069b/android:drawable/stat_sys_tether_bluetooth
01-01 00:33:43.646 2012-2012/com.android.systemui D/StatusBar.NetworkController: hasService: mServiceState=1 1 home null null null Unknown Unknown CSS not supported -1 -1 RoamInd=-1 DefRoamInd=-1 EmergOnly=false retVal=false
01-01 00:33:43.647 2012-2012/com.android.systemui D/StatusBar.NetworkController: updateTelephonySignalStrength: hasService=false ss=SignalStrength: 99 -1 -1 -1 -1 -1 -1 99 2147483647 2147483647 2147483647 2147483647 2147483647 gsm|lte
01-01 00:33:43.647 2012-2012/com.android.systemui D/StatusBar.NetworkController: hasService: mServiceState=1 1 home null null null Unknown Unknown CSS not supported -1 -1 RoamInd=-1 DefRoamInd=-1 EmergOnly=false retVal=false
01-01 00:33:43.647 2012-2012/com.android.systemui D/TelephonyIcons: null signal icon name: drawable/stat_sys_signal_null
01-01 00:33:43.647 2012-2012/com.android.systemui D/StatusBar.NetworkController: updateTelephonySignalStrength, No signal level. mPhoneSignalIconId = com.android.systemui:drawable/stat_sys_signal_null mDataSignalIconId = com.android.systemui:drawable/stat_sys_signal_null mQSPhoneSignalIconId = com.android.systemui:drawable/ic_qs_signal_no_signal mContentDescriptionPhoneSignal = string/accessibility_no_phone
01-01 00:33:43.647 2012-2012/com.android.systemui D/StatusBar.NetworkController: updateDataIcon, mDataDirectionIconId = (null) mDataConnected = false
01-01 00:33:43.647 2012-2012/com.android.systemui D/StatusBar.NetworkController: refreshViews: Data not connected!! Set no data type icon / Roaming
01-01 00:33:43.647 2012-2012/com.android.systemui D/StatusBar.NetworkController: refreshViews connected={ } level=0 combinedSignalIconId=0x0/(null) combinedActivityIconId=0x0 mobileLabel= wifiLabel=No Internet connection emergencyOnly=false combinedLabel=No Internet connection mAirplaneMode=false mDataActivity=0 mPhoneSignalIconId=0x0/(null) mQSPhoneSignalIconId=0x0/(null) mDataDirectionIconId=0x0/(null) mDataSignalIconId=0x0/(null) mDataTypeIconId=0x0/(null) mQSDataTypeIconId=0x0/(null) mNoSimIconId=0x0/(null) mWifiIconId=0x0/(null) mQSWifiIconId=0x0/(null) mWifiActivityIconId=0x0/(null) mBluetoothTetherIconId=0x108069b/android:drawable/stat_sys_tether_bluetooth
01-01 00:33:43.648 2012-2012/com.android.systemui D/CarrierLabel: updateNetworkName showSpn=false spn= showPlmn=true plmn=No service.
01-01 00:33:43.648 2012-2012/com.android.systemui D/StatusBar.NetworkController: refreshViews: Data not connected!! Set no data type icon / Roaming
01-01 00:33:43.648 2012-2012/com.android.systemui D/StatusBar.NetworkController: refreshViews connected={ } level=0 combinedSignalIconId=0x0/(null) combinedActivityIconId=0x0 mobileLabel= wifiLabel=No Internet connection emergencyOnly=false combinedLabel=No Internet connection mAirplaneMode=false mDataActivity=0 mPhoneSignalIconId=0x0/(null) mQSPhoneSignalIconId=0x0/(null) mDataDirectionIconId=0x0/(null) mDataSignalIconId=0x0/(null) mDataTypeIconId=0x0/(null) mQSDataTypeIconId=0x0/(null) mNoSimIconId=0x0/(null) mWifiIconId=0x0/(null) mQSWifiIconId=0x0/(null) mWifiActivityIconId=0x0/(null) mBluetoothTetherIconId=0x108069b/android:drawable/stat_sys_tether_bluetooth
01-01 00:33:43.665 733-1044/system_process I/ActivityManager: Process com.android.deskclock (pid 1283) has died
01-01 00:33:43.781 2012-2012/com.android.systemui D/PhoneStatusBarPolicy: updateSimState for subId :2147483643
01-01 00:33:43.781 2012-2012/com.android.systemui D/PhoneStatusBarPolicy: updateSimState for phoneId :0
01-01 00:33:43.783 2012-2012/com.android.systemui D/PhoneStatusBarPolicy: updateSimState for Slot :0
01-01 00:33:43.814 2012-2012/com.android.systemui D/OpenGLRenderer: setting property extraRasterBucket to 0.95
01-01 00:33:43.814 2012-2012/com.android.systemui D/OpenGLRenderer: failed
01-01 00:33:43.815 2012-2012/com.android.systemui D/OpenGLRenderer: setting property extraRasterBucket to 0.0
01-01 00:33:43.815 2012-2012/com.android.systemui D/OpenGLRenderer: failed
01-01 00:33:43.884 733-749/system_process V/KeyguardServiceDelegate: **** SHOWN CALLED ****
