01-01 00:33:37.623 1047-1047/com.android.phone D/QcDataStatusNotification Service: onApnChanged: phoneId = 0 subId = 2147483643 operator = null
01-01 00:33:37.623 1047-1047/com.android.phone D/QcDataStatusNotification Service: Could not get current operator
01-01 00:33:37.623 1047-1047/com.android.phone D/DefaultReceiver: receive android.intent.action.SIM_STATE_CHANGED
01-01 00:33:37.628 887-887/? I/Process: Sending signal. PID: 887 SIG: 9
01-01 00:33:37.705 733-759/system_process I/SystemServiceManager: Starting phase 1000
01-01 00:33:37.710 733-733/system_process V/KeyguardServiceDelegate: *** Keyguard disconnected (boo!)
01-01 00:33:37.710 733-1107/system_process W/AudioService: Current remote volume controller died, unregistering
01-01 00:33:37.716 733-1107/system_process W/VolumeController: Error calling dismiss
android.os.DeadObjectException
at android.os.BinderProxy.transactNative(Native Method)
at android.os.BinderProxy.transact(Binder.java:496)
at android.media.IVolumeController$Stub$Proxy.dismiss(IVolumeController.java:182)
at android.media.AudioService$VolumeController.postDismiss(AudioService.java:5941)
at android.media.AudioService.setVolumeController(AudioService.java:5791)
at android.media.AudioService$3.binderDied(AudioService.java:5800)
at android.os.BinderProxy.sendDeathNotice(Binder.java:551)
01-01 00:33:37.716 733-791/system_process D/WifiService: Client connection lost with reason: 4
01-01 00:33:37.718 733-791/system_process D/WifiService: Client connection lost with reason: 4
01-01 00:33:37.718 733-921/system_process D/ConnectivityService: ConnectivityService NetworkRequestInfo binderDied(NetworkRequest [ id=2, legacyType=-1, [] ], android.os.BinderProxy@e83eeec)
01-01 00:33:37.719 733-792/system_process D/ConnectivityService: releasing NetworkRequest NetworkRequest [ id=2, legacyType=-1, [] ]
01-01 00:33:37.719 733-792/system_process E/ConnectivityService: RemoteException caught trying to send a callback msg for NetworkRequest [ id=2, legacyType=-1, [] ]
01-01 00:33:37.721 733-1112/system_process I/WindowState: WIN DEATH: Window{1266c68a u0 com.android.systemui.ImageWallpaper}
01-01 00:33:37.724 733-899/system_process I/StatusBarManagerService: binder died for pkg=com.android.systemui
01-01 00:33:37.727 733-781/system_process W/InputDispatcher: channel ‘faf3d6c StatusBar (server)’ ~ Consumer closed input channel or an error occurred. events=0x9
01-01 00:33:37.727 733-781/system_process E/InputDispatcher: channel ‘faf3d6c StatusBar (server)’ ~ Channel is unrecoverably broken and will be disposed!
01-01 00:33:37.727 733-781/system_process W/InputDispatcher: channel ‘1371ce04 SearchPanel (server)’ ~ Consumer closed input channel or an error occurred. events=0x9
01-01 00:33:37.727 733-781/system_process E/InputDispatcher: channel ‘1371ce04 SearchPanel (server)’ ~ Channel is unrecoverably broken and will be disposed!
01-01 00:33:37.728 733-781/system_process W/InputDispatcher: channel ‘29fffe22 NavigationBar (server)’ ~ Consumer closed input channel or an error occurred. events=0x9
01-01 00:33:37.728 733-781/system_process E/InputDispatcher: channel ‘29fffe22 NavigationBar (server)’ ~ Channel is unrecoverably broken and will be disposed!
01-01 00:33:37.728 733-781/system_process W/InputDispatcher: channel ‘1885b50f Heads Up (server)’ ~ Consumer closed input channel or an error occurred. events=0x9
01-01 00:33:37.728 733-781/system_process E/InputDispatcher: channel ‘1885b50f Heads Up (server)’ ~ Channel is unrecoverably broken and will be disposed!
01-01 00:33:37.728 733-781/system_process W/InputDispatcher: channel ‘1266c68a com.android.systemui.ImageWallpaper (server)’ ~ Consumer closed input channel or an error occurred. events=0x9
01-01 00:33:37.728 733-781/system_process E/InputDispatcher: channel ‘1266c68a com.android.systemui.ImageWallpaper (server)’ ~ Channel is unrecoverably broken and will be disposed!
01-01 00:33:37.732 733-1112/system_process W/InputDispatcher: Attempted to unregister already unregistered input channel ‘1266c68a com.android.systemui.ImageWallpaper (server)’
01-01 00:33:37.740 733-749/system_process I/ActivityManager: Process com.android.systemui (pid 887) has died
01-01 00:33:37.741 733-749/system_process W/ActivityManager: Scheduling restart of crashed service com.android.systemui/.ImageWallpaper in 0ms
01-01 00:33:37.741 733-749/system_process W/ActivityManager: Scheduling restart of crashed service com.android.systemui/.SystemUIService in 0ms
01-01 00:33:37.742 733-749/system_process W/ActivityManager: Scheduling restart of crashed service com.android.systemui/.keyguard.KeyguardService in 0ms
01-01 00:33:37.745 733-750/system_process I/WindowState: WIN DEATH: Window{1371ce04 u0 SearchPanel}
01-01 00:33:37.745 733-750/system_process W/InputDispatcher: Attempted to unregister already unregistered input channel ‘1371ce04 SearchPanel (server)’
01-01 00:33:37.749 733-1107/system_process I/WindowState: WIN DEATH: Window{faf3d6c u0 StatusBar}
01-01 00:33:37.749 733-1107/system_process W/InputDispatcher: Attempted to unregister already unregistered input channel ‘faf3d6c StatusBar (server)’
01-01 00:33:37.752 1467-1467/? E/Diag_Lib: qpLogDiagInit ==>
01-01 00:33:37.753 733-1111/system_process I/WindowState: WIN DEATH: Window{1885b50f u0 Heads Up}
01-01 00:33:37.753 733-1111/system_process W/InputDispatcher: Attempted to unregister already unregistered input channel ‘1885b50f Heads Up (server)’
01-01 00:33:37.755 1467-1467/? E/Diag_Lib: qpLogDiagInit <== result : 1
01-01 00:33:37.755 1467-1467/? E/Diag_Lib: [IMS_QMID] |imsqmiserver.c | 535 | QMID#$$#0#QMI DAEMON STARTED
01-01 00:33:37.755 1467-1467/? E/Diag_Lib: [IMS_QMID] |imsqmiserver.c | 545 | ims-qmi-daemon main entry getgid: 3e9
01-01 00:33:37.755 1467-1467/? E/Diag_Lib: [IMS_QMID] |imsqmiserver.c | 554 | ims-qmi-daemon: Server Sock FD 10 received from init
01-01 00:33:37.755 1467-1467/? E/Diag_Lib: [IMS_QMID] |imsqmiserver.c | 88 | QMIDAddFDToFDSet:Added FD: [10] to FDSet
01-01 00:33:37.755 1467-1467/? E/Diag_Lib: [IMS_QMID] |imsqmiserver.c | 573 | QMID#$$#0#QMID SERVER STARTED
01-01 00:33:37.755 1467-1467/? E/Diag_Lib: [IMS_QMID] |imsqmiserver.c | 584 | ims-qmi-daemon listen done
01-01 00:33:37.756 733-1043/system_process I/WindowState: WIN DEATH: Window{29fffe22 u0 NavigationBar}
01-01 00:33:37.756 733-1043/system_process W/InputDispatcher: Attempted to unregister already unregistered input channel ‘29fffe22 NavigationBar (server)’
01-01 00:33:37.758 733-1003/system_process E/LocSvc_api_v02: E/loc_sync_wait_for_ind:461]: slot 0, timed out for ind_id QMI_LOC_GET_BEST_AVAILABLE_POSITION_REQ_V02
01-01 00:33:37.758 733-1003/system_process E/LocSvc_api_v02: E/loc_sync_send_req:533]: loc_api_wait_for_ind failed, err -110, select id 0, status eLOC_CLIENT_FAILURE_TIMEOUT
01-01 00:33:37.758 733-1003/system_process E/LocSvc_ApiV02: E/virtual loc_api_adapter_err LocApiV02::getBestAvailableZppFix(GpsLocation&, LocPosTechMask&):2980]: error! status = eLOC_CLIENT_FAILURE_TIMEOUT, zpp_ind.status = eQMI_LOC_SUCCESS_V02
01-01 00:33:37.758 733-1183/system_process E/LocSvc_libulp: I/===> int ulp_brain_process_zpp_position_report(loc_sess_status, LocPosTechMask, const UlpLocation*) line 1463
01-01 00:33:37.758 733-1183/system_process E/LocSvc_libulp: I/int ulp_brain_process_zpp_position_report(loc_sess_status, LocPosTechMask, const UlpLocation*), report ZPP position to providers,report_position = 0
01-01 00:33:37.758 733-1183/system_process E/LocSvc_libulp: I/===> int ulp_brain_select_providers() line 333
01-01 00:33:37.758 733-1183/system_process E/LocSvc_libulp: I/===> int ulp_brain_turn_onoff_quipc_provider() line 700
01-01 00:33:37.758 733-1183/system_process E/LocSvc_libulp: I/===> int ulp_quipc_stop_engine() line 235
01-01 00:33:37.758 733-1183/system_process E/LocSvc_libulp: I/===> bool ulp_quipc_engine_running() line 60
01-01 00:33:37.758 733-1183/system_process E/LocSvc_libulp: I/===> int ulp_brain_turn_onoff_gnss_provider() line 595
01-01 00:33:37.758 733-1183/system_process E/LocSvc_libulp: I/===> int ulp_gnss_stop_engine() line 262
01-01 00:33:37.758 733-1183/system_process E/LocSvc_libulp: I/===> bool ulp_quipc_engine_running() line 60
01-01 00:33:37.758 733-1183/system_process E/LocSvc_libulp: I/===> int ulp_brain_turn_onoff_gnp_provider() line 496
01-01 00:33:37.758 733-1183/system_process E/LocSvc_libulp: I/===> bool ulp_gnp_engine_running() line 59
01-01 00:33:37.758 733-1183/system_process E/LocSvc_libulp: I/===> int ulp_gnp_stop_engine() line 195
01-01 00:33:37.758 733-1183/system_process E/LocSvc_libulp: I/===> bool ulp_gnp_engine_running() line 59
01-01 00:33:37.758 733-1183/system_process E/LocSvc_libulp: I/===> bool ulp_gnp_engine_running() line 59
01-01 00:33:37.758 733-1183/system_process E/LocSvc_libulp: I/===> int ulp_brain_turn_onoff_zpp_provider() line 437
01-01 00:33:37.758 733-1183/system_process E/LocSvc_libulp: I/===> int ulp_zpp_stop_engine() line 174
01-01 00:33:37.758 733-1183/system_process E/LocSvc_libulp: I/===> bool ulp_zpp_engine_running() line 62
01-01 00:33:37.759 1467-1467/? E/Diag_Lib: [IMS_QMID] |imsqmiserver.c | 593 | QMID#$$#0#QMI DAEMON PROPERTY SET SUCCESS
01-01 00:33:37.759 1467-1467/? E/Diag_Lib: [IMS_QMID] |imsqmiserver.c | 604 | QMID#$$#0#QMID STARTED HEAR BEAT
01-01 00:33:37.759 1467-1467/? E/Diag_Lib: [IMS_QMID] |imsqmiserver.c | 639 | ims-qmi-daemon blocking on select max_fd:10
01-01 00:33:37.770 1466-1466/? D/QSEECOMD:: qseecom listener services process entry PPID = 1
01-01 00:33:37.771 1466-1466/? E/QSEECOMD:: Listener: index = 0, hierarchy = 0
01-01 00:33:37.787 250-250/? D/modemanager: Panel Name: dsi_adv7533_1080p
01-01 00:33:37.794 250-250/? E/modemanager: readXMLOp:Couldn’t open OEM XML file!
01-01 00:33:37.794 250-250/? E/modemanager: retrieveMode: Failed to enumerate modes
01-01 00:33:37.794 250-250/? E/modemanager: instantiateModeMgr: Failed to update default cache!
01-01 00:33:37.794 250-250/? E/modemanager: readXMLOp:Couldn’t open OEM XML file!
01-01 00:33:37.794 250-250/? E/modemanager: retrieveMode: Failed to enumerate modes
01-01 00:33:37.795 250-250/? E/modemanager: in applyDefaultMode fail to retrieve default mode!
01-01 00:33:37.795 250-250/? I/modemanager: in applyDefaultMode ret = 0 mCurMode = -1
01-01 00:33:37.795 250-250/? E/qdhwcomposer: qdcmApplyDefaultAfterBootAnimationDone: Not able to apply default mode
01-01 00:33:37.802 733-749/system_process I/ActivityManager: Start proc 1477:com.android.systemui/u0a16 for restart com.android.systemui
01-01 00:33:37.814 1466-1466/? D/QSEECOMD:: Init dlopen(librpmb.so, RTLD_NOW) succeeds
01-01 00:33:37.816 733-733/system_process W/art: Long monitor contention event with owner method=void com.android.server.am.ActivityManagerService$AppDeathRecipient.binderDied() from ActivityManagerService.java:1231 waiters=0 for 101ms
01-01 00:33:37.816 1466-1466/? D/QSEECOMD:: Init::Init dlsym(g_FSHandle rpmb_init_service) succeeds
01-01 00:33:37.817 1466-1466/? I/rpmb: RPMB Mult = 16384, Rel_sec_cnt = 1
01-01 00:33:37.818 1466-1466/? E/DrmLibRpmb: rpmb_init succeeded! with ret = 0
01-01 00:33:37.818 1466-1466/? D/QSEECOMD:: Init rpmb_init_service ret = 0
01-01 00:33:37.818 1466-1466/? D/QSEECOMD:: RPMB system services: init (Listener ID = 8192)
01-01 00:33:37.819 1466-1466/? E/QSEECOMD:: Listener: index = 1, hierarchy = 0
01-01 00:33:37.821 733-759/system_process W/art: Long monitor contention event with owner method=void com.android.server.am.ActivityManagerService$AppDeathRecipient.binderDied() from ActivityManagerService.java:1231 waiters=1 for 104ms
01-01 00:33:37.823 733-733/system_process W/WallpaperManagerService: Wallpaper service gone: ComponentInfo{com.android.systemui/com.android.systemui.ImageWallpaper}
01-01 00:33:37.826 1466-1466/? D/QSEECOMD:: Init dlopen(libssd.so, RTLD_NOW) succeeds
01-01 00:33:37.826 1466-1466/? D/QSEECOMD:: Init::Init dlsym(g_FSHandle ssd_init_service) succeeds
01-01 00:33:37.827 1466-1466/? E/SSD: ssd_init_service succeeded!
01-01 00:33:37.827 1466-1466/? D/QSEECOMD:: Init ssd_init_service ret = 0
01-01 00:33:37.827 1466-1466/? D/QSEECOMD:: SSD system services: init (Listener ID = 12288)
01-01 00:33:37.827 1466-1466/? E/QSEECOMD:: Listener: index = 2, hierarchy = 0
01-01 00:33:37.837 733-733/system_process W/BroadcastQueue: Failure sending broadcast Intent { act=android.intent.action.BOOT_COMPLETED flg=0x8000010 (has extras) }
android.os.RemoteException: app.thread must not be null
at com.android.server.am.BroadcastQueue.performReceiveLocked(BroadcastQueue.java:437)
at com.android.server.am.BroadcastQueue.deliverToRegisteredReceiverLocked(BroadcastQueue.java:523)
at com.android.server.am.BroadcastQueue.processNextBroadcast(BroadcastQueue.java:731)
at com.android.server.am.ActivityManagerService.finishReceiver(ActivityManagerService.java:16524)
at android.content.BroadcastReceiver$PendingResult.sendFinished(BroadcastReceiver.java:419)
at android.content.BroadcastReceiver$PendingResult.finish(BroadcastReceiver.java:395)
at android.app.LoadedApk$ReceiverDispatcher$Args.run(LoadedApk.java:883)
at android.os.Handler.handleCallback(Handler.java:739)
at android.os.Handler.dispatchMessage(Handler.java:95)
at android.os.Looper.loop(Looper.java:135)
at com.android.server.SystemServer.run(SystemServer.java:277)
at com.android.server.SystemServer.main(SystemServer.java:178)
at java.lang.reflect.Method.invoke(Native Method)
at java.lang.reflect.Method.invoke(Method.java:372)
at com.android.internal.os.ZygoteInit$MethodAndArgsCaller.run(ZygoteInit.java:902)
at com.android.internal.os.ZygoteInit.main(ZygoteInit.java:697)
01-01 00:33:37.838 733-754/system_process W/BroadcastQueue: Failure sending broadcast Intent { act=android.intent.action.BOOT_COMPLETED flg=0x8000010 (has extras) }
android.os.RemoteException: app.thread must not be null
at com.android.server.am.BroadcastQueue.performReceiveLocked(BroadcastQueue.java:437)
at com.android.server.am.BroadcastQueue.deliverToRegisteredReceiverLocked(BroadcastQueue.java:523)
at com.android.server.am.BroadcastQueue.processNextBroadcast(BroadcastQueue.java:731)
at com.android.server.am.BroadcastQueue$BroadcastHandler.handleMessage(BroadcastQueue.java:151)
at android.os.Handler.dispatchMessage(Handler.java:102)
at android.os.Looper.loop(Looper.java:135)
at android.os.HandlerThread.run(HandlerThread.java:61)
at com.android.server.ServiceThread.run(ServiceThread.java:46)
01-01 00:33:37.843 316-316/? I/art: Explicit concurrent mark sweep GC freed 704(30KB) AllocSpace objects, 0(0B) LOS objects, 89% free, 123KB/1147KB, paused 220us total 41.303ms
01-01 00:33:37.852 1473-1473/? I/libmdmdetect: ESOC framework not supported
01-01 00:33:37.853 1473-1473/? I/libmdmdetect: Found internal modem: modem
01-01 00:33:37.853 1473-1473/? E/wcnss_service: wcnss_service: num_modems = 1
01-01 00:33:37.853 1473-1473/? E/wcnss_service: Hardware does not support external modem
01-01 00:33:37.853 1473-1473/? E/wcnss_service: wcnss_service: Target does not have external modem
01-01 00:33:37.853 1473-1473/? E/wcnss_service: Serial Number is 12622528
01-01 00:33:37.853 1473-1473/? E/wcnss_service: CAL file not found
01-01 00:33:37.860 1468-1468/? E/Diag_Lib: qpLogDiagInit ==>
01-01 00:33:37.861 1468-1468/? E/Diag_Lib: qpLogDiagInit <== result : 1
01-01 00:33:37.861 1468-1468/? E/Diag_Lib: [IMS_DataD] imsdatad.c | 4698 | | 1468 |DATAD#$$#0#DATAD STARTED
01-01 00:33:37.861 1468-1468/? E/Diag_Lib: [IMS_DataD] imsdatad.c | 4721 | | 1468 |ims-dcm-daemon dcm Daemon main entry, uid 1000, gid 1000, egid 1000
01-01 00:33:37.861 1468-1468/? E/Diag_Lib: [IMS_DataD] imsdatad.c | 4723 | | 1468 |DATAD#$$#0#DCM QMI SERVICES STARTED
01-01 00:33:37.861 1468-1468/? E/Diag_Lib: [IMS_DataD] imsdatad.c | 2908 | | 1468 |ims-dcm-daemon ims_dcm_qmi_handler_init_func >
01-01 00:33:37.861 1468-1468/? E/Diag_Lib: [IMS_DataD] imsdatad.c | 2889 | | 1468 |ims-dcm-daemon qmi_dcm_register_service
01-01 00:33:37.863 1468-1468/? E/Diag_Lib: [IMS_DataD] imsdatad.c | 2894 | | 1468 |ims-dcm-daemon qmi_dcm_register_service rc : 0
01-01 00:33:37.863 1468-1468/? E/Diag_Lib: [IMS_DataD] imsdatad.c | 2899 | | 1468 |ims-dcm-daemon qmi_dcm_register_service service_cookie.service_handle : 0x1
01-01 00:33:37.863 1468-1468/? E/Diag_Lib: [IMS_DataD] imsdatad.c | 2917 | | 1468 |ims_dcm_qmi_handler_init_func exit MAX FD 6
01-01 00:33:37.863 1468-1468/? E/Diag_Lib: [IMS_DataD] imsdatad.c | 4733 | | 1468 |ims-dcm-daemon: Server Sock FD 10 received from init
01-01 00:33:37.863 1468-1468/? E/Diag_Lib: [IMS_DataD] imsdatad.c | 4753 | | 1468 |DATAD#$$#0#DATAD SERVER STARTED
01-01 00:33:37.863 1468-1468/? E/Diag_Lib: [IMS_DataD] imsdatad.c | 245 | | 1468 |DatadAddFDToFDSet:Added FD: [10] to FDSet
01-01 00:33:37.863 1468-1468/? E/Diag_Lib: [IMS_DataD] imsdatad.c | 4763 | | 1468 |ims-dcm-daemon listen done
01-01 00:33:37.863 1468-1468/? E/Diag_Lib: [IMS_DataD] imsdatad.c | 4780 | | 1468 |ims-dcm-daemon : socket pair created. readfd = 7, write fd = 9
01-01 00:33:37.868 316-316/? I/art: Explicit concurrent mark sweep GC freed 7(240B) AllocSpace objects, 0(0B) LOS objects, 89% free, 123KB/1147KB, paused 171us total 22.030ms
01-01 00:33:37.875 1468-1468/? E/Diag_Lib: [IMS_DataD] imsdatad.c | 245 | | 1468 |DatadAddFDToFDSet:Added FD: [7] to FDSet
01-01 00:33:37.875 1468-1468/? E/Diag_Lib: [IMS_DataD] imsdatad.c | 4797 | | 1468 |DATAD#$$#0#DATAD LOOPBACK SERVER STARTED for INTERNAL EVENTS
01-01 00:33:37.875 1468-1468/? E/Diag_Lib: [IMS_DataD] imsdatad.c | 4806 | | 1468 |DATAD#$$#0#DATAD STARTED HEAR BEAT
01-01 00:33:37.893 1466-1466/? D/QSEECOMD:: Init dlopen(libsecureui.so, RTLD_NOW) succeeds
01-01 00:33:37.893 1466-1466/? D/QSEECOMD:: Init::Init dlsym(g_FSHandle secure_ui_init) succeeds
01-01 00:33:37.893 1466-1466/? D/QSEECOMD:: Init secure_ui_init ret = 0
01-01 00:33:37.893 1466-1466/? D/QSEECOMD:: secure UI services: init (Listener ID = 16384)
01-01 00:33:37.893 1466-1466/? E/QSEECOMD:: Listener: index = 5, hierarchy = 0
01-01 00:33:37.894 1466-1466/? E/QSEECOMD:: Init dlopen(libfwlock.so, RLTD_NOW) is failed…
01-01 00:33:37.894 1466-1466/? D/QSEECOMD:: ERROR: FWLOCK_INIT failed, shall not start fwlock listener
01-01 00:33:37.894 316-316/? I/art: Explicit concurrent mark sweep GC freed 5(160B) AllocSpace objects, 0(0B) LOS objects, 89% free, 123KB/1147KB, paused 228us total 22.977ms
01-01 00:33:37.897 1466-1466/? D/QSEECOMD:: Parent qseecom daemon process paused!!
01-01 00:33:37.899 1494-1494/? D/QSEECOMD:: qseecom listener service threads starting!!!
01-01 00:33:37.900 1494-1494/? D/QSEECOMD:: Total listener services to start = 6
01-01 00:33:37.900 1494-1494/? E/QSEECOMD:: Listener: index = 0, hierarchy = 1
01-01 00:33:37.900 1494-1494/? D/QSEECOMD:: Init dlopen(librpmb.so, RTLD_NOW) succeeds
01-01 00:33:37.900 1494-1494/? D/QSEECOMD:: Init::Init dlsym(g_FSHandle rpmb_start) succeeds
01-01 00:33:37.900 1494-1494/? D/QSEECOMAPI:: QSEECom_register_listener 8192 sb_length = 0x5000
01-01 00:33:37.935 733-1464/system_process I/ActivityManager: Start proc 1498:com.android.keychain/1000 for service com.android.keychain/.KeyChainService
01-01 00:33:37.973 296-815/? I/ServiceManager: Waiting for service drm.drmManager…
01-01 00:33:38.024 407-407/? E/QC-QMI: qmi_client [407]: unable to connect to server, errno=[2:No such file or directory], attempt=22
01-01 00:33:38.059 306-306/? E/USB_UICC: Timeout! No signal received. Retry num = 21
01-01 00:33:38.428 1473-1473/? I/wcnss_service: wcnss_read_and_store_cal_data trying to read cal
01-01 00:33:38.438 733-1490/system_process I/RecoverySystem: No recovery log file
01-01 00:33:38.444 1494-1494/? D/QSEECOMD:: Init rpmb_start ret = 0
01-01 00:33:38.444 1494-1494/? D/QSEECOMD:: RPMB system services: Started (Listener ID = 8192)
01-01 00:33:38.444 1494-1494/? E/QSEECOMD:: Listener: index = 1, hierarchy = 1
01-01 00:33:38.445 1494-1494/? D/QSEECOMD:: Init dlopen(libssd.so, RTLD_NOW) succeeds
01-01 00:33:38.445 1494-1494/? D/QSEECOMD:: Init::Init dlsym(g_FSHandle ssd_start) succeeds
01-01 00:33:38.445 1494-1494/? D/QSEECOMAPI:: QSEECom_register_listener 12288 sb_length = 0x5000
01-01 00:33:38.450 1494-1494/? D/QSEECOMD:: Init ssd_start ret = 0
01-01 00:33:38.450 1494-1494/? D/QSEECOMD:: SSD system services: Started (Listener ID = 12288)
01-01 00:33:38.450 1494-1494/? E/QSEECOMD:: Listener: index = 2, hierarchy = 1
01-01 00:33:38.450 1494-1494/? D/QSEECOMD:: Init dlopen(libsecureui.so, RTLD_NOW) succeeds
01-01 00:33:38.450 1494-1494/? D/QSEECOMD:: Init::Init dlsym(g_FSHandle secure_ui_start) succeeds
01-01 00:33:38.450 1494-1494/? D/QSEECOMAPI:: QSEECom_register_listener 16384 sb_length = 0x1014
01-01 00:33:38.456 1494-1494/? D/QSEECOMD:: Init secure_ui_start ret = 0
01-01 00:33:38.456 1494-1494/? D/QSEECOMD:: secure UI services: Started (Listener ID = 16384)
01-01 00:33:38.456 1494-1494/? E/QSEECOMD:: Listener: index = 3, hierarchy = 1
01-01 00:33:38.460 1494-1494/? E/QSEECOMD:: Init dlopen(libdrmtime.so, RLTD_NOW) is failed…
01-01 00:33:38.460 1494-1494/? E/QSEECOMD:: Listener: index = 4, hierarchy = 1
01-01 00:33:38.461 1494-1494/? D/QSEECOMD:: Init dlopen(libdrmfs.so, RTLD_NOW) succeeds
01-01 00:33:38.461 1494-1494/? D/QSEECOMD:: Init::Init dlsym(g_FSHandle fs_start) succeeds
01-01 00:33:38.461 1494-1494/? D/QSEECOMAPI:: QSEECom_register_listener 10 sb_length = 0x5000
01-01 00:33:38.464 1494-1494/? D/QSEECOMD:: Init fs_start ret = 0
01-01 00:33:38.464 1494-1494/? D/QSEECOMD:: file system services: Started (Listener ID = 10)
01-01 00:33:38.464 1494-1494/? E/QSEECOMD:: Listener: index = 5, hierarchy = 1
01-01 00:33:38.464 1494-1494/? E/QSEECOMD:: Init dlopen(libfwlock.so, RLTD_NOW) is failed…
01-01 00:33:38.466 1494-1494/? D/QSEECOMAPI:: QSEECom_get_handle sb_length = 0x400
01-01 00:33:38.467 1494-1494/? D/QSEECOMAPI:: App is not loaded in QSEE
01-01 00:33:38.482 733-1490/system_process I/BootReceiver: Copying audit failures to DropBox
01-01 00:33:38.482 733-1490/system_process I/BootReceiver: Checking for fsck errors
01-01 00:33:38.531 1477-1477/? V/SystemUIService: Starting SystemUI services.
01-01 00:33:38.532 250-250/? I/SurfaceFlinger: FPS: 18
01-01 00:33:38.572 1494-1494/? D/QSEECOMAPI:: Loaded image: APP id = 3
01-01 00:33:38.583 1494-1494/? D/QSEECOMD:: QSEECOM DAEMON RUNNING
01-01 00:33:38.608 733-733/system_process D/TrustManagerService: Removing dead TrustListener.
01-01 00:33:38.611 733-750/system_process V/FingerprintService: startListening(android.service.fingerprint.IFingerprintServiceReceiver$Stub$Proxy@853dc9b)
01-01 00:33:38.629 733-798/system_process I/DPMJ: |REQ:RCVR| DPM creating socket
01-01 00:33:38.697 1477-1477/? W/ResourceType: No package identifier when getting value for resource number 0x00000000
01-01 00:33:38.698 1477-1477/? W/PackageManager: Failure retrieving resources for com.android.settings: Resource ID #0x0
01-01 00:33:38.822 1477-1477/? D/VolumeUI: Registering volume controller
01-01 00:33:38.859 733-733/system_process V/KeyguardServiceDelegate: *** Keyguard connected (yay!)
01-01 00:33:38.866 1477-1551/? V/KeyguardViewMediator: Ignoring state: UNKNOWN
01-01 00:33:38.866 1477-1551/? W/Settings: Setting airplane_mode_on has moved from android.provider.Settings.System to android.provider.Settings.Global, returning read-only value.
01-01 00:33:38.879 1283-1283/? V/AlarmClock: AlarmInitReceiver android.intent.action.BOOT_COMPLETED
01-01 00:33:38.962 1283-1574/? V/AlarmClock: AlarmInitReceiver - Reset timers and clear stopwatch data
01-01 00:33:38.973 296-815/? W/DrmManagerClientImpl(Native): DrmManagerService not published, waiting…
01-01 00:33:38.988 1314-1314/com.qualcomm.telephony D/SimStateReceiver: received broadcast android.intent.action.BOOT_COMPLETED
01-01 00:33:38.989 1314-1314/com.qualcomm.telephony W/ContextImpl: Calling a method in the system process without a qualified user: android.app.ContextImpl.startService:1699 android.content.ContextWrapper.startService:516 android.content.ContextWrapper.startService:516 com.qualcomm.simcontacts.SimStateReceiver.sendPhoneBoot:69 com.qualcomm.simcontacts.SimStateReceiver.onReceive:56
01-01 00:33:38.993 1314-1314/com.qualcomm.telephony D/SimContactsService: service onStart!
01-01 00:33:38.993 1314-1314/com.qualcomm.telephony D/SimContactsService: SIM contacts auto-sync is not enabled!
01-01 00:33:38.993 1283-1574/? V/AlarmClock: AlarmInitReceiver finished
01-01 00:33:39.024 407-407/? E/QC-QMI: qmi_client [407]: unable to connect to server, errno=[2:No such file or directory], attempt=23
01-01 00:33:39.038 733-1465/system_process I/ActivityManager: Start proc 1576:com.android.dialer/u0a5 for broadcast com.android.dialer/.calllog.CallLogReceiver
01-01 00:33:39.059 306-306/? E/USB_UICC: Timeout! No signal received. Retry num = 22
01-01 00:33:39.073 1576-1576/? W/ResourcesManager: Asset path ‘/system/framework/rcs_service_api.jar’ does not exist or contains no resources.
01-01 00:33:39.073 1576-1576/? W/ResourcesManager: Asset path ‘/system/framework/smartsearch.jar’ does not exist or contains no resources.
01-01 00:33:39.153 1576-1576/? D/InCallUI_RcsApiManager: RCS init
01-01 00:33:39.176 1576-1576/? D/InCallUI_RcsApiManager: mIsRcsServiceInstalledfalse
01-01 00:33:39.187 1477-1550/? I/art: Background sticky concurrent mark sweep GC freed 294(45KB) AllocSpace objects, 0(0B) LOS objects, 0% free, 21MB/21MB, paused 7.845ms total 17.013ms
01-01 00:33:39.201 1047-1047/com.android.phone V/OtaStartupReceiver: onOtaspChanged: mOtaspMode=0
01-01 00:33:39.243 733-1109/system_process I/ActivityManager: Start proc 1596:com.qti.diagservices/1000 for broadcast com.qti.diagservices/.Diag_OnBoot
01-01 00:33:39.271 1596-1606/com.qti.diagservices I/art: Debugger is no longer active
01-01 00:33:39.312 1596-1596/com.qti.diagservices W/ContextImpl: Calling a method in the system process without a qualified user: android.app.ContextImpl.startService:1699 android.content.ContextWrapper.startService:516 android.content.ContextWrapper.startService:516 com.qti.diagservices.Diag_OnBoot.onReceive:44 android.app.ActivityThread.handleReceiver:2609
01-01 00:33:39.315 1596-1596/com.qti.diagservices D/Diag_OnBoot: Started Successfully
01-01 00:33:39.316 1596-1596/com.qti.diagservices E/DiagJNIInterface: Trying to load libDiagService
01-01 00:33:39.320 733-790/system_process D/WIFI: Registering NetworkFactory
01-01 00:33:39.320 733-790/system_process D/WIFI_UT: Registering NetworkFactory
01-01 00:33:39.321 733-792/system_process D/ConnectivityService: Got NetworkFactory Messenger for WIFI
01-01 00:33:39.321 733-792/system_process D/ConnectivityService: Got NetworkFactory Messenger for WIFI_UT
01-01 00:33:39.323 733-790/system_process D/WIFI: got request NetworkRequest [ id=1, legacyType=-1, [ Capabilities: INTERNET&NOT_RESTRICTED&TRUSTED&NOT_VPN] ] with score 0
01-01 00:33:39.323 733-790/system_process D/WIFI_UT: got request NetworkRequest [ id=1, legacyType=-1, [ Capabilities: INTERNET&NOT_RESTRICTED&TRUSTED&NOT_VPN] ] with score 0
01-01 00:33:39.326 1596-1596/com.qti.diagservices I/Diag_Lib: Diag_LSM_Init call succeeded
01-01 00:33:39.367 733-733/system_process I/ActivityManager: Start proc 1617:com.android.providers.calendar/u0a1 for broadcast com.android.providers.calendar/.CalendarReceiver
01-01 00:33:39.396 1617-1617/com.android.providers.calendar W/ResourcesManager: Asset path ‘/system/framework/android.test.runner.jar’ does not exist or contains no resources.
01-01 00:33:39.417 1477-1477/? I/Adreno-EGL: <qeglDrvAPI_eglInitialize:379>: EGL 1.4 QUALCOMM build: AU_LINUX_ANDROID_LA.BR.1.2.4_RB1.05.01.01.121.018_msm8916_64_refs/tags/AU_LINUX_ANDROID_LA.BR.1.2.4_RB1.05.01.01.121.018__release_AU (I32dcf20b99)
OpenGL ES Shader Compiler Version: E031.25.03.04
Build Date: 08/05/15 Wed
Local Branch:
Remote Branch: refs/tags/AU_LINUX_ANDROID_LA.BR.1.2.4_RB1.05.01.01.121.018
Local Patches: NONE
Reconstruct Branch: NOTHING
01-01 00:33:39.451 1617-1617/com.android.providers.calendar I/CalendarProvider2: Created com.android.providers.calendar.CalendarAlarmManager@20c5cd52(com.android.providers.calendar.CalendarProvider2@18339823)
01-01 00:33:39.517 296-1643/? E/WVMExtractor: Failed to open libwvm.so: dlopen failed: library “libwvm.so” not found
01-01 00:33:39.538 296-1646/? D/ExtendedUtils: extended extractor not needed, return default
01-01 00:33:39.538 296-296/? D/NuPlayerDriver: start(0xab044448)
01-01 00:33:39.538 296-1644/? I/GenericSource: start
01-01 00:33:39.540 1477-1477/? D/KeyguardUpdateMonitor: ACTION_SERVICE_STATE_CHANGED on sub: 2147483643 mServiceState: 1 1 home null null null Unknown Unknown CSS not supported -1 -1 RoamInd=-1 DefRoamInd=-1 EmergOnly=false
01-01 00:33:39.540 296-1644/? D/AudioPolicyManager: isOffloadSupported: stream_type != MUSIC, returning false
01-01 00:33:39.540 1477-1477/? I/Choreographer: Skipped 43 frames! The application may be doing too much work on its main thread.
01-01 00:33:39.540 296-1644/? D/AudioPolicyManager: isOffloadSupported: stream_type != MUSIC, returning false
01-01 00:33:39.550 296-1643/? D/ExtendedUtils: Try creating ExtendedExtractor
01-01 00:33:39.551 296-1642/? D/ExtendedUtils: Try creating ExtendedExtractor
01-01 00:33:39.551 296-1643/? D/ExtendedUtils: default extractor is NULL, return extended extractor
01-01 00:33:39.552 296-1642/? D/ExtendedUtils: default extractor is NULL, return extended extractor
01-01 00:33:39.552 296-1642/? E/MM_OSAL: FileSource::FileSource
01-01 00:33:39.552 296-1642/? E/MM_OSAL: FileSource::FileSource m_bEveryThingOK 1
01-01 00:33:39.552 296-1642/? E/MM_OSAL: MM_File_Create failed .Efs Error No -1 , File Name /data/mmosal_logmask.cfg , Mode 0
01-01 00:33:39.552 296-1642/? E/MM_OSAL: Open or read fail on /data/mmosal_logmask.cfg. Possible permission denied issue. Looking for /data/misc/media/mmosal_logmask.cfg
01-01 00:33:39.553 296-1649/? E/OMXMaster: A component of name ‘OMX.qcom.audio.decoder.aac’ already exists, ignoring this one.
01-01 00:33:39.553 296-1642/? E/MM_OSAL: MM_File_Create failed .Efs Error No -1 , File Name /data/misc/media/mmosal_logmask.cfg , Mode 0
01-01 00:33:39.557 296-815/? D/NuPlayerDriver: start(0xab043048)
01-01 00:33:39.557 296-1640/? I/GenericSource: start
01-01 00:33:39.559 296-1642/? E/MMParserExtractor: FileSource::FILE_SOURCE_DATA_END
01-01 00:33:39.561 296-817/? D/NuPlayerDriver: start(0xab044e40)
01-01 00:33:39.562 296-1641/? I/GenericSource: start
01-01 00:33:39.563 296-1640/? D/AudioPolicyManager: isOffloadSupported: stream_type != MUSIC, returning false
01-01 00:33:39.564 296-1643/? E/MMParserExtractor: FileSource::FILE_SOURCE_DATA_END
01-01 00:33:39.565 296-1640/? D/AudioPolicyManager: isOffloadSupported: stream_type != MUSIC, returning false
01-01 00:33:39.565 733-750/system_process I/StatusBarManagerService: registerStatusBar bar=com.android.internal.statusbar.IStatusBar$Stub$Proxy@34c3052d
01-01 00:33:39.567 250-250/? I/SurfaceFlinger: FPS: 5
01-01 00:33:39.572 296-1641/? D/AudioPolicyManager: isOffloadSupported: stream_type != MUSIC, returning false
01-01 00:33:39.575 296-1641/? D/AudioPolicyManager: isOffloadSupported: stream_type != MUSIC, returning false
01-01 00:33:39.605 733-1107/system_process I/ActivityManager: Start proc 1674:com.android.managedprovisioning/u0a9 for broadcast com.android.managedprovisioning/.BootReminder
01-01 00:33:39.632 296-1649/? E/QC_EVRCENC: component init: role = OMX.qcom.audio.encoder.evrc
01-01 00:33:39.632 296-1649/? I/QC_EVRCENC: component init: role = OMX.qcom.audio.encoder.evrc
01-01 00:33:39.638 296-1649/? I/QC_EVRCENC: Driver in Non Tunnel mode open
01-01 00:33:39.638 296-1649/? I/QC_EVRCENC: Returning the state 1
01-01 00:33:39.638 296-1649/? I/QC_EVRCENC: Returning the state 1
01-01 00:33:39.639 296-1649/? I/QC_EVRCENC: Component-deinit being processed
01-01 00:33:39.639 296-1649/? I/QC_EVRCENC: ********************************
01-01 00:33:39.639 296-1649/? I/QC_EVRCENC: STATS: in-buf-len[0]out-buf-len[0] tot-pb-time[0]
01-01 00:33:39.639 296-1649/? I/QC_EVRCENC: STATS: fbd-cnt[0]ftb-cnt[0]etb-cnt[0]ebd-cnt[0]
01-01 00:33:39.640 296-1649/? I/QC_EVRCENC: ************************************
01-01 00:33:39.640 296-1649/? I/QC_EVRCENC: DEINIT COMPLETED
01-01 00:33:39.640 296-1649/? I/QC_EVRCENC: ************************************
01-01 00:33:39.640 296-1649/? E/QC_EVRCENC: component_deinit:COMPONENT DEINIT…
01-01 00:33:39.640 296-1649/? E/QC_EVRCENC: EVRC Object getting destroyed comp-deinit=1
01-01 00:33:39.640 296-1649/? E/QC_EVRCENC: OMX EVRC component destroyed
01-01 00:33:39.645 296-1649/? E/QC_QCELP13ENC: component init: role = OMX.qcom.audio.encoder.qcelp13
01-01 00:33:39.645 296-1649/? I/QC_QCELP13ENC: component init: role = OMX.qcom.audio.encoder.qcelp13
01-01 00:33:39.648 296-1649/? I/QC_QCELP13ENC: Driver in Non Tunnel mode open
01-01 00:33:39.649 296-1649/? I/QC_QCELP13ENC: Returning the state 1
01-01 00:33:39.649 296-1649/? I/QC_QCELP13ENC: Returning the state 1
01-01 00:33:39.649 296-1649/? I/QC_QCELP13ENC: Component-deinit being processed
01-01 00:33:39.649 296-1649/? I/QC_QCELP13ENC: ********************************
01-01 00:33:39.649 296-1649/? I/QC_QCELP13ENC: STATS: in-buf-len[0]out-buf-len[0] tot-pb-time[0]
01-01 00:33:39.649 296-1649/? I/QC_QCELP13ENC: STATS: fbd-cnt[0]ftb-cnt[0]etb-cnt[0]ebd-cnt[0]
01-01 00:33:39.653 296-1649/? I/QC_QCELP13ENC: ************************************
01-01 00:33:39.653 296-1649/? I/QC_QCELP13ENC: DEINIT COMPLETED
01-01 00:33:39.653 296-1649/? I/QC_QCELP13ENC: ************************************
01-01 00:33:39.653 296-1649/? E/QC_QCELP13ENC: component_deinit:COMPONENT DEINIT…
01-01 00:33:39.653 296-1649/? E/QC_QCELP13ENC: QCELP13 Object getting destroyed comp-deinit=1
01-01 00:33:39.653 296-1649/? E/QC_QCELP13ENC: OMX QCELP13 component destroyed
01-01 00:33:39.774 1477-1477/? W/Settings: Setting airplane_mode_on has moved from android.provider.Settings.System to android.provider.Settings.Global, returning read-only value.
01-01 00:33:39.778 1477-1477/? W/Settings: Setting airplane_mode_on has moved from android.provider.Settings.System to android.provider.Settings.Global, returning read-only value.
01-01 00:33:39.784 1477-1477/? W/ResourcesManager: Asset path ‘/system/framework/rcs_service_api.jar’ does not exist or contains no resources.
01-01 00:33:39.785 1477-1477/? W/ResourcesManager: Asset path ‘/system/framework/smartsearch.jar’ does not exist or contains no resources.
01-01 00:33:39.789 296-1649/? I/OMX-VENC: Component_init : OMX.qcom.video.encoder.avc : return = 0x0
01-01 00:33:39.789 296-1649/? W/ACodec: do not know color format 0x7fa30c04 = 2141391876
01-01 00:33:39.789 296-1649/? W/ACodec: do not know color format 0x7f000789 = 2130708361
01-01 00:33:39.791 296-1649/? I/OMX-VENC: Component Deinit
01-01 00:33:39.797 296-1649/? I/OMX-VENC: Component_init : OMX.qcom.video.encoder.mpeg4 : return = 0x0
01-01 00:33:39.797 296-1649/? E/OMX-VENC: get_parameter: OMX_IndexParamVideoProfileLevelQuerySupported nProfileIndex ret NoMore 2
01-01 00:33:39.797 296-1649/? W/ACodec: do not know color format 0x7fa30c04 = 2141391876
01-01 00:33:39.797 296-1649/? W/ACodec: do not know color format 0x7f000789 = 2130708361
01-01 00:33:39.799 296-1649/? I/OMX-VENC: Component Deinit
01-01 00:33:39.805 296-1649/? I/OMX-VENC: Component_init : OMX.qcom.video.encoder.h263 : return = 0x0
01-01 00:33:39.805 296-1649/? E/OMX-VENC: get_parameter: OMX_IndexParamVideoProfileLevelQuerySupported nProfileIndex ret NoMore 1
01-01 00:33:39.805 296-1649/? W/ACodec: do not know color format 0x7fa30c04 = 2141391876
01-01 00:33:39.805 296-1649/? W/ACodec: do not know color format 0x7f000789 = 2130708361
01-01 00:33:39.806 296-1649/? I/OMX-VENC: Component Deinit
01-01 00:33:39.812 296-1649/? I/OMX-VENC: Component_init : OMX.qcom.video.encoder.vp8 : return = 0x0
01-01 00:33:39.813 296-1649/? W/ACodec: do not know color format 0x7fa30c04 = 2141391876
01-01 00:33:39.813 296-1649/? W/ACodec: do not know color format 0x7f000789 = 2130708361
01-01 00:33:39.814 296-1649/? I/OMX-VENC: Component Deinit
01-01 00:33:39.815 296-1649/? E/OMX: FAILED to allocate omx component ‘OMX.qcom.audio.decoder.wma’
01-01 00:33:39.815 296-1649/? E/OMX: FAILED to allocate omx component ‘OMX.qcom.audio.decoder.wmaLossLess’
01-01 00:33:39.816 296-1649/? E/OMX: FAILED to allocate omx component ‘OMX.qcom.audio.decoder.wma10Pro’
01-01 00:33:39.816 296-1649/? E/OMX: FAILED to allocate omx component ‘OMX.qcom.audio.decoder.amrwbplus’
01-01 00:33:39.824 296-1649/? I/OMX_QCELP13_DEC: Enabling Non-Tunnel mode
01-01 00:33:39.824 296-1649/? I/OMX_QCELP13_DEC: MIME type: aud
01-01 00:33:39.824 296-1649/? I/OMX_QCELP13_DEC: component init: role = OMX.qcom.audio.decoder.Qcelp13
01-01 00:33:39.824 296-1649/? I/OMX_QCELP13_DEC: Created thread for INP
01-01 00:33:39.824 296-1649/? I/OMX_QCELP13_DEC: Created thread for CMD
01-01 00:33:39.824 296-1649/? I/OMX_QCELP13_DEC: omx_Qcelp13_thread_stop stop server
01-01 00:33:39.825 296-1649/? I/OMX_QCELP13_DEC: omx_Qcelp13_thread_stop stop server
01-01 00:33:39.829 296-1649/? E/OMX_EVRC_DEC: COMPONENT INIT OMX.qcom.audio.decoder.evrc
01-01 00:33:39.830 296-1649/? E/OMX_EVRC_DEC: COMPONENT DEINIT
01-01 00:33:39.839 296-1649/? I/OMX-VDEC-1080P: component_init: OMX.qcom.video.decoder.avc : fd=49
01-01 00:33:39.839 296-1649/? I/OMX-VDEC-1080P: Capabilities: driver_name = msm_vidc_driver, card = msm_vdec_8974, bus_info = , version = 1, capabilities = 4003000
01-01 00:33:39.848 296-1649/? I/OMX-VDEC-1080P: omx_vdec::component_init() success : fd=49
01-01 00:33:39.848 296-1649/? E/OMXNodeInstance: getParameter(18:qcom.decoder.avc, ??(0x7f000044)) ERROR: UnsupportedSetting(0x80001019)
01-01 00:33:39.848 296-1649/? E/OMXNodeInstance: getParameter(18:qcom.decoder.avc, ??(0x7f000044)) ERROR: UnsupportedSetting(0x80001019)
01-01 00:33:39.849 296-1649/? I/OMX-VDEC-1080P: omx_vdec::component_deinit() complete
01-01 00:33:39.853 296-1649/? I/OMX-VDEC-1080P: Exit OMX vdec Destructor: fd=49
01-01 00:33:39.854 296-1649/? I/OMX-VDEC-1080P: component_init: OMX.qcom.video.decoder.avc : fd=49
01-01 00:33:39.855 296-1649/? I/OMX-VDEC-1080P: Capabilities: driver_name = msm_vidc_driver, card = msm_vdec_8974, bus_info = , version = 1, capabilities = 4003000
01-01 00:33:39.863 296-1649/? I/OMX-VDEC-1080P: omx_vdec::component_init() success : fd=49
01-01 00:33:39.864 296-1649/? E/OMXNodeInstance: getParameter(19:qcom.decoder.avc.secure, ??(0x7f000044)) ERROR: UnsupportedSetting(0x80001019)
01-01 00:33:39.864 296-1649/? E/OMXNodeInstance: getParameter(19:qcom.decoder.avc.secure, ??(0x7f000044)) ERROR: UnsupportedSetting(0x80001019)
01-01 00:33:39.864 296-1649/? I/OMX-VDEC-1080P: omx_vdec::component_deinit() complete
01-01 00:33:39.867 296-1649/? I/OMX-VDEC-1080P: Exit OMX vdec Destructor: fd=49
01-01 00:33:39.869 733-1107/system_process I/ActivityManager: Start proc 1745:com.android.mms/u0a10 for broadcast com.android.mms/.transaction.MmsSystemEventReceiver
01-01 00:33:39.869 296-1649/? I/OMX-VDEC-1080P: component_init: OMX.qcom.video.decoder.mpeg2 : fd=49
01-01 00:33:39.870 296-1649/? I/OMX-VDEC-1080P: Capabilities: driver_name = msm_vidc_driver, card = msm_vdec_8974, bus_info = , version = 1, capabilities = 4003000
01-01 00:33:39.879 296-1649/? I/OMX-VDEC-1080P: omx_vdec::component_init() success : fd=49
01-01 00:33:39.879 296-1649/? E/OMXNodeInstance: getParameter(1a:qcom.decoder.mpeg2, ??(0x7f000044)) ERROR: UnsupportedSetting(0x80001019)
01-01 00:33:39.879 296-1649/? E/OMXNodeInstance: getParameter(1a:qcom.decoder.mpeg2, ??(0x7f000044)) ERROR: UnsupportedSetting(0x80001019)
01-01 00:33:39.879 296-1649/? I/OMX-VDEC-1080P: omx_vdec::component_deinit() complete
01-01 00:33:39.885 296-1649/? I/OMX-VDEC-1080P: Exit OMX vdec Destructor: fd=49
01-01 00:33:39.886 296-1649/? I/OMX-VDEC-1080P: component_init: OMX.qcom.video.decoder.mpeg2 : fd=49
01-01 00:33:39.887 296-1649/? I/OMX-VDEC-1080P: Capabilities: driver_name = msm_vidc_driver, card = msm_vdec_8974, bus_info = , version = 1, capabilities = 4003000
01-01 00:33:39.892 296-1649/? I/OMX-VDEC-1080P: omx_vdec::component_init() success : fd=49
01-01 00:33:39.893 296-1649/? E/OMXNodeInstance: getParameter(1b:qcom.decoder.mpeg2.secure, ??(0x7f000044)) ERROR: UnsupportedSetting(0x80001019)
01-01 00:33:39.893 296-1649/? E/OMXNodeInstance: getParameter(1b:qcom.decoder.mpeg2.secure, ??(0x7f000044)) ERROR: UnsupportedSetting(0x80001019)
01-01 00:33:39.893 296-1649/? I/OMX-VDEC-1080P: omx_vdec::component_deinit() complete
01-01 00:33:39.896 296-1649/? I/OMX-VDEC-1080P: Exit OMX vdec Destructor: fd=49
01-01 00:33:39.898 296-1649/? I/OMX-VDEC-1080P: component_init: OMX.qcom.video.decoder.mpeg4 : fd=49
01-01 00:33:39.898 296-1649/? I/OMX-VDEC-1080P: Capabilities: driver_name = msm_vidc_driver, card = msm_vdec_8974, bus_info = , version = 1, capabilities = 4003000
01-01 00:33:39.906 296-1649/? I/OMX-VDEC-1080P: omx_vdec::component_init() success : fd=49
01-01 00:33:39.906 296-1649/? E/OMXNodeInstance: getParameter(1c:qcom.decoder.mpeg4, ??(0x7f000044)) ERROR: UnsupportedSetting(0x80001019)
01-01 00:33:39.906 296-1649/? E/OMXNodeInstance: getParameter(1c:qcom.decoder.mpeg4, ??(0x7f000044)) ERROR: UnsupportedSetting(0x80001019)
01-01 00:33:39.906 296-1649/? I/OMX-VDEC-1080P: omx_vdec::component_deinit() complete
01-01 00:33:39.908 296-1649/? I/OMX-VDEC-1080P: Exit OMX vdec Destructor: fd=49
01-01 00:33:39.910 296-1649/? I/OMX-VDEC-1080P: component_init: OMX.qcom.video.decoder.h263 : fd=49
01-01 00:33:39.910 296-1649/? I/OMX-VDEC-1080P: Capabilities: driver_name = msm_vidc_driver, card = msm_vdec_8974, bus_info = , version = 1, capabilities = 4003000
01-01 00:33:39.913 868-1716/android.process.media E/SQLiteLog: (283) recovered 70 frames from WAL file /data/data/com.android.providers.media/databases/internal.db-wal
01-01 00:33:39.917 296-1649/? I/OMX-VDEC-1080P: omx_vdec::component_init() success : fd=49
01-01 00:33:39.918 296-1649/? E/OMXNodeInstance: getParameter(1d:qcom.decoder.h263, ??(0x7f000044)) ERROR: UnsupportedSetting(0x80001019)
01-01 00:33:39.918 296-1649/? E/OMXNodeInstance: getParameter(1d:qcom.decoder.h263, ??(0x7f000044)) ERROR: UnsupportedSetting(0x80001019)
01-01 00:33:39.918 296-1649/? I/OMX-VDEC-1080P: omx_vdec::component_deinit() complete
01-01 00:33:39.921 296-1649/? I/OMX-VDEC-1080P: Exit OMX vdec Destructor: fd=49
01-01 00:33:39.923 296-1649/? I/OMX-VDEC-1080P: component_init: OMX.qcom.video.decoder.vc1 : fd=49
01-01 00:33:39.923 296-1649/? I/OMX-VDEC-1080P: Capabilities: driver_name = msm_vidc_driver, card = msm_vdec_8974, bus_info = , version = 1, capabilities = 4003000
01-01 00:33:39.931 296-1649/? I/OMX-VDEC-1080P: omx_vdec::component_init() success : fd=49
01-01 00:33:39.931 296-1649/? E/OMX-VDEC-1080P: get_parameter: OMX_IndexParamVideoProfileLevelQuerySupported ret NoMore for codec: OMX.qcom.video.decoder.vc1
01-01 00:33:39.931 296-1649/? E/OMXNodeInstance: getParameter(1e:qcom.decoder.vc1, ??(0x7f000044)) ERROR: UnsupportedSetting(0x80001019)
01-01 00:33:39.931 296-1649/? E/OMXNodeInstance: getParameter(1e:qcom.decoder.vc1, ??(0x7f000044)) ERROR: UnsupportedSetting(0x80001019)
01-01 00:33:39.932 296-1649/? I/OMX-VDEC-1080P: omx_vdec::component_deinit() complete
01-01 00:33:39.934 296-1649/? I/OMX-VDEC-1080P: Exit OMX vdec Destructor: fd=49
01-01 00:33:39.935 296-1649/? E/OMX: FAILED to allocate omx component ‘OMX.qcom.video.decoder.vc1.secure’
01-01 00:33:39.936 1745-1745/com.android.mms W/ResourcesManager: Asset path ‘/system/framework/com.qrd.wappush.jar’ does not exist or contains no resources.
01-01 00:33:39.936 296-1649/? I/OMX-VDEC-1080P: component_init: OMX.qcom.video.decoder.divx : fd=49
01-01 00:33:39.937 296-1649/? E/OMX-VDEC-1080P: DIVX 5/6 Decoder selected
01-01 00:33:39.937 1745-1745/com.android.mms W/ResourcesManager: Asset path ‘/system/framework/rcs_service_api.jar’ does not exist or contains no resources.
01-01 00:33:39.938 296-1649/? I/OMX-VDEC-1080P: Capabilities: driver_name = msm_vidc_driver, card = msm_vdec_8974, bus_info = , version = 1, capabilities = 4003000
01-01 00:33:39.948 296-1649/? I/OMX-VDEC-1080P: omx_vdec::component_init() success : fd=49
01-01 00:33:39.949 296-1649/? E/OMX-VDEC-1080P: get_parameter: OMX_IndexParamVideoProfileLevelQuerySupported ret NoMore for codec: OMX.qcom.video.decoder.divx
01-01 00:33:39.949 296-1649/? E/OMXNodeInstance: getParameter(1f:qcom.decoder.divx, ??(0x7f000044)) ERROR: UnsupportedSetting(0x80001019)
01-01 00:33:39.949 296-1649/? E/OMXNodeInstance: getParameter(1f:qcom.decoder.divx, ??(0x7f000044)) ERROR: UnsupportedSetting(0x80001019)
01-01 00:33:39.949 296-1649/? I/OMX-VDEC-1080P: omx_vdec::component_deinit() complete
01-01 00:33:39.953 296-1649/? I/OMX-VDEC-1080P: Exit OMX vdec Destructor: fd=49
01-01 00:33:39.955 296-1649/? I/OMX-VDEC-1080P: component_init: OMX.qcom.video.decoder.divx311 : fd=49
01-01 00:33:39.955 296-1649/? I/OMX-VDEC-1080P: Capabilities: driver_name = msm_vidc_driver, card = msm_vdec_8974, bus_info = , version = 1, capabilities = 4003000
01-01 00:33:39.962 296-1649/? I/OMX-VDEC-1080P: omx_vdec::component_init() success : fd=49
01-01 00:33:39.962 296-1649/? E/OMX-VDEC-1080P: get_parameter: OMX_IndexParamVideoProfileLevelQuerySupported ret NoMore for codec: OMX.qcom.video.decoder.divx311
01-01 00:33:39.962 296-1649/? E/OMXNodeInstance: getParameter(20:qcom.decoder.divx311, ??(0x7f000044)) ERROR: UnsupportedSetting(0x80001019)
01-01 00:33:39.962 296-1649/? E/OMXNodeInstance: getParameter(20:qcom.decoder.divx311, ??(0x7f000044)) ERROR: UnsupportedSetting(0x80001019)
01-01 00:33:39.962 296-1649/? I/OMX-VDEC-1080P: omx_vdec::component_deinit() complete
01-01 00:33:39.964 296-1649/? I/OMX-VDEC-1080P: Exit OMX vdec Destructor: fd=49
01-01 00:33:39.969 296-1649/? I/OMX-VDEC-1080P: component_init: OMX.qcom.video.decoder.divx4 : fd=49
01-01 00:33:39.969 296-1649/? E/OMX-VDEC-1080P: DIVX 4 Decoder selected
01-01 00:33:39.969 296-1649/? I/OMX-VDEC-1080P: Capabilities: driver_name = msm_vidc_driver, card = msm_vdec_8974, bus_info = , version = 1, capabilities = 4003000
01-01 00:33:39.976 296-1649/? I/OMX-VDEC-1080P: omx_vdec::component_init() success : fd=49
01-01 00:33:39.976 296-1649/? E/OMX-VDEC-1080P: get_parameter: OMX_IndexParamVideoProfileLevelQuerySupported ret NoMore for codec: OMX.qcom.video.decoder.divx4
01-01 00:33:39.976 296-1649/? E/OMXNodeInstance: getParameter(21:qcom.decoder.divx4, ??(0x7f000044)) ERROR: UnsupportedSetting(0x80001019)
01-01 00:33:39.976 296-1649/? E/OMXNodeInstance: getParameter(21:qcom.decoder.divx4, ??(0x7f000044)) ERROR: UnsupportedSetting(0x80001019)
01-01 00:33:39.976 296-1649/? I/OMX-VDEC-1080P: omx_vdec::component_deinit() complete
01-01 00:33:39.979 296-1649/? I/OMX-VDEC-1080P: Exit OMX vdec Destructor: fd=49
01-01 00:33:39.980 296-1649/? I/OMX-VDEC-1080P: component_init: OMX.qcom.video.decoder.vp8 : fd=49
01-01 00:33:39.980 296-1649/? I/OMX-VDEC-1080P: Capabilities: driver_name = msm_vidc_driver, card = msm_vdec_8974, bus_info = , version = 1, capabilities = 4003000
01-01 00:33:39.987 296-1649/? I/OMX-VDEC-1080P: omx_vdec::component_init() success : fd=49
01-01 00:33:39.987 296-1649/? E/OMXNodeInstance: getParameter(22:qcom.decoder.vp8, ??(0x7f000044)) ERROR: UnsupportedSetting(0x80001019)
01-01 00:33:39.987 296-1649/? E/OMXNodeInstance: getParameter(22:qcom.decoder.vp8, ??(0x7f000044)) ERROR: UnsupportedSetting(0x80001019)
01-01 00:33:39.987 296-1649/? I/OMX-VDEC-1080P: omx_vdec::component_deinit() complete
01-01 00:33:39.991 296-1649/? I/OMX-VDEC-1080P: Exit OMX vdec Destructor: fd=49
01-01 00:33:40.004 296-1649/? E/OMX-VDEC-1080P: HEVC Full SW mode
01-01 00:33:40.007 296-1649/? E/OMX-VDEC-1080P: NOTE: enable_extradata: actual[0] requested[20000] enable[1], is_internal: 1 swvdec mode 0
01-01 00:33:40.007 296-1649/? E/OMX-VDEC-1080P: swvdec input buf size 0 count 0
01-01 00:33:40.007 296-1649/? E/OMXNodeInstance: getParameter(23:qcom.decoder.hevcswvdec, ??(0x7f000044)) ERROR: UnsupportedSetting(0x80001019)
01-01 00:33:40.019 296-1649/? W/OMXNodeInstance: [24:google.mpeg4.decoder] component does not support metadata mode; using fallback
01-01 00:33:40.022 296-1649/? W/OMXNodeInstance: [25:google.mpeg4.decoder] component does not support metadata mode; using fallback
01-01 00:33:40.023 296-1649/? W/MediaCodecList: ignoring Limit specified outside of a Type
01-01 00:33:40.023 296-1649/? W/MediaCodecList: ignoring Limit specified outside of a Type
01-01 00:33:40.023 296-1649/? W/MediaCodecList: ignoring Limit specified outside of a Type
01-01 00:33:40.023 296-1649/? W/MediaCodecList: ignoring Limit specified outside of a Type
01-01 00:33:40.023 296-1649/? W/MediaCodecList: ignoring Limit specified outside of a Type
01-01 00:33:40.023 296-1649/? W/MediaCodecList: ignoring Feature specified outside of a Type
01-01 00:33:40.025 407-407/? E/QC-QMI: qmi_client [407]: unable to connect to server, errno=[2:No such file or directory], attempt=24
01-01 00:33:40.025 296-1649/? W/OMXNodeInstance: [26:google.h263.decoder] component does not support metadata mode; using fallback
01-01 00:33:40.033 296-1649/? W/OMXNodeInstance: [27:google.h264.decoder] component does not support metadata mode; using fallback
01-01 00:33:40.043 296-1649/? D/SoftHEVC: Number of CPU cores: 4
01-01 00:33:40.044 296-1649/? D/SoftHEVC: Initializing decoder
01-01 00:33:40.044 296-1649/? D/SoftHEVC: Set number of cores to 4
01-01 00:33:40.044 296-1649/? D/SoftHEVC: Ittiam decoder version number: @(#)Id:HEVCDEC_production Ver:04.01 Released by ITTIAM Build: Aug 13 2015 @ 19:03:48
01-01 00:33:40.044 296-1649/? W/OMXNodeInstance: [28:google.hevc.decoder] component does not support metadata mode; using fallback
01-01 00:33:40.044 296-1649/? D/SoftHEVC: Freeing codec memory
01-01 00:33:40.045 296-1649/? D/SoftHEVC: Number of CPU cores: 4
01-01 00:33:40.046 296-1649/? D/SoftHEVC: Initializing decoder
01-01 00:33:40.046 296-1649/? D/SoftHEVC: Set number of cores to 4
01-01 00:33:40.046 296-1649/? D/SoftHEVC: Ittiam decoder version number: @(#)Id:HEVCDEC_production Ver:04.01 Released by ITTIAM Build: Aug 13 2015 @ 19:03:48
01-01 00:33:40.048 296-1649/? D/SoftHEVC: In SoftHEVC::~SoftHEVC
