01-01 00:40:15.895 733-1183/system_process E/LocSvc_libulp: I/===> bool ulp_quipc_engine_running() line 60
01-01 00:40:15.895 733-1183/system_process E/LocSvc_libulp: I/===> int ulp_brain_turn_onoff_gnss_provider() line 595
01-01 00:40:15.895 733-1183/system_process E/LocSvc_libulp: I/===> int ulp_gnss_stop_engine() line 262
01-01 00:40:15.895 733-1183/system_process E/LocSvc_libulp: I/===> bool ulp_quipc_engine_running() line 60
01-01 00:40:15.895 733-1183/system_process E/LocSvc_libulp: I/===> int ulp_brain_turn_onoff_gnp_provider() line 496
01-01 00:40:15.895 733-1183/system_process E/LocSvc_libulp: I/===> bool ulp_gnp_engine_running() line 59
01-01 00:40:15.896 733-1183/system_process E/LocSvc_libulp: I/===> int ulp_gnp_stop_engine() line 195
01-01 00:40:15.896 733-1183/system_process E/LocSvc_libulp: I/===> bool ulp_gnp_engine_running() line 59
01-01 00:40:15.896 733-1183/system_process E/LocSvc_libulp: I/===> bool ulp_gnp_engine_running() line 59
01-01 00:40:15.896 733-1183/system_process E/LocSvc_libulp: I/===> int ulp_brain_turn_onoff_zpp_provider() line 437
01-01 00:40:15.896 733-1183/system_process E/LocSvc_libulp: I/===> int ulp_zpp_start_engine() line 98
01-01 00:40:15.896 733-1183/system_process E/LocSvc_libulp: I/===> bool ulp_zpp_engine_running() line 62
01-01 00:40:15.896 733-1183/system_process E/LocSvc_libulp: I/===> int ulp_msg_process_start_req() line 447
01-01 00:40:15.896 733-1183/system_process E/LocSvc_libulp: I/int ulp_msg_process_start_req(), at ulp state = 1
01-01 00:40:15.896 733-1003/system_process E/LocSvc_api_v02: I/—> locClientSendReq line 2065 QMI_LOC_GET_BEST_AVAILABLE_POSITION_REQ_V02
01-01 00:40:15.897 733-1046/system_process E/LocSvc_ApiV02: I/<— void globalRespCb(locClientHandleType, uint32_t, locClientRespIndUnionType, void*) line 111 QMI_LOC_GET_BEST_AVAILABLE_POSITION_REQ_V02
01-01 00:40:15.898 733-1183/system_process E/LocSvc_libulp: I/===> int ulp_brain_process_zpp_position_report(loc_sess_status, LocPosTechMask, const UlpLocation*) line 1463
01-01 00:40:15.898 733-1183/system_process E/LocSvc_libulp: I/int ulp_brain_process_zpp_position_report(loc_sess_status, LocPosTechMask, const UlpLocation*), report ZPP position to providers,report_position = 0
01-01 00:40:15.898 733-1183/system_process E/LocSvc_libulp: I/===> int ulp_brain_select_providers() line 333
01-01 00:40:15.898 733-1183/system_process E/LocSvc_libulp: I/===> int ulp_brain_turn_onoff_quipc_provider() line 700
01-01 00:40:15.898 733-1183/system_process E/LocSvc_libulp: I/===> int ulp_quipc_stop_engine() line 235
01-01 00:40:15.898 733-1183/system_process E/LocSvc_libulp: I/===> bool ulp_quipc_engine_running() line 60
01-01 00:40:15.898 733-1183/system_process E/LocSvc_libulp: I/===> int ulp_brain_turn_onoff_gnss_provider() line 595
01-01 00:40:15.898 733-1183/system_process E/LocSvc_libulp: I/===> int ulp_gnss_stop_engine() line 262
01-01 00:40:15.898 733-1183/system_process E/LocSvc_libulp: I/===> bool ulp_quipc_engine_running() line 60
01-01 00:40:15.898 733-1183/system_process E/LocSvc_libulp: I/===> int ulp_brain_turn_onoff_gnp_provider() line 496
01-01 00:40:15.898 733-1183/system_process E/LocSvc_libulp: I/===> bool ulp_gnp_engine_running() line 59
01-01 00:40:15.898 733-1183/system_process E/LocSvc_libulp: I/===> int ulp_gnp_stop_engine() line 195
01-01 00:40:15.898 733-1183/system_process E/LocSvc_libulp: I/===> bool ulp_gnp_engine_running() line 59
01-01 00:40:15.898 733-1183/system_process E/LocSvc_libulp: I/===> bool ulp_gnp_engine_running() line 59
01-01 00:40:15.898 733-1183/system_process E/LocSvc_libulp: I/===> int ulp_brain_turn_onoff_zpp_provider() line 437
01-01 00:40:15.898 733-1183/system_process E/LocSvc_libulp: I/===> int ulp_zpp_stop_engine() line 174
01-01 00:40:15.898 733-1183/system_process E/LocSvc_libulp: I/===> bool ulp_zpp_engine_running() line 62
01-01 00:40:16.254 407-407/? E/QC-QMI: qmi_client [407]: unable to connect to server, errno=[2:No such file or directory], attempt=57
01-01 00:40:17.254 407-407/? E/QC-QMI: qmi_client [407]: unable to connect to server, errno=[2:No such file or directory], attempt=58
01-01 00:40:18.255 407-407/? E/QC-QMI: qmi_client [407]: unable to connect to server, errno=[2:No such file or directory], attempt=59
01-01 00:40:18.756 733-798/system_process I/DPMJ: |REQ:RCVR| DPM creating socket
01-01 00:40:19.255 407-407/? E/QC-QMI: qmi_client [407]: unable to connect to server, errno=[2:No such file or directory], attempt=60
01-01 00:40:20.255 407-407/? E/QC-QMI: qmi_client [407]: unable to connect to server after 60 tries… giving up
01-01 00:40:20.255 407-407/? E/QC-QMI: qmi_qmux_if_pwr_up_init_ex: Initialization failed, rc = -1
01-01 00:40:22.757 733-798/system_process I/DPMJ: |REQ:RCVR| DPM creating socket
01-01 00:40:22.758 733-798/system_process I/DPMJ: |REQ:RCVR| Connected to ‘dpmd’ socket
01-01 00:40:23.760 733-796/system_process W/DPMJ: |SERVICE| getWlanDns caught null ptr exception: java.lang.NullPointerException: Attempt to invoke virtual method ‘java.util.List android.net.LinkProperties.getDnsServers()’ on a null object reference
01-01 00:40:23.762 407-407/? E/Parcel: Reading a NULL string not supported here.
01-01 00:40:23.762 407-407/? E/Parcel: Reading a NULL string not supported here.
01-01 00:40:23.762 407-407/? E/Parcel: Reading a NULL string not supported here.
01-01 00:40:23.762 407-407/? E/Parcel: Reading a NULL string not supported here.
01-01 00:40:25.896 733-1183/system_process E/LocSvc_libulp: I/===> int ulp_msg_process_system_update(UlpSystemEvent) line 1455
01-01 00:40:25.896 733-1183/system_process E/LocSvc_libulp: I/int ulp_msg_process_system_update(UlpSystemEvent): systemEvent:5
01-01 00:40:25.896 733-1183/system_process E/LocSvc_libulp: I/===> int ulp_brain_process_system_update(UlpSystemEvent) line 2352
01-01 00:40:25.896 733-1183/system_process E/LocSvc_libulp: I/===> int ulp_brain_select_providers() line 333
01-01 00:40:25.896 733-1183/system_process E/LocSvc_libulp: I/===> int ulp_brain_turn_onoff_quipc_provider() line 700
01-01 00:40:25.896 733-1183/system_process E/LocSvc_libulp: I/===> int ulp_quipc_stop_engine() line 235
01-01 00:40:25.896 733-1183/system_process E/LocSvc_libulp: I/===> bool ulp_quipc_engine_running() line 60
01-01 00:40:25.896 733-1183/system_process E/LocSvc_libulp: I/===> int ulp_brain_turn_onoff_gnss_provider() line 595
01-01 00:40:25.896 733-1183/system_process E/LocSvc_libulp: I/===> int ulp_gnss_stop_engine() line 262
01-01 00:40:25.896 733-1183/system_process E/LocSvc_libulp: I/===> bool ulp_quipc_engine_running() line 60
01-01 00:40:25.896 733-1183/system_process E/LocSvc_libulp: I/===> int ulp_brain_turn_onoff_gnp_provider() line 496
01-01 00:40:25.896 733-1183/system_process E/LocSvc_libulp: I/===> bool ulp_gnp_engine_running() line 59
01-01 00:40:25.896 733-1183/system_process E/LocSvc_libulp: I/===> int ulp_gnp_stop_engine() line 195
01-01 00:40:25.896 733-1183/system_process E/LocSvc_libulp: I/===> bool ulp_gnp_engine_running() line 59
01-01 00:40:25.896 733-1183/system_process E/LocSvc_libulp: I/===> bool ulp_gnp_engine_running() line 59
01-01 00:40:25.896 733-1183/system_process E/LocSvc_libulp: I/===> int ulp_brain_turn_onoff_zpp_provider() line 437
01-01 00:40:25.896 733-1183/system_process E/LocSvc_libulp: I/===> int ulp_zpp_start_engine() line 98
01-01 00:40:25.896 733-1183/system_process E/LocSvc_libulp: I/===> bool ulp_zpp_engine_running() line 62
01-01 00:40:25.896 733-1183/system_process E/LocSvc_libulp: I/===> int ulp_msg_process_start_req() line 447
01-01 00:40:25.896 733-1183/system_process E/LocSvc_libulp: I/int ulp_msg_process_start_req(), at ulp state = 1
01-01 00:40:25.897 733-1003/system_process E/LocSvc_api_v02: I/—> locClientSendReq line 2065 QMI_LOC_GET_BEST_AVAILABLE_POSITION_REQ_V02
01-01 00:40:25.898 733-1046/system_process E/LocSvc_ApiV02: I/<— void globalRespCb(locClientHandleType, uint32_t, locClientRespIndUnionType, void*) line 111 QMI_LOC_GET_BEST_AVAILABLE_POSITION_REQ_V02
01-01 00:40:25.899 733-1183/system_process E/LocSvc_libulp: I/===> int ulp_brain_process_zpp_position_report(loc_sess_status, LocPosTechMask, const UlpLocation*) line 1463
01-01 00:40:25.899 733-1183/system_process E/LocSvc_libulp: I/int ulp_brain_process_zpp_position_report(loc_sess_status, LocPosTechMask, const UlpLocation*), report ZPP position to providers,report_position = 0
01-01 00:40:25.899 733-1183/system_process E/LocSvc_libulp: I/===> int ulp_brain_select_providers() line 333
01-01 00:40:25.899 733-1183/system_process E/LocSvc_libulp: I/===> int ulp_brain_turn_onoff_quipc_provider() line 700
01-01 00:40:25.899 733-1183/system_process E/LocSvc_libulp: I/===> int ulp_quipc_stop_engine() line 235
01-01 00:40:25.899 733-1183/system_process E/LocSvc_libulp: I/===> bool ulp_quipc_engine_running() line 60
01-01 00:40:25.899 733-1183/system_process E/LocSvc_libulp: I/===> int ulp_brain_turn_onoff_gnss_provider() line 595
01-01 00:40:25.899 733-1183/system_process E/LocSvc_libulp: I/===> int ulp_gnss_stop_engine() line 262
01-01 00:40:25.899 733-1183/system_process E/LocSvc_libulp: I/===> bool ulp_quipc_engine_running() line 60
01-01 00:40:25.899 733-1183/system_process E/LocSvc_libulp: I/===> int ulp_brain_turn_onoff_gnp_provider() line 496
01-01 00:40:25.899 733-1183/system_process E/LocSvc_libulp: I/===> bool ulp_gnp_engine_running() line 59
01-01 00:40:25.899 733-1183/system_process E/LocSvc_libulp: I/===> int ulp_gnp_stop_engine() line 195
01-01 00:40:25.899 733-1183/system_process E/LocSvc_libulp: I/===> bool ulp_gnp_engine_running() line 59
01-01 00:40:25.899 733-1183/system_process E/LocSvc_libulp: I/===> bool ulp_gnp_engine_running() line 59
01-01 00:40:25.899 733-1183/system_process E/LocSvc_libulp: I/===> int ulp_brain_turn_onoff_zpp_provider() line 437
01-01 00:40:25.899 733-1183/system_process E/LocSvc_libulp: I/===> int ulp_zpp_stop_engine() line 174
01-01 00:40:25.899 733-1183/system_process E/LocSvc_libulp: I/===> bool ulp_zpp_engine_running() line 62
01-01 00:40:35.896 733-1183/system_process E/LocSvc_libulp: I/===> int ulp_msg_process_system_update(UlpSystemEvent) line 1455
01-01 00:40:35.896 733-1183/system_process E/LocSvc_libulp: I/int ulp_msg_process_system_update(UlpSystemEvent): systemEvent:5
01-01 00:40:35.896 733-1183/system_process E/LocSvc_libulp: I/===> int ulp_brain_process_system_update(UlpSystemEvent) line 2352
01-01 00:40:35.896 733-1183/system_process E/LocSvc_libulp: I/===> int ulp_brain_select_providers() line 333
01-01 00:40:35.896 733-1183/system_process E/LocSvc_libulp: I/===> int ulp_brain_turn_onoff_quipc_provider() line 700
01-01 00:40:35.896 733-1183/system_process E/LocSvc_libulp: I/===> int ulp_quipc_stop_engine() line 235
01-01 00:40:35.896 733-1183/system_process E/LocSvc_libulp: I/===> bool ulp_quipc_engine_running() line 60
01-01 00:40:35.896 733-1183/system_process E/LocSvc_libulp: I/===> int ulp_brain_turn_onoff_gnss_provider() line 595
01-01 00:40:35.896 733-1183/system_process E/LocSvc_libulp: I/===> int ulp_gnss_stop_engine() line 262
01-01 00:40:35.896 733-1183/system_process E/LocSvc_libulp: I/===> bool ulp_quipc_engine_running() line 60
01-01 00:40:35.896 733-1183/system_process E/LocSvc_libulp: I/===> int ulp_brain_turn_onoff_gnp_provider() line 496
01-01 00:40:35.896 733-1183/system_process E/LocSvc_libulp: I/===> bool ulp_gnp_engine_running() line 59
01-01 00:40:35.896 733-1183/system_process E/LocSvc_libulp: I/===> int ulp_gnp_stop_engine() line 195
01-01 00:40:35.896 733-1183/system_process E/LocSvc_libulp: I/===> bool ulp_gnp_engine_running() line 59
01-01 00:40:35.896 733-1183/system_process E/LocSvc_libulp: I/===> bool ulp_gnp_engine_running() line 59
01-01 00:40:35.896 733-1183/system_process E/LocSvc_libulp: I/===> int ulp_brain_turn_onoff_zpp_provider() line 437
01-01 00:40:35.896 733-1183/system_process E/LocSvc_libulp: I/===> int ulp_zpp_start_engine() line 98
01-01 00:40:35.896 733-1183/system_process E/LocSvc_libulp: I/===> bool ulp_zpp_engine_running() line 62
01-01 00:40:35.896 733-1183/system_process E/LocSvc_libulp: I/===> int ulp_msg_process_start_req() line 447
01-01 00:40:35.896 733-1183/system_process E/LocSvc_libulp: I/int ulp_msg_process_start_req(), at ulp state = 1
01-01 00:40:35.897 733-1003/system_process E/LocSvc_api_v02: I/—> locClientSendReq line 2065 QMI_LOC_GET_BEST_AVAILABLE_POSITION_REQ_V02
01-01 00:40:35.900 733-1046/system_process E/LocSvc_ApiV02: I/<— void globalRespCb(locClientHandleType, uint32_t, locClientRespIndUnionType, void*) line 111 QMI_LOC_GET_BEST_AVAILABLE_POSITION_REQ_V02
01-01 00:40:35.900 733-1183/system_process E/LocSvc_libulp: I/===> int ulp_brain_process_zpp_position_report(loc_sess_status, LocPosTechMask, const UlpLocation*) line 1463
01-01 00:40:35.900 733-1183/system_process E/LocSvc_libulp: I/int ulp_brain_process_zpp_position_report(loc_sess_status, LocPosTechMask, const UlpLocation*), report ZPP position to providers,report_position = 0
01-01 00:40:35.900 733-1183/system_process E/LocSvc_libulp: I/===> int ulp_brain_select_providers() line 333
01-01 00:40:35.900 733-1183/system_process E/LocSvc_libulp: I/===> int ulp_brain_turn_onoff_quipc_provider() line 700
01-01 00:40:35.901 733-1183/system_process E/LocSvc_libulp: I/===> int ulp_quipc_stop_engine() line 235
01-01 00:40:35.901 733-1183/system_process E/LocSvc_libulp: I/===> bool ulp_quipc_engine_running() line 60
01-01 00:40:35.901 733-1183/system_process E/LocSvc_libulp: I/===> int ulp_brain_turn_onoff_gnss_provider() line 595
01-01 00:40:35.901 733-1183/system_process E/LocSvc_libulp: I/===> int ulp_gnss_stop_engine() line 262
01-01 00:40:35.901 733-1183/system_process E/LocSvc_libulp: I/===> bool ulp_quipc_engine_running() line 60
01-01 00:40:35.901 733-1183/system_process E/LocSvc_libulp: I/===> int ulp_brain_turn_onoff_gnp_provider() line 496
01-01 00:40:35.901 733-1183/system_process E/LocSvc_libulp: I/===> bool ulp_gnp_engine_running() line 59
01-01 00:40:35.901 733-1183/system_process E/LocSvc_libulp: I/===> int ulp_gnp_stop_engine() line 195
01-01 00:40:35.901 733-1183/system_process E/LocSvc_libulp: I/===> bool ulp_gnp_engine_running() line 59
01-01 00:40:35.901 733-1183/system_process E/LocSvc_libulp: I/===> bool ulp_gnp_engine_running() line 59
01-01 00:40:35.901 733-1183/system_process E/LocSvc_libulp: I/===> int ulp_brain_turn_onoff_zpp_provider() line 437
01-01 00:40:35.901 733-1183/system_process E/LocSvc_libulp: I/===> int ulp_zpp_stop_engine() line 174
01-01 00:40:35.901 733-1183/system_process E/LocSvc_libulp: I/===> bool ulp_zpp_engine_running() line 62
01-01 00:40:45.896 733-1183/system_process E/LocSvc_libulp: I/===> int ulp_msg_process_system_update(UlpSystemEvent) line 1455
01-01 00:40:45.896 733-1183/system_process E/LocSvc_libulp: I/int ulp_msg_process_system_update(UlpSystemEvent): systemEvent:5
01-01 00:40:45.896 733-1183/system_process E/LocSvc_libulp: I/===> int ulp_brain_process_system_update(UlpSystemEvent) line 2352
01-01 00:40:45.896 733-1183/system_process E/LocSvc_libulp: I/===> int ulp_brain_select_providers() line 333
01-01 00:40:45.896 733-1183/system_process E/LocSvc_libulp: I/===> int ulp_brain_turn_onoff_quipc_provider() line 700
01-01 00:40:45.896 733-1183/system_process E/LocSvc_libulp: I/===> int ulp_quipc_stop_engine() line 235
01-01 00:40:45.896 733-1183/system_process E/LocSvc_libulp: I/===> bool ulp_quipc_engine_running() line 60
01-01 00:40:45.896 733-1183/system_process E/LocSvc_libulp: I/===> int ulp_brain_turn_onoff_gnss_provider() line 595
01-01 00:40:45.896 733-1183/system_process E/LocSvc_libulp: I/===> int ulp_gnss_stop_engine() line 262
01-01 00:40:45.896 733-1183/system_process E/LocSvc_libulp: I/===> bool ulp_quipc_engine_running() line 60
01-01 00:40:45.896 733-1183/system_process E/LocSvc_libulp: I/===> int ulp_brain_turn_onoff_gnp_provider() line 496
01-01 00:40:45.896 733-1183/system_process E/LocSvc_libulp: I/===> bool ulp_gnp_engine_running() line 59
01-01 00:40:45.896 733-1183/system_process E/LocSvc_libulp: I/===> int ulp_gnp_stop_engine() line 195
01-01 00:40:45.896 733-1183/system_process E/LocSvc_libulp: I/===> bool ulp_gnp_engine_running() line 59
01-01 00:40:45.896 733-1183/system_process E/LocSvc_libulp: I/===> bool ulp_gnp_engine_running() line 59
01-01 00:40:45.896 733-1183/system_process E/LocSvc_libulp: I/===> int ulp_brain_turn_onoff_zpp_provider() line 437
01-01 00:40:45.896 733-1183/system_process E/LocSvc_libulp: I/===> int ulp_zpp_start_engine() line 98
01-01 00:40:45.896 733-1183/system_process E/LocSvc_libulp: I/===> bool ulp_zpp_engine_running() line 62
01-01 00:40:45.896 733-1183/system_process E/LocSvc_libulp: I/===> int ulp_msg_process_start_req() line 447
01-01 00:40:45.897 733-1183/system_process E/LocSvc_libulp: I/int ulp_msg_process_start_req(), at ulp state = 1
01-01 00:40:45.897 733-1003/system_process E/LocSvc_api_v02: I/—> locClientSendReq line 2065 QMI_LOC_GET_BEST_AVAILABLE_POSITION_REQ_V02
01-01 00:40:45.899 733-1046/system_process E/LocSvc_ApiV02: I/<— void globalRespCb(locClientHandleType, uint32_t, locClientRespIndUnionType, void*) line 111 QMI_LOC_GET_BEST_AVAILABLE_POSITION_REQ_V02
01-01 00:40:45.900 733-1183/system_process E/LocSvc_libulp: I/===> int ulp_brain_process_zpp_position_report(loc_sess_status, LocPosTechMask, const UlpLocation*) line 1463
01-01 00:40:45.900 733-1183/system_process E/LocSvc_libulp: I/int ulp_brain_process_zpp_position_report(loc_sess_status, LocPosTechMask, const UlpLocation*), report ZPP position to providers,report_position = 0
01-01 00:40:45.900 733-1183/system_process E/LocSvc_libulp: I/===> int ulp_brain_select_providers() line 333
01-01 00:40:45.900 733-1183/system_process E/LocSvc_libulp: I/===> int ulp_brain_turn_onoff_quipc_provider() line 700
01-01 00:40:45.900 733-1183/system_process E/LocSvc_libulp: I/===> int ulp_quipc_stop_engine() line 235
01-01 00:40:45.900 733-1183/system_process E/LocSvc_libulp: I/===> bool ulp_quipc_engine_running() line 60
01-01 00:40:45.900 733-1183/system_process E/LocSvc_libulp: I/===> int ulp_brain_turn_onoff_gnss_provider() line 595
01-01 00:40:45.900 733-1183/system_process E/LocSvc_libulp: I/===> int ulp_gnss_stop_engine() line 262
01-01 00:40:45.900 733-1183/system_process E/LocSvc_libulp: I/===> bool ulp_quipc_engine_running() line 60
01-01 00:40:45.900 733-1183/system_process E/LocSvc_libulp: I/===> int ulp_brain_turn_onoff_gnp_provider() line 496
01-01 00:40:45.900 733-1183/system_process E/LocSvc_libulp: I/===> bool ulp_gnp_engine_running() line 59
01-01 00:40:45.900 733-1183/system_process E/LocSvc_libulp: I/===> int ulp_gnp_stop_engine() line 195
01-01 00:40:45.900 733-1183/system_process E/LocSvc_libulp: I/===> bool ulp_gnp_engine_running() line 59
01-01 00:40:45.900 733-1183/system_process E/LocSvc_libulp: I/===> bool ulp_gnp_engine_running() line 59
01-01 00:40:45.900 733-1183/system_process E/LocSvc_libulp: I/===> int ulp_brain_turn_onoff_zpp_provider() line 437
01-01 00:40:45.900 733-1183/system_process E/LocSvc_libulp: I/===> int ulp_zpp_stop_engine() line 174
01-01 00:40:45.900 733-1183/system_process E/LocSvc_libulp: I/===> bool ulp_zpp_engine_running() line 62
01-01 00:40:55.896 733-1183/system_process E/LocSvc_libulp: I/===> int ulp_msg_process_system_update(UlpSystemEvent) line 1455
01-01 00:40:55.896 733-1183/system_process E/LocSvc_libulp: I/int ulp_msg_process_system_update(UlpSystemEvent): systemEvent:5
01-01 00:40:55.896 733-1183/system_process E/LocSvc_libulp: I/===> int ulp_brain_process_system_update(UlpSystemEvent) line 2352
01-01 00:40:55.897 733-1183/system_process E/LocSvc_libulp: I/===> int ulp_brain_select_providers() line 333
01-01 00:40:55.897 733-1183/system_process E/LocSvc_libulp: I/===> int ulp_brain_turn_onoff_quipc_provider() line 700
01-01 00:40:55.897 733-1183/system_process E/LocSvc_libulp: I/===> int ulp_quipc_stop_engine() line 235
01-01 00:40:55.897 733-1183/system_process E/LocSvc_libulp: I/===> bool ulp_quipc_engine_running() line 60
01-01 00:40:55.897 733-1183/system_process E/LocSvc_libulp: I/===> int ulp_brain_turn_onoff_gnss_provider() line 595
01-01 00:40:55.897 733-1183/system_process E/LocSvc_libulp: I/===> int ulp_gnss_stop_engine() line 262
01-01 00:40:55.897 733-1183/system_process E/LocSvc_libulp: I/===> bool ulp_quipc_engine_running() line 60
01-01 00:40:55.897 733-1183/system_process E/LocSvc_libulp: I/===> int ulp_brain_turn_onoff_gnp_provider() line 496
01-01 00:40:55.897 733-1183/system_process E/LocSvc_libulp: I/===> bool ulp_gnp_engine_running() line 59
01-01 00:40:55.897 733-1183/system_process E/LocSvc_libulp: I/===> int ulp_gnp_stop_engine() line 195
01-01 00:40:55.897 733-1183/system_process E/LocSvc_libulp: I/===> bool ulp_gnp_engine_running() line 59
01-01 00:40:55.897 733-1183/system_process E/LocSvc_libulp: I/===> bool ulp_gnp_engine_running() line 59
01-01 00:40:55.897 733-1183/system_process E/LocSvc_libulp: I/===> int ulp_brain_turn_onoff_zpp_provider() line 437
01-01 00:40:55.897 733-1183/system_process E/LocSvc_libulp: I/===> int ulp_zpp_start_engine() line 98
01-01 00:40:55.897 733-1183/system_process E/LocSvc_libulp: I/===> bool ulp_zpp_engine_running() line 62
01-01 00:40:55.897 733-1183/system_process E/LocSvc_libulp: I/===> int ulp_msg_process_start_req() line 447
01-01 00:40:55.897 733-1183/system_process E/LocSvc_libulp: I/int ulp_msg_process_start_req(), at ulp state = 1
01-01 00:40:55.897 733-1003/system_process E/LocSvc_api_v02: I/—> locClientSendReq line 2065 QMI_LOC_GET_BEST_AVAILABLE_POSITION_REQ_V02
01-01 00:40:55.899 733-1046/system_process E/LocSvc_ApiV02: I/<— void globalRespCb(locClientHandleType, uint32_t, locClientRespIndUnionType, void*) line 111 QMI_LOC_GET_BEST_AVAILABLE_POSITION_REQ_V02
01-01 00:40:55.899 733-1183/system_process E/LocSvc_libulp: I/===> int ulp_brain_process_zpp_position_report(loc_sess_status, LocPosTechMask, const UlpLocation*) line 1463
01-01 00:40:55.899 733-1183/system_process E/LocSvc_libulp: I/int ulp_brain_process_zpp_position_report(loc_sess_status, LocPosTechMask, const UlpLocation*), report ZPP position to providers,report_position = 0
01-01 00:40:55.899 733-1183/system_process E/LocSvc_libulp: I/===> int ulp_brain_select_providers() line 333
01-01 00:40:55.899 733-1183/system_process E/LocSvc_libulp: I/===> int ulp_brain_turn_onoff_quipc_provider() line 700
01-01 00:40:55.899 733-1183/system_process E/LocSvc_libulp: I/===> int ulp_quipc_stop_engine() line 235
01-01 00:40:55.899 733-1183/system_process E/LocSvc_libulp: I/===> bool ulp_quipc_engine_running() line 60
01-01 00:40:55.899 733-1183/system_process E/LocSvc_libulp: I/===> int ulp_brain_turn_onoff_gnss_provider() line 595
01-01 00:40:55.899 733-1183/system_process E/LocSvc_libulp: I/===> int ulp_gnss_stop_engine() line 262
01-01 00:40:55.899 733-1183/system_process E/LocSvc_libulp: I/===> bool ulp_quipc_engine_running() line 60
01-01 00:40:55.899 733-1183/system_process E/LocSvc_libulp: I/===> int ulp_brain_turn_onoff_gnp_provider() line 496
01-01 00:40:55.899 733-1183/system_process E/LocSvc_libulp: I/===> bool ulp_gnp_engine_running() line 59
01-01 00:40:55.899 733-1183/system_process E/LocSvc_libulp: I/===> int ulp_gnp_stop_engine() line 195
01-01 00:40:55.899 733-1183/system_process E/LocSvc_libulp: I/===> bool ulp_gnp_engine_running() line 59
01-01 00:40:55.899 733-1183/system_process E/LocSvc_libulp: I/===> bool ulp_gnp_engine_running() line 59
01-01 00:40:55.899 733-1183/system_process E/LocSvc_libulp: I/===> int ulp_brain_turn_onoff_zpp_provider() line 437
01-01 00:40:55.899 733-1183/system_process E/LocSvc_libulp: I/===> int ulp_zpp_stop_engine() line 174
01-01 00:40:55.899 733-1183/system_process E/LocSvc_libulp: I/===> bool ulp_zpp_engine_running() line 62
01-01 00:41:05.897 733-1183/system_process E/LocSvc_libulp: I/===> int ulp_msg_process_system_update(UlpSystemEvent) line 1455
01-01 00:41:05.897 733-1183/system_process E/LocSvc_libulp: I/int ulp_msg_process_system_update(UlpSystemEvent): systemEvent:5
01-01 00:41:05.897 733-1183/system_process E/LocSvc_libulp: I/===> int ulp_brain_process_system_update(UlpSystemEvent) line 2352
01-01 00:41:05.897 733-1183/system_process E/LocSvc_libulp: I/===> int ulp_brain_select_providers() line 333
01-01 00:41:05.897 733-1183/system_process E/LocSvc_libulp: I/===> int ulp_brain_turn_onoff_quipc_provider() line 700
01-01 00:41:05.897 733-1183/system_process E/LocSvc_libulp: I/===> int ulp_quipc_stop_engine() line 235
01-01 00:41:05.897 733-1183/system_process E/LocSvc_libulp: I/===> bool ulp_quipc_engine_running() line 60
01-01 00:41:05.897 733-1183/system_process E/LocSvc_libulp: I/===> int ulp_brain_turn_onoff_gnss_provider() line 595
01-01 00:41:05.897 733-1183/system_process E/LocSvc_libulp: I/===> int ulp_gnss_stop_engine() line 262
01-01 00:41:05.897 733-1183/system_process E/LocSvc_libulp: I/===> bool ulp_quipc_engine_running() line 60
01-01 00:41:05.897 733-1183/system_process E/LocSvc_libulp: I/===> int ulp_brain_turn_onoff_gnp_provider() line 496
01-01 00:41:05.897 733-1183/system_process E/LocSvc_libulp: I/===> bool ulp_gnp_engine_running() line 59
01-01 00:41:05.897 733-1183/system_process E/LocSvc_libulp: I/===> int ulp_gnp_stop_engine() line 195
01-01 00:41:05.897 733-1183/system_process E/LocSvc_libulp: I/===> bool ulp_gnp_engine_running() line 59
01-01 00:41:05.897 733-1183/system_process E/LocSvc_libulp: I/===> bool ulp_gnp_engine_running() line 59
01-01 00:41:05.897 733-1183/system_process E/LocSvc_libulp: I/===> int ulp_brain_turn_onoff_zpp_provider() line 437
01-01 00:41:05.897 733-1183/system_process E/LocSvc_libulp: I/===> int ulp_zpp_start_engine() line 98
01-01 00:41:05.897 733-1183/system_process E/LocSvc_libulp: I/===> bool ulp_zpp_engine_running() line 62
01-01 00:41:05.897 733-1183/system_process E/LocSvc_libulp: I/===> int ulp_msg_process_start_req() line 447
01-01 00:41:05.897 733-1183/system_process E/LocSvc_libulp: I/int ulp_msg_process_start_req(), at ulp state = 1
01-01 00:41:05.898 733-1003/system_process E/LocSvc_api_v02: I/—> locClientSendReq line 2065 QMI_LOC_GET_BEST_AVAILABLE_POSITION_REQ_V02
01-01 00:41:05.900 733-1046/system_process E/LocSvc_ApiV02: I/<— void globalRespCb(locClientHandleType, uint32_t, locClientRespIndUnionType, void*) line 111 QMI_LOC_GET_BEST_AVAILABLE_POSITION_REQ_V02
01-01 00:41:05.901 733-1183/system_process E/LocSvc_libulp: I/===> int ulp_brain_process_zpp_position_report(loc_sess_status, LocPosTechMask, const UlpLocation*) line 1463
01-01 00:41:05.901 733-1183/system_process E/LocSvc_libulp: I/int ulp_brain_process_zpp_position_report(loc_sess_status, LocPosTechMask, const UlpLocation*), report ZPP position to providers,report_position = 0
01-01 00:41:05.901 733-1183/system_process E/LocSvc_libulp: I/===> int ulp_brain_select_providers() line 333
01-01 00:41:05.901 733-1183/system_process E/LocSvc_libulp: I/===> int ulp_brain_turn_onoff_quipc_provider() line 700
01-01 00:41:05.901 733-1183/system_process E/LocSvc_libulp: I/===> int ulp_quipc_stop_engine() line 235
01-01 00:41:05.901 733-1183/system_process E/LocSvc_libulp: I/===> bool ulp_quipc_engine_running() line 60
01-01 00:41:05.901 733-1183/system_process E/LocSvc_libulp: I/===> int ulp_brain_turn_onoff_gnss_provider() line 595
01-01 00:41:05.901 733-1183/system_process E/LocSvc_libulp: I/===> int ulp_gnss_stop_engine() line 262
01-01 00:41:05.901 733-1183/system_process E/LocSvc_libulp: I/===> bool ulp_quipc_engine_running() line 60
01-01 00:41:05.901 733-1183/system_process E/LocSvc_libulp: I/===> int ulp_brain_turn_onoff_gnp_provider() line 496
01-01 00:41:05.901 733-1183/system_process E/LocSvc_libulp: I/===> bool ulp_gnp_engine_running() line 59
01-01 00:41:05.901 733-1183/system_process E/LocSvc_libulp: I/===> int ulp_gnp_stop_engine() line 195
01-01 00:41:05.901 733-1183/system_process E/LocSvc_libulp: I/===> bool ulp_gnp_engine_running() line 59
01-01 00:41:05.901 733-1183/system_process E/LocSvc_libulp: I/===> bool ulp_gnp_engine_running() line 59
01-01 00:41:05.901 733-1183/system_process E/LocSvc_libulp: I/===> int ulp_brain_turn_onoff_zpp_provider() line 437
01-01 00:41:05.901 733-1183/system_process E/LocSvc_libulp: I/===> int ulp_zpp_stop_engine() line 174
01-01 00:41:05.901 733-1183/system_process E/LocSvc_libulp: I/===> bool ulp_zpp_engine_running() line 62
01-01 00:41:15.897 733-1183/system_process E/LocSvc_libulp: I/===> int ulp_msg_process_system_update(UlpSystemEvent) line 1455
01-01 00:41:15.897 733-1183/system_process E/LocSvc_libulp: I/int ulp_msg_process_system_update(UlpSystemEvent): systemEvent:5
01-01 00:41:15.897 733-1183/system_process E/LocSvc_libulp: I/===> int ulp_brain_process_system_update(UlpSystemEvent) line 2352
01-01 00:41:15.897 733-1183/system_process E/LocSvc_libulp: I/===> int ulp_brain_select_providers() line 333
01-01 00:41:15.897 733-1183/system_process E/LocSvc_libulp: I/===> int ulp_brain_turn_onoff_quipc_provider() line 700
01-01 00:41:15.897 733-1183/system_process E/LocSvc_libulp: I/===> int ulp_quipc_stop_engine() line 235
01-01 00:41:15.897 733-1183/system_process E/LocSvc_libulp: I/===> bool ulp_quipc_engine_running() line 60
01-01 00:41:15.897 733-1183/system_process E/LocSvc_libulp: I/===> int ulp_brain_turn_onoff_gnss_provider() line 595
01-01 00:41:15.897 733-1183/system_process E/LocSvc_libulp: I/===> int ulp_gnss_stop_engine() line 262
01-01 00:41:15.897 733-1183/system_process E/LocSvc_libulp: I/===> bool ulp_quipc_engine_running() line 60
01-01 00:41:15.897 733-1183/system_process E/LocSvc_libulp: I/===> int ulp_brain_turn_onoff_gnp_provider() line 496
01-01 00:41:15.897 733-1183/system_process E/LocSvc_libulp: I/===> bool ulp_gnp_engine_running() line 59
01-01 00:41:15.897 733-1183/system_process E/LocSvc_libulp: I/===> int ulp_gnp_stop_engine() line 195
01-01 00:41:15.897 733-1183/system_process E/LocSvc_libulp: I/===> bool ulp_gnp_engine_running() line 59
01-01 00:41:15.897 733-1183/system_process E/LocSvc_libulp: I/===> bool ulp_gnp_engine_running() line 59
01-01 00:41:15.897 733-1183/system_process E/LocSvc_libulp: I/===> int ulp_brain_turn_onoff_zpp_provider() line 437
01-01 00:41:15.897 733-1183/system_process E/LocSvc_libulp: I/===> int ulp_zpp_start_engine() line 98
01-01 00:41:15.897 733-1183/system_process E/LocSvc_libulp: I/===> bool ulp_zpp_engine_running() line 62
01-01 00:41:15.897 733-1183/system_process E/LocSvc_libulp: I/===> int ulp_msg_process_start_req() line 447
01-01 00:41:15.897 733-1183/system_process E/LocSvc_libulp: I/int ulp_msg_process_start_req(), at ulp state = 1
01-01 00:41:15.898 733-1003/system_process E/LocSvc_api_v02: I/—> locClientSendReq line 2065 QMI_LOC_GET_BEST_AVAILABLE_POSITION_REQ_V02
01-01 00:41:15.899 733-1046/system_process E/LocSvc_ApiV02: I/<— void globalRespCb(locClientHandleType, uint32_t, locClientRespIndUnionType, void*) line 111 QMI_LOC_GET_BEST_AVAILABLE_POSITION_REQ_V02
01-01 00:41:15.900 733-1183/system_process E/LocSvc_libulp: I/===> int ulp_brain_process_zpp_position_report(loc_sess_status, LocPosTechMask, const UlpLocation*) line 1463
01-01 00:41:15.900 733-1183/system_process E/LocSvc_libulp: I/int ulp_brain_process_zpp_position_report(loc_sess_status, LocPosTechMask, const UlpLocation*), report ZPP position to providers,report_position = 0
01-01 00:41:15.900 733-1183/system_process E/LocSvc_libulp: I/===> int ulp_brain_select_providers() line 333
01-01 00:41:15.900 733-1183/system_process E/LocSvc_libulp: I/===> int ulp_brain_turn_onoff_quipc_provider() line 700
01-01 00:41:15.900 733-1183/system_process E/LocSvc_libulp: I/===> int ulp_quipc_stop_engine() line 235
01-01 00:41:15.900 733-1183/system_process E/LocSvc_libulp: I/===> bool ulp_quipc_engine_running() line 60
01-01 00:41:15.900 733-1183/system_process E/LocSvc_libulp: I/===> int ulp_brain_turn_onoff_gnss_provider() line 595
01-01 00:41:15.900 733-1183/system_process E/LocSvc_libulp: I/===> int ulp_gnss_stop_engine() line 262
01-01 00:41:15.900 733-1183/system_process E/LocSvc_libulp: I/===> bool ulp_quipc_engine_running() line 60
01-01 00:41:15.900 733-1183/system_process E/LocSvc_libulp: I/===> int ulp_brain_turn_onoff_gnp_provider() line 496
01-01 00:41:15.900 733-1183/system_process E/LocSvc_libulp: I/===> bool ulp_gnp_engine_running() line 59
01-01 00:41:15.900 733-1183/system_process E/LocSvc_libulp: I/===> int ulp_gnp_stop_engine() line 195
01-01 00:41:15.900 733-1183/system_process E/LocSvc_libulp: I/===> bool ulp_gnp_engine_running() line 59
01-01 00:41:15.900 733-1183/system_process E/LocSvc_libulp: I/===> bool ulp_gnp_engine_running() line 59
01-01 00:41:15.900 733-1183/system_process E/LocSvc_libulp: I/===> int ulp_brain_turn_onoff_zpp_provider() line 437
01-01 00:41:15.900 733-1183/system_process E/LocSvc_libulp: I/===> int ulp_zpp_stop_engine() line 174
01-01 00:41:15.900 733-1183/system_process E/LocSvc_libulp: I/===> bool ulp_zpp_engine_running() line 62
01-01 00:41:25.897 733-1183/system_process E/LocSvc_libulp: I/===> int ulp_msg_process_system_update(UlpSystemEvent) line 1455
01-01 00:41:25.897 733-1183/system_process E/LocSvc_libulp: I/int ulp_msg_process_system_update(UlpSystemEvent): systemEvent:5
01-01 00:41:25.897 733-1183/system_process E/LocSvc_libulp: I/===> int ulp_brain_process_system_update(UlpSystemEvent) line 2352
01-01 00:41:25.897 733-1183/system_process E/LocSvc_libulp: I/===> int ulp_brain_select_providers() line 333
01-01 00:41:25.897 733-1183/system_process E/LocSvc_libulp: I/===> int ulp_brain_turn_onoff_quipc_provider() line 700
01-01 00:41:25.897 733-1183/system_process E/LocSvc_libulp: I/===> int ulp_quipc_stop_engine() line 235
01-01 00:41:25.897 733-1183/system_process E/LocSvc_libulp: I/===> bool ulp_quipc_engine_running() line 60
01-01 00:41:25.897 733-1183/system_process E/LocSvc_libulp: I/===> int ulp_brain_turn_onoff_gnss_provider() line 595
01-01 00:41:25.897 733-1183/system_process E/LocSvc_libulp: I/===> int ulp_gnss_stop_engine() line 262
01-01 00:41:25.897 733-1183/system_process E/LocSvc_libulp: I/===> bool ulp_quipc_engine_running() line 60
01-01 00:41:25.897 733-1183/system_process E/LocSvc_libulp: I/===> int ulp_brain_turn_onoff_gnp_provider() line 496
01-01 00:41:25.897 733-1183/system_process E/LocSvc_libulp: I/===> bool ulp_gnp_engine_running() line 59
01-01 00:41:25.898 733-1183/system_process E/LocSvc_libulp: I/===> int ulp_gnp_stop_engine() line 195
01-01 00:41:25.898 733-1183/system_process E/LocSvc_libulp: I/===> bool ulp_gnp_engine_running() line 59
01-01 00:41:25.898 733-1183/system_process E/LocSvc_libulp: I/===> bool ulp_gnp_engine_running() line 59
01-01 00:41:25.898 733-1183/system_process E/LocSvc_libulp: I/===> int ulp_brain_turn_onoff_zpp_provider() line 437
01-01 00:41:25.898 733-1183/system_process E/LocSvc_libulp: I/===> int ulp_zpp_start_engine() line 98
01-01 00:41:25.898 733-1183/system_process E/LocSvc_libulp: I/===> bool ulp_zpp_engine_running() line 62
01-01 00:41:25.898 733-1183/system_process E/LocSvc_libulp: I/===> int ulp_msg_process_start_req() line 447
01-01 00:41:25.898 733-1183/system_process E/LocSvc_libulp: I/int ulp_msg_process_start_req(), at ulp state = 1
01-01 00:41:25.898 733-1003/system_process E/LocSvc_api_v02: I/—> locClientSendReq line 2065 QMI_LOC_GET_BEST_AVAILABLE_POSITION_REQ_V02
01-01 00:41:25.900 733-1046/system_process E/LocSvc_ApiV02: I/<— void globalRespCb(locClientHandleType, uint32_t, locClientRespIndUnionType, void*) line 111 QMI_LOC_GET_BEST_AVAILABLE_POSITION_REQ_V02
01-01 00:41:25.900 733-1183/system_process E/LocSvc_libulp: I/===> int ulp_brain_process_zpp_position_report(loc_sess_status, LocPosTechMask, const UlpLocation*) line 1463
01-01 00:41:25.900 733-1183/system_process E/LocSvc_libulp: I/int ulp_brain_process_zpp_position_report(loc_sess_status, LocPosTechMask, const UlpLocation*), report ZPP position to providers,report_position = 0
01-01 00:41:25.900 733-1183/system_process E/LocSvc_libulp: I/===> int ulp_brain_select_providers() line 333
01-01 00:41:25.900 733-1183/system_process E/LocSvc_libulp: I/===> int ulp_brain_turn_onoff_quipc_provider() line 700
01-01 00:41:25.900 733-1183/system_process E/LocSvc_libulp: I/===> int ulp_quipc_stop_engine() line 235
01-01 00:41:25.900 733-1183/system_process E/LocSvc_libulp: I/===> bool ulp_quipc_engine_running() line 60
01-01 00:41:25.900 733-1183/system_process E/LocSvc_libulp: I/===> int ulp_brain_turn_onoff_gnss_provider() line 595
01-01 00:41:25.900 733-1183/system_process E/LocSvc_libulp: I/===> int ulp_gnss_stop_engine() line 262
01-01 00:41:25.900 733-1183/system_process E/LocSvc_libulp: I/===> bool ulp_quipc_engine_running() line 60
01-01 00:41:25.900 733-1183/system_process E/LocSvc_libulp: I/===> int ulp_brain_turn_onoff_gnp_provider() line 496
01-01 00:41:25.900 733-1183/system_process E/LocSvc_libulp: I/===> bool ulp_gnp_engine_running() line 59
01-01 00:41:25.900 733-1183/system_process E/LocSvc_libulp: I/===> int ulp_gnp_stop_engine() line 195
01-01 00:41:25.900 733-1183/system_process E/LocSvc_libulp: I/===> bool ulp_gnp_engine_running() line 59
01-01 00:41:25.900 733-1183/system_process E/LocSvc_libulp: I/===> bool ulp_gnp_engine_running() line 59
01-01 00:41:25.900 733-1183/system_process E/LocSvc_libulp: I/===> int ulp_brain_turn_onoff_zpp_provider() line 437
01-01 00:41:25.900 733-1183/system_process E/LocSvc_libulp: I/===> int ulp_zpp_stop_engine() line 174
01-01 00:41:25.900 733-1183/system_process E/LocSvc_libulp: I/===> bool ulp_zpp_engine_running() line 62
01-01 00:41:35.898 733-1183/system_process E/LocSvc_libulp: I/===> int ulp_msg_process_system_update(UlpSystemEvent) line 1455
01-01 00:41:35.898 733-1183/system_process E/LocSvc_libulp: I/int ulp_msg_process_system_update(UlpSystemEvent): systemEvent:5
01-01 00:41:35.898 733-1183/system_process E/LocSvc_libulp: I/===> int ulp_brain_process_system_update(UlpSystemEvent) line 2352
01-01 00:41:35.898 733-1183/system_process E/LocSvc_libulp: I/===> int ulp_brain_select_providers() line 333
01-01 00:41:35.898 733-1183/system_process E/LocSvc_libulp: I/===> int ulp_brain_turn_onoff_quipc_provider() line 700
01-01 00:41:35.898 733-1183/system_process E/LocSvc_libulp: I/===> int ulp_quipc_stop_engine() line 235
01-01 00:41:35.898 733-1183/system_process E/LocSvc_libulp: I/===> bool ulp_quipc_engine_running() line 60
01-01 00:41:35.898 733-1183/system_process E/LocSvc_libulp: I/===> int ulp_brain_turn_onoff_gnss_provider() line 595
01-01 00:41:35.898 733-1183/system_process E/LocSvc_libulp: I/===> int ulp_gnss_stop_engine() line 262
01-01 00:41:35.898 733-1183/system_process E/LocSvc_libulp: I/===> bool ulp_quipc_engine_running() line 60
01-01 00:41:35.898 733-1183/system_process E/LocSvc_libulp: I/===> int ulp_brain_turn_onoff_gnp_provider() line 496
01-01 00:41:35.898 733-1183/system_process E/LocSvc_libulp: I/===> bool ulp_gnp_engine_running() line 59
01-01 00:41:35.898 733-1183/system_process E/LocSvc_libulp: I/===> int ulp_gnp_stop_engine() line 195
01-01 00:41:35.898 733-1183/system_process E/LocSvc_libulp: I/===> bool ulp_gnp_engine_running() line 59
01-01 00:41:35.898 733-1183/system_process E/LocSvc_libulp: I/===> bool ulp_gnp_engine_running() line 59
01-01 00:41:35.898 733-1183/system_process E/LocSvc_libulp: I/===> int ulp_brain_turn_onoff_zpp_provider() line 437
01-01 00:41:35.898 733-1183/system_process E/LocSvc_libulp: I/===> int ulp_zpp_start_engine() line 98
01-01 00:41:35.898 733-1183/system_process E/LocSvc_libulp: I/===> bool ulp_zpp_engine_running() line 62
01-01 00:41:35.898 733-1183/system_process E/LocSvc_libulp: I/===> int ulp_msg_process_start_req() line 447
01-01 00:41:35.898 733-1183/system_process E/LocSvc_libulp: I/int ulp_msg_process_start_req(), at ulp state = 1
01-01 00:41:35.899 733-1003/system_process E/LocSvc_api_v02: I/—> locClientSendReq line 2065 QMI_LOC_GET_BEST_AVAILABLE_POSITION_REQ_V02
01-01 00:41:35.900 733-1046/system_process E/LocSvc_ApiV02: I/<— void globalRespCb(locClientHandleType, uint32_t, locClientRespIndUnionType, void*) line 111 QMI_LOC_GET_BEST_AVAILABLE_POSITION_REQ_V02
01-01 00:41:35.900 733-1183/system_process E/LocSvc_libulp: I/===> int ulp_brain_process_zpp_position_report(loc_sess_status, LocPosTechMask, const UlpLocation*) line 1463
01-01 00:41:35.900 733-1183/system_process E/LocSvc_libulp: I/int ulp_brain_process_zpp_position_report(loc_sess_status, LocPosTechMask, const UlpLocation*), report ZPP position to providers,report_position = 0
01-01 00:41:35.900 733-1183/system_process E/LocSvc_libulp: I/===> int ulp_brain_select_providers() line 333
01-01 00:41:35.900 733-1183/system_process E/LocSvc_libulp: I/===> int ulp_brain_turn_onoff_quipc_provider() line 700
01-01 00:41:35.900 733-1183/system_process E/LocSvc_libulp: I/===> int ulp_quipc_stop_engine() line 235
01-01 00:41:35.900 733-1183/system_process E/LocSvc_libulp: I/===> bool ulp_quipc_engine_running() line 60
01-01 00:41:35.900 733-1183/system_process E/LocSvc_libulp: I/===> int ulp_brain_turn_onoff_gnss_provider() line 595
01-01 00:41:35.900 733-1183/system_process E/LocSvc_libulp: I/===> int ulp_gnss_stop_engine() line 262
01-01 00:41:35.900 733-1183/system_process E/LocSvc_libulp: I/===> bool ulp_quipc_engine_running() line 60
01-01 00:41:35.900 733-1183/system_process E/LocSvc_libulp: I/===> int ulp_brain_turn_onoff_gnp_provider() line 496
01-01 00:41:35.900 733-1183/system_process E/LocSvc_libulp: I/===> bool ulp_gnp_engine_running() line 59
01-01 00:41:35.900 733-1183/system_process E/LocSvc_libulp: I/===> int ulp_gnp_stop_engine() line 195
01-01 00:41:35.900 733-1183/system_process E/LocSvc_libulp: I/===> bool ulp_gnp_engine_running() line 59
01-01 00:41:35.900 733-1183/system_process E/LocSvc_libulp: I/===> bool ulp_gnp_engine_running() line 59
01-01 00:41:35.900 733-1183/system_process E/LocSvc_libulp: I/===> int ulp_brain_turn_onoff_zpp_provider() line 437
01-01 00:41:35.900 733-1183/system_process E/LocSvc_libulp: I/===> int ulp_zpp_stop_engine() line 174
01-01 00:41:35.901 733-1183/system_process E/LocSvc_libulp: I/===> bool ulp_zpp_engine_running() line 62
01-01 00:41:45.898 733-1183/system_process E/LocSvc_libulp: I/===> int ulp_msg_process_system_update(UlpSystemEvent) line 1455
01-01 00:41:45.898 733-1183/system_process E/LocSvc_libulp: I/int ulp_msg_process_system_update(UlpSystemEvent): systemEvent:5
01-01 00:41:45.898 733-1183/system_process E/LocSvc_libulp: I/===> int ulp_brain_process_system_update(UlpSystemEvent) line 2352
01-01 00:41:45.898 733-1183/system_process E/LocSvc_libulp: I/===> int ulp_brain_select_providers() line 333
01-01 00:41:45.898 733-1183/system_process E/LocSvc_libulp: I/===> int ulp_brain_turn_onoff_quipc_provider() line 700
01-01 00:41:45.898 733-1183/system_process E/LocSvc_libulp: I/===> int ulp_quipc_stop_engine() line 235
01-01 00:41:45.898 733-1183/system_process E/LocSvc_libulp: I/===> bool ulp_quipc_engine_running() line 60
01-01 00:41:45.898 733-1183/system_process E/LocSvc_libulp: I/===> int ulp_brain_turn_onoff_gnss_provider() line 595
01-01 00:41:45.898 733-1183/system_process E/LocSvc_libulp: I/===> int ulp_gnss_stop_engine() line 262
01-01 00:41:45.898 733-1183/system_process E/LocSvc_libulp: I/===> bool ulp_quipc_engine_running() line 60
01-01 00:41:45.898 733-1183/system_process E/LocSvc_libulp: I/===> int ulp_brain_turn_onoff_gnp_provider() line 496
01-01 00:41:45.898 733-1183/system_process E/LocSvc_libulp: I/===> bool ulp_gnp_engine_running() line 59
01-01 00:41:45.898 733-1183/system_process E/LocSvc_libulp: I/===> int ulp_gnp_stop_engine() line 195
01-01 00:41:45.898 733-1183/system_process E/LocSvc_libulp: I/===> bool ulp_gnp_engine_running() line 59
01-01 00:41:45.898 733-1183/system_process E/LocSvc_libulp: I/===> bool ulp_gnp_engine_running() line 59
01-01 00:41:45.898 733-1183/system_process E/LocSvc_libulp: I/===> int ulp_brain_turn_onoff_zpp_provider() line 437
01-01 00:41:45.898 733-1183/system_process E/LocSvc_libulp: I/===> int ulp_zpp_start_engine() line 98
01-01 00:41:45.898 733-1183/system_process E/LocSvc_libulp: I/===> bool ulp_zpp_engine_running() line 62
01-01 00:41:45.898 733-1183/system_process E/LocSvc_libulp: I/===> int ulp_msg_process_start_req() line 447
01-01 00:41:45.898 733-1183/system_process E/LocSvc_libulp: I/int ulp_msg_process_start_req(), at ulp state = 1
01-01 00:41:45.899 733-1003/system_process E/LocSvc_api_v02: I/—> locClientSendReq line 2065 QMI_LOC_GET_BEST_AVAILABLE_POSITION_REQ_V02
01-01 00:41:45.900 733-1046/system_process E/LocSvc_ApiV02: I/<— void globalRespCb(locClientHandleType, uint32_t, locClientRespIndUnionType, void*) line 111 QMI_LOC_GET_BEST_AVAILABLE_POSITION_REQ_V02
01-01 00:41:45.900 733-1183/system_process E/LocSvc_libulp: I/===> int ulp_brain_process_zpp_position_report(loc_sess_status, LocPosTechMask, const UlpLocation*) line 1463
01-01 00:41:45.901 733-1183/system_process E/LocSvc_libulp: I/int ulp_brain_process_zpp_position_report(loc_sess_status, LocPosTechMask, const UlpLocation*), report ZPP position to providers,report_position = 0
01-01 00:41:45.901 733-1183/system_process E/LocSvc_libulp: I/===> int ulp_brain_select_providers() line 333
01-01 00:41:45.901 733-1183/system_process E/LocSvc_libulp: I/===> int ulp_brain_turn_onoff_quipc_provider() line 700
01-01 00:41:45.901 733-1183/system_process E/LocSvc_libulp: I/===> int ulp_quipc_stop_engine() line 235
01-01 00:41:45.901 733-1183/system_process E/LocSvc_libulp: I/===> bool ulp_quipc_engine_running() line 60
01-01 00:41:45.901 733-1183/system_process E/LocSvc_libulp: I/===> int ulp_brain_turn_onoff_gnss_provider() line 595
01-01 00:41:45.901 733-1183/system_process E/LocSvc_libulp: I/===> int ulp_gnss_stop_engine() line 262
01-01 00:41:45.901 733-1183/system_process E/LocSvc_libulp: I/===> bool ulp_quipc_engine_running() line 60
01-01 00:41:45.901 733-1183/system_process E/LocSvc_libulp: I/===> int ulp_brain_turn_onoff_gnp_provider() line 496
01-01 00:41:45.901 733-1183/system_process E/LocSvc_libulp: I/===> bool ulp_gnp_engine_running() line 59
01-01 00:41:45.901 733-1183/system_process E/LocSvc_libulp: I/===> int ulp_gnp_stop_engine() line 195
01-01 00:41:45.901 733-1183/system_process E/LocSvc_libulp: I/===> bool ulp_gnp_engine_running() line 59
01-01 00:41:45.901 733-1183/system_process E/LocSvc_libulp: I/===> bool ulp_gnp_engine_running() line 59
01-01 00:41:45.901 733-1183/system_process E/LocSvc_libulp: I/===> int ulp_brain_turn_onoff_zpp_provider() line 437
01-01 00:41:45.901 733-1183/system_process E/LocSvc_libulp: I/===> int ulp_zpp_stop_engine() line 174
01-01 00:41:45.901 733-1183/system_process E/LocSvc_libulp: I/===> bool ulp_zpp_engine_running() line 62
01-01 00:41:55.898 733-1183/system_process E/LocSvc_libulp: I/===> int ulp_msg_process_system_update(UlpSystemEvent) line 1455
01-01 00:41:55.898 733-1183/system_process E/LocSvc_libulp: I/int ulp_msg_process_system_update(UlpSystemEvent): systemEvent:5
01-01 00:41:55.898 733-1183/system_process E/LocSvc_libulp: I/===> int ulp_brain_process_system_update(UlpSystemEvent) line 2352
01-01 00:41:55.898 733-1183/system_process E/LocSvc_libulp: I/===> int ulp_brain_select_providers() line 333
01-01 00:41:55.898 733-1183/system_process E/LocSvc_libulp: I/===> int ulp_brain_turn_onoff_quipc_provider() line 700
01-01 00:41:55.898 733-1183/system_process E/LocSvc_libulp: I/===> int ulp_quipc_stop_engine() line 235
01-01 00:41:55.898 733-1183/system_process E/LocSvc_libulp: I/===> bool ulp_quipc_engine_running() line 60
01-01 00:41:55.898 733-1183/system_process E/LocSvc_libulp: I/===> int ulp_brain_turn_onoff_gnss_provider() line 595
01-01 00:41:55.898 733-1183/system_process E/LocSvc_libulp: I/===> int ulp_gnss_stop_engine() line 262
01-01 00:41:55.898 733-1183/system_process E/LocSvc_libulp: I/===> bool ulp_quipc_engine_running() line 60
01-01 00:41:55.898 733-1183/system_process E/LocSvc_libulp: I/===> int ulp_brain_turn_onoff_gnp_provider() line 496
01-01 00:41:55.898 733-1183/system_process E/LocSvc_libulp: I/===> bool ulp_gnp_engine_running() line 59
01-01 00:41:55.898 733-1183/system_process E/LocSvc_libulp: I/===> int ulp_gnp_stop_engine() line 195
01-01 00:41:55.898 733-1183/system_process E/LocSvc_libulp: I/===> bool ulp_gnp_engine_running() line 59
01-01 00:41:55.898 733-1183/system_process E/LocSvc_libulp: I/===> bool ulp_gnp_engine_running() line 59
01-01 00:41:55.898 733-1183/system_process E/LocSvc_libulp: I/===> int ulp_brain_turn_onoff_zpp_provider() line 437
01-01 00:41:55.898 733-1183/system_process E/LocSvc_libulp: I/===> int ulp_zpp_start_engine() line 98
01-01 00:41:55.898 733-1183/system_process E/LocSvc_libulp: I/===> bool ulp_zpp_engine_running() line 62
01-01 00:41:55.899 733-1183/system_process E/LocSvc_libulp: I/===> int ulp_msg_process_start_req() line 447
01-01 00:41:55.899 733-1183/system_process E/LocSvc_libulp: I/int ulp_msg_process_start_req(), at ulp state = 1
01-01 00:41:55.899 733-1003/system_process E/LocSvc_api_v02: I/—> locClientSendReq line 2065 QMI_LOC_GET_BEST_AVAILABLE_POSITION_REQ_V02
01-01 00:41:55.900 733-1046/system_process E/LocSvc_ApiV02: I/<— void globalRespCb(locClientHandleType, uint32_t, locClientRespIndUnionType, void*) line 111 QMI_LOC_GET_BEST_AVAILABLE_POSITION_REQ_V02
01-01 00:41:55.901 733-1183/system_process E/LocSvc_libulp: I/===> int ulp_brain_process_zpp_position_report(loc_sess_status, LocPosTechMask, const UlpLocation*) line 1463
01-01 00:41:55.901 733-1183/system_process E/LocSvc_libulp: I/int ulp_brain_process_zpp_position_report(loc_sess_status, LocPosTechMask, const UlpLocation*), report ZPP position to providers,report_position = 0
01-01 00:41:55.901 733-1183/system_process E/LocSvc_libulp: I/===> int ulp_brain_select_providers() line 333
01-01 00:41:55.901 733-1183/system_process E/LocSvc_libulp: I/===> int ulp_brain_turn_onoff_quipc_provider() line 700
01-01 00:41:55.901 733-1183/system_process E/LocSvc_libulp: I/===> int ulp_quipc_stop_engine() line 235
01-01 00:41:55.901 733-1183/system_process E/LocSvc_libulp: I/===> bool ulp_quipc_engine_running() line 60
