01-01 00:33:25.758 733-733/system_process I/PackageManager: Adjusting ABI for : com.android.providers.settings to arm64-v8a
01-01 00:33:25.759 733-733/system_process I/PackageManager: Adjusting ABI for : com.qualcomm.svi to arm64-v8a
01-01 00:33:25.760 733-733/system_process I/PackageManager: Adjusting ABI for : com.android.location.fused to arm64-v8a
01-01 00:33:25.760 733-733/system_process I/PackageManager: Adjusting ABI for : com.qti.diagservices to arm64-v8a
01-01 00:33:25.760 733-733/system_process I/PackageManager: Adjusting ABI for : com.qti.service.colorservice to arm64-v8a
01-01 00:33:25.761 733-733/system_process I/PackageManager: Adjusting ABI for : com.dsi.ant.server to arm64-v8a
01-01 00:33:25.761 733-733/system_process I/PackageManager: Adjusting ABI for : com.qualcomm.location to arm64-v8a
01-01 00:33:25.761 733-733/system_process I/PackageManager: Adjusting ABI for : com.android.server.telecom to arm64-v8a
01-01 00:33:25.762 733-733/system_process I/PackageManager: Adjusting ABI for : com.qualcomm.timeservice to arm64-v8a
01-01 00:33:25.762 733-733/system_process I/PackageManager: Adjusting ABI for : com.qapp.quickboot to arm64-v8a
01-01 00:33:25.763 733-733/system_process I/PackageManager: Adjusting ABI for : com.qualcomm.cabl to arm64-v8a
01-01 00:33:25.763 733-733/system_process I/PackageManager: Adjusting ABI for : com.qualcomm.location.XT to arm64-v8a
01-01 00:33:25.764 733-733/system_process I/PackageManager: Adjusting ABI for : com.qualcomm.simcontacts to arm64-v8a
01-01 00:33:25.764 733-733/system_process I/PackageManager: Adjusting ABI for : com.qualcomm.display to arm64-v8a
01-01 00:33:25.765 733-733/system_process I/PackageManager: Adjusting ABI for : com.android.inputdevices to arm64-v8a
01-01 00:33:25.765 733-733/system_process I/PackageManager: Adjusting ABI for : com.qualcomm.qti.engineertool.operation to arm64-v8a
01-01 00:33:25.765 733-733/system_process I/PackageManager: Adjusting ABI for : com.android.keychain to arm64-v8a
01-01 00:33:25.770 733-733/system_process I/PackageManager: Time to scan packages: 4.132 seconds
01-01 00:33:25.770 733-733/system_process W/PackageManager: Removing dangling permission: android.permission.NFC_ENABLE from package com.android.nfc
01-01 00:33:25.770 733-733/system_process W/PackageManager: Removing dangling permission: com.gsma.services.nfc.permission.TRANSACTION_EVENT from package com.qcom.gsma.services.nfc
01-01 00:33:25.770 733-733/system_process W/PackageManager: Unknown permission com.google.android.googleapps.permission.GOOGLE_AUTH in package com.android.providers.calendar
01-01 00:33:25.770 733-733/system_process W/PackageManager: Unknown permission com.google.android.googleapps.permission.GOOGLE_AUTH.cl in package com.android.providers.calendar
01-01 00:33:25.770 733-733/system_process W/PackageManager: Not granting permission android.permission.GLOBAL_SEARCH to package com.android.quicksearchbox (protectionLevel=18 flags=0x48be45)
01-01 00:33:25.771 733-733/system_process W/PackageManager: Unknown permission android.permission.MMS_PUSH in package org.codeaurora.bluetooth
01-01 00:33:25.771 733-733/system_process W/PackageManager: Unknown permission com.android.firewall.READ_GRAVITY in package com.android.contacts
01-01 00:33:25.771 733-733/system_process W/PackageManager: Unknown permission com.android.firewall.WRITE_GRAVITY in package com.android.contacts
01-01 00:33:25.771 733-733/system_process W/PackageManager: Unknown permission android.permission.INSTALL_DRM in package com.android.mms
01-01 00:33:25.771 733-733/system_process W/PackageManager: Not granting permission android.permission.MANAGE_DOCUMENTS to package com.android.mms (protectionLevel=2 flags=0x4049be65)
01-01 00:33:25.771 733-733/system_process W/PackageManager: Unknown permission com.android.firewall.READ_GRAVITY in package com.android.mms
01-01 00:33:25.771 733-733/system_process W/PackageManager: Unknown permission com.android.firewall.WRITE_GRAVITY in package com.android.mms
01-01 00:33:25.771 733-733/system_process W/PackageManager: Unknown permission oms.drmservice.permission.DRM_SERVICE in package oms.drmservice
01-01 00:33:25.771 733-733/system_process W/PackageManager: Unknown permission com.google.android.googleapps.permission.GOOGLE_AUTH.mail in package com.android.calendar
01-01 00:33:25.771 733-733/system_process W/PackageManager: Not granting permission android.permission.INSTALL_PACKAGES to package org.fdroid.fdroid (protectionLevel=18 flags=0x48be44)
01-01 00:33:25.771 733-733/system_process W/PackageManager: Not granting permission android.permission.DELETE_PACKAGES to package org.fdroid.fdroid (protectionLevel=18 flags=0x48be44)
01-01 00:33:25.772 733-733/system_process W/PackageManager: Unknown permission android.permission.ACCESS_SUPERUSER in package org.fdroid.fdroid
01-01 00:33:25.772 733-733/system_process W/PackageManager: Unknown permission android.permission.WRITE_INTERNAL_STORAGE in package com.playready.junit
01-01 00:33:25.772 733-733/system_process W/PackageManager: Unknown permission com.android.firewall.READ_GRAVITY in package com.android.dialer
01-01 00:33:25.772 733-733/system_process W/PackageManager: Unknown permission com.android.firewall.WRITE_GRAVITY in package com.android.dialer
01-01 00:33:25.772 733-733/system_process W/PackageManager: Not granting permission android.permission.DELETE_PACKAGES to package com.svox.pico (protectionLevel=18 flags=0x8be45)
01-01 00:33:25.772 733-733/system_process W/PackageManager: Unknown permission android.permission.ACCESS_SUPERUSER in package com.cyanogenmod.filemanager
01-01 00:33:25.772 733-733/system_process W/PackageManager: Unknown permission com.cyanogenmod.filemanager.permissions.READ_THEME in package com.cyanogenmod.filemanager
01-01 00:33:25.772 733-733/system_process W/PackageManager: Unknown permission com.google.android.gallery3d.permission.PICASA_STORE in package com.android.dreams.phototable
01-01 00:33:25.773 733-733/system_process W/PackageManager: Unknown permission com.google.android.googleapps.permission.GOOGLE_AUTH in package com.android.settings
01-01 00:33:25.773 733-733/system_process W/PackageManager: Unknown permission com.qualcomm.permission.ACCESS_LOCATION_API in package com.qualcomm.location
01-01 00:33:25.773 733-733/system_process W/PackageManager: Unknown permission com.android.firewall.READ_GRAVITY in package com.android.phone
01-01 00:33:25.774 733-733/system_process W/PackageManager: Unknown permission com.android.deskclock.worldclock.permissions.WRITE_DATABASE in package com.android.deskclock
01-01 00:33:25.774 733-733/system_process W/PackageManager: Unknown permission org.codeaurora.permission.POWER_ON_ALERT in package com.android.deskclock
01-01 00:33:25.774 733-733/system_process W/PackageManager: Unknown permission com.google.android.gallery3d.permission.GALLERY_PROVIDER in package com.android.bluetooth
01-01 00:33:25.870 733-733/system_process I/SystemServer: User Service
01-01 00:33:25.881 733-733/system_process I/SystemServiceManager: Starting com.android.server.lights.LightsService
01-01 00:33:25.888 733-733/system_process I/SystemServiceManager: Starting com.android.server.BatteryService
01-01 00:33:25.902 733-733/system_process I/SystemServiceManager: Starting com.android.server.usage.UsageStatsService
01-01 00:33:25.914 733-733/system_process I/SystemServiceManager: Starting com.android.server.webkit.WebViewUpdateService
01-01 00:33:25.918 733-733/system_process I/SystemServer: Reading configuration…
01-01 00:33:25.918 733-733/system_process I/SystemServer: Scheduling Policy
01-01 00:33:25.920 733-733/system_process I/SystemServiceManager: Starting com.android.server.telecom.TelecomLoaderService
01-01 00:33:25.922 733-733/system_process I/SystemServer: Telephony Registry
01-01 00:33:25.929 733-733/system_process I/SystemServer: Entropy Mixer
01-01 00:33:25.932 733-733/system_process I/EntropyMixer: Writing entropy…
01-01 00:33:25.947 733-733/system_process I/SystemServer: Account Manager
01-01 00:33:25.956 733-733/system_process I/SystemServer: Content Manager
01-01 00:33:25.963 733-733/system_process I/SystemServer: System Content Providers
01-01 00:33:26.000 733-733/system_process I/SystemServer: Vibrator Service
01-01 00:33:26.004 733-733/system_process I/SystemServer: Consumer IR Service
01-01 00:33:26.006 733-733/system_process I/SystemServiceManager: Starting com.android.server.AlarmManagerService
01-01 00:33:26.014 733-733/system_process I/SystemServer: Init Watchdog
01-01 00:33:26.015 733-733/system_process I/SystemServer: Input Manager
01-01 00:33:26.016 733-733/system_process I/InputManager: Initializing input manager, mUseDevInputEventForAudioJack=true
01-01 00:33:26.018 733-733/system_process I/SystemServer: Window Manager
01-01 00:33:26.041 733-759/system_process I/WindowManager: No existing display settings /data/system/display_settings.xml; starting empty
01-01 00:33:26.083 733-733/system_process I/InputManager: Starting input manager
01-01 00:33:26.086 733-733/system_process I/SystemServer: Bluetooth Manager Service
01-01 00:33:26.098 733-733/system_process I/SystemServer: Input Method Service
01-01 00:33:26.112 733-733/system_process W/InputMethodManagerService: Couldn’t create dir.: /data/system/inputmethod
01-01 00:33:26.143 733-733/system_process I/SystemServer: Accessibility Manager
01-01 00:33:26.152 733-733/system_process I/XXXXXX: choosing minFree values for 64 Bit
01-01 00:33:26.152 733-733/system_process I/XXXXXX: choosing minFree values for 64 Bit
01-01 00:33:26.152 733-733/system_process I/XXXXXX: choosing minFree values for 64 Bit
01-01 00:33:26.152 733-733/system_process I/XXXXXX: choosing minFree values for 64 Bit
01-01 00:33:26.152 733-733/system_process I/XXXXXX: choosing minFree values for 64 Bit
01-01 00:33:26.152 733-733/system_process I/XXXXXX: choosing minFree values for 64 Bit
01-01 00:33:26.154 733-733/system_process I/ActivityManager: Config changes=1df8 {1.0 ?mcc?mnc en_US ?layoutDir sw720dp w1280dp h720dp 240dpi xlrg long land ?uimode ?night -touch -keyb/v/h -nav/h s.2}
01-01 00:33:26.176 733-733/system_process I/ActivityManager: Config changes=500 {1.0 ?mcc?mnc en_US ?layoutDir sw720dp w1280dp h646dp 240dpi lrg long land ?uimode ?night -touch -keyb/v/h -nav/h s.3}
01-01 00:33:26.178 733-733/system_process I/SystemServer: Mount Service
01-01 00:33:26.184 733-733/system_process D/MountService: got storage path: /storage/sdcard0 description: Internal storage primary: true removable: false emulated: true mtpReserve: 100 allowMassStorage: false maxFileSize: 0
01-01 00:33:26.186 733-733/system_process D/MountService: addVolumeLocked() StorageVolume:
mStorageId=65537 mPath=/storage/emulated/0 mDescriptionId=17040851
mPrimary=true mRemovable=false mEmulated=true mMtpReserveSpace=100
mAllowMassStorage=false mMaxFileSize=0 mOwner=UserHandle{0} mUuid=null
mUserLabel=null mState=null
01-01 00:33:26.186 733-733/system_process D/MountService: got storage path: /storage/sdcard1 description: SD card primary: false removable: true emulated: false mtpReserve: 0 allowMassStorage: true maxFileSize: 0
01-01 00:33:26.186 733-733/system_process D/MountService: addVolumeLocked() StorageVolume:
mStorageId=0 mPath=/storage/sdcard1 mDescriptionId=17040852 mPrimary=false
mRemovable=true mEmulated=false mMtpReserveSpace=0 mAllowMassStorage=true
mMaxFileSize=0 mOwner=null mUuid=null mUserLabel=null mState=null
01-01 00:33:26.186 733-733/system_process D/MountService: got storage path: /storage/uicc0 description: UICC storage primary: false removable: true emulated: false mtpReserve: 0 allowMassStorage: true maxFileSize: 0
01-01 00:33:26.186 733-753/system_process I/UsageStatsService: User[0] Rollover scheduled @ 1970-01-02 00:00:00(86400000)
01-01 00:33:26.186 733-733/system_process D/MountService: addVolumeLocked() StorageVolume:
mStorageId=0 mPath=/storage/uicc0 mDescriptionId=17040854 mPrimary=false
mRemovable=true mEmulated=false mMtpReserveSpace=0 mAllowMassStorage=true
mMaxFileSize=0 mOwner=null mUuid=null mUserLabel=null mState=null
01-01 00:33:26.187 733-733/system_process D/MountService: got storage path: /storage/uicc1 description: UICC storage primary: false removable: true emulated: false mtpReserve: 0 allowMassStorage: false maxFileSize: 0
01-01 00:33:26.187 733-733/system_process D/MountService: addVolumeLocked() StorageVolume:
mStorageId=0 mPath=/storage/uicc1 mDescriptionId=17040854 mPrimary=false
mRemovable=true mEmulated=false mMtpReserveSpace=0 mAllowMassStorage=false
mMaxFileSize=0 mOwner=null mUuid=null mUserLabel=null mState=null
01-01 00:33:26.187 733-733/system_process D/MountService: got storage path: /storage/usbotg description: USB storage primary: false removable: true emulated: false mtpReserve: 0 allowMassStorage: false maxFileSize: 0
01-01 00:33:26.187 733-733/system_process D/MountService: addVolumeLocked() StorageVolume:
mStorageId=0 mPath=/storage/usbotg mDescriptionId=17040853 mPrimary=false
mRemovable=true mEmulated=false mMtpReserveSpace=0 mAllowMassStorage=false
mMaxFileSize=0 mOwner=null mUuid=null mUserLabel=null mState=null
01-01 00:33:26.193 733-733/system_process I/SystemServer: LockSettingsService
01-01 00:33:26.197 733-785/system_process D/MountService: volume state changed for /storage/sdcard1 (unmounted → removed)
01-01 00:33:26.198 733-785/system_process D/MountService: volume state changed for /storage/usbotg (unmounted → removed)
01-01 00:33:26.202 733-733/system_process I/SystemServiceManager: Starting com.android.server.PersistentDataBlockService
01-01 00:33:26.205 733-785/system_process W/PackageManager: Unknown permission com.google.android.googleapps.permission.GOOGLE_AUTH in package com.android.providers.calendar
01-01 00:33:26.205 733-785/system_process W/PackageManager: Unknown permission com.google.android.googleapps.permission.GOOGLE_AUTH.cl in package com.android.providers.calendar
01-01 00:33:26.205 733-785/system_process W/PackageManager: Not granting permission android.permission.GLOBAL_SEARCH to package com.android.quicksearchbox (protectionLevel=18 flags=0x48be45)
01-01 00:33:26.206 733-785/system_process W/PackageManager: Unknown permission android.permission.MMS_PUSH in package org.codeaurora.bluetooth
01-01 00:33:26.206 733-785/system_process W/PackageManager: Unknown permission com.android.firewall.READ_GRAVITY in package com.android.contacts
01-01 00:33:26.206 733-785/system_process W/PackageManager: Unknown permission com.android.firewall.WRITE_GRAVITY in package com.android.contacts
01-01 00:33:26.206 733-785/system_process W/PackageManager: Unknown permission android.permission.INSTALL_DRM in package com.android.mms
01-01 00:33:26.206 733-785/system_process W/PackageManager: Not granting permission android.permission.MANAGE_DOCUMENTS to package com.android.mms (protectionLevel=2 flags=0x4049be65)
01-01 00:33:26.206 733-785/system_process W/PackageManager: Unknown permission com.android.firewall.READ_GRAVITY in package com.android.mms
01-01 00:33:26.206 733-785/system_process W/PackageManager: Unknown permission com.android.firewall.WRITE_GRAVITY in package com.android.mms
01-01 00:33:26.206 733-785/system_process W/PackageManager: Unknown permission oms.drmservice.permission.DRM_SERVICE in package oms.drmservice
01-01 00:33:26.206 733-785/system_process W/PackageManager: Unknown permission com.google.android.googleapps.permission.GOOGLE_AUTH.mail in package com.android.calendar
01-01 00:33:26.206 733-785/system_process W/PackageManager: Not granting permission android.permission.INSTALL_PACKAGES to package org.fdroid.fdroid (protectionLevel=18 flags=0x48be44)
01-01 00:33:26.206 733-785/system_process W/PackageManager: Not granting permission android.permission.DELETE_PACKAGES to package org.fdroid.fdroid (protectionLevel=18 flags=0x48be44)
01-01 00:33:26.206 733-785/system_process W/PackageManager: Unknown permission android.permission.ACCESS_SUPERUSER in package org.fdroid.fdroid
01-01 00:33:26.206 733-785/system_process W/PackageManager: Unknown permission android.permission.WRITE_INTERNAL_STORAGE in package com.playready.junit
01-01 00:33:26.207 733-785/system_process W/PackageManager: Unknown permission com.android.firewall.READ_GRAVITY in package com.android.dialer
01-01 00:33:26.207 733-785/system_process W/PackageManager: Unknown permission com.android.firewall.WRITE_GRAVITY in package com.android.dialer
01-01 00:33:26.207 733-785/system_process W/PackageManager: Not granting permission android.permission.DELETE_PACKAGES to package com.svox.pico (protectionLevel=18 flags=0x8be45)
01-01 00:33:26.207 733-785/system_process W/PackageManager: Unknown permission android.permission.ACCESS_SUPERUSER in package com.cyanogenmod.filemanager
01-01 00:33:26.207 733-785/system_process W/PackageManager: Unknown permission com.cyanogenmod.filemanager.permissions.READ_THEME in package com.cyanogenmod.filemanager
01-01 00:33:26.207 733-785/system_process W/PackageManager: Unknown permission com.google.android.gallery3d.permission.PICASA_STORE in package com.android.dreams.phototable
01-01 00:33:26.207 733-785/system_process W/PackageManager: Unknown permission com.google.android.googleapps.permission.GOOGLE_AUTH in package com.android.settings
01-01 00:33:26.208 733-785/system_process W/PackageManager: Unknown permission com.qualcomm.permission.ACCESS_LOCATION_API in package com.qualcomm.location
01-01 00:33:26.208 733-785/system_process W/PackageManager: Unknown permission com.android.firewall.READ_GRAVITY in package com.android.phone
01-01 00:33:26.208 733-785/system_process W/PackageManager: Unknown permission com.android.deskclock.worldclock.permissions.WRITE_DATABASE in package com.android.deskclock
01-01 00:33:26.208 733-785/system_process W/PackageManager: Unknown permission org.codeaurora.permission.POWER_ON_ALERT in package com.android.deskclock
01-01 00:33:26.209 733-785/system_process W/PackageManager: Unknown permission com.google.android.gallery3d.permission.GALLERY_PROVIDER in package com.android.bluetooth
01-01 00:33:26.251 733-733/system_process E/PersistentDataBlockService: not able to find package com.google.android.gms
android.content.pm.PackageManager$NameNotFoundException: com.google.android.gms
at android.app.ApplicationPackageManager.getPackageUid(ApplicationPackageManager.java:208)
at com.android.server.PersistentDataBlockService.getAllowedUid(PersistentDataBlockService.java:95)
at com.android.server.PersistentDataBlockService.<init>(PersistentDataBlockService.java:86)
at java.lang.reflect.Constructor.newInstance(Native Method)
at java.lang.reflect.Constructor.newInstance(Constructor.java:288)
at com.android.server.SystemServiceManager.startService(SystemServiceManager.java:89)
at com.android.server.SystemServer.startOtherServices(SystemServer.java:609)
at com.android.server.SystemServer.run(SystemServer.java:264)
at com.android.server.SystemServer.main(SystemServer.java:178)
at java.lang.reflect.Method.invoke(Native Method)
at java.lang.reflect.Method.invoke(Method.java:372)
at com.android.internal.os.ZygoteInit$MethodAndArgsCaller.run(ZygoteInit.java:902)
at com.android.internal.os.ZygoteInit.main(ZygoteInit.java:697)
01-01 00:33:26.273 733-733/system_process I/SystemServiceManager: Starting com.android.server.devicepolicy.DevicePolicyManagerService$Lifecycle
01-01 00:33:26.278 733-733/system_process I/SystemServer: Status Bar
01-01 00:33:26.281 733-733/system_process I/SystemServer: Clipboard Service
01-01 00:33:26.285 733-733/system_process W/ClipboardService: No security bridge jar found, using default
01-01 00:33:26.286 733-733/system_process I/SystemServer: NetworkManagement Service
01-01 00:33:26.294 733-733/system_process I/SystemServer: Text Service Manager Service
01-01 00:33:26.301 733-733/system_process I/SystemServer: Network Score Service
01-01 00:33:26.303 733-733/system_process I/SystemServer: NetworkStats Service
01-01 00:33:26.315 733-733/system_process I/SystemServer: NetworkPolicy Service
01-01 00:33:26.331 733-733/system_process I/SystemServiceManager: Starting com.android.server.wifi.p2p.WifiP2pService
01-01 00:33:26.374 733-733/system_process I/SystemServiceManager: Starting com.android.server.wifi.WifiService
01-01 00:33:26.555 733-733/system_process I/SystemServiceManager: Starting com.android.server.wifi.WifiScanningService
01-01 00:33:26.557 733-733/system_process I/SystemServiceManager: Starting com.android.server.wifi.RttService
01-01 00:33:26.561 733-733/system_process I/SystemServiceManager: Starting com.android.server.ethernet.EthernetService
01-01 00:33:26.568 733-733/system_process I/SystemServer: Connectivity Service
01-01 00:33:26.575 733-733/system_process D/ConnectivityService: ConnectivityService starting up
01-01 00:33:26.589 733-733/system_process D/ConnectivityService: wifiOnly=true
01-01 00:33:26.590 733-733/system_process D/ConnectivityService: networkAttributes - ignoring mobile as this dev is wifiOnly 0
01-01 00:33:26.590 733-733/system_process D/ConnectivityService: networkAttributes - ignoring mobile as this dev is wifiOnly 2
01-01 00:33:26.590 733-733/system_process D/ConnectivityService: networkAttributes - ignoring mobile as this dev is wifiOnly 3
01-01 00:33:26.590 733-733/system_process D/ConnectivityService: networkAttributes - ignoring mobile as this dev is wifiOnly 4
01-01 00:33:26.590 733-733/system_process D/ConnectivityService: networkAttributes - ignoring mobile as this dev is wifiOnly 5
01-01 00:33:26.590 733-733/system_process D/ConnectivityService: networkAttributes - ignoring mobile as this dev is wifiOnly 10
01-01 00:33:26.590 733-733/system_process D/ConnectivityService: networkAttributes - ignoring mobile as this dev is wifiOnly 11
01-01 00:33:26.590 733-733/system_process D/ConnectivityService: networkAttributes - ignoring mobile as this dev is wifiOnly 12
01-01 00:33:26.590 733-733/system_process E/ConnectivityService: Ignoring protectedNetwork 10
01-01 00:33:26.590 733-733/system_process E/ConnectivityService: Ignoring protectedNetwork 11
01-01 00:33:26.590 733-733/system_process E/ConnectivityService: Ignoring protectedNetwork 12
01-01 00:33:26.590 733-733/system_process E/ConnectivityService: Ignoring protectedNetwork 14
01-01 00:33:26.590 733-733/system_process E/ConnectivityService: Ignoring protectedNetwork 15
01-01 00:33:26.606 733-733/system_process I/SystemServer: Network Service Discovery Service
01-01 00:33:26.611 733-733/system_process D/NsdService: Network service discovery enabled true
01-01 00:33:26.614 733-733/system_process I/SystemServer: DPM Service
01-01 00:33:26.614 733-733/system_process I/SystemServer: DPM configuration set to 3
01-01 00:33:26.623 733-791/system_process D/WifiService: New client listening to asynchronous messages
01-01 00:33:26.626 733-733/system_process I/SystemServer: Created DPM Service
01-01 00:33:26.627 733-733/system_process I/SystemServer: UpdateLock Service
01-01 00:33:26.672 733-733/system_process I/SystemServiceManager: Starting com.android.server.notification.NotificationManagerService
01-01 00:33:26.695 733-733/system_process D/ZenLog: set_zen_mode: off,setting
01-01 00:33:26.700 733-733/system_process I/SystemServiceManager: Starting com.android.server.storage.DeviceStorageMonitorService
01-01 00:33:26.704 733-733/system_process I/SystemServer: Location Manager
01-01 00:33:26.709 733-733/system_process I/SystemServer: Country Detector
01-01 00:33:26.710 733-733/system_process I/SystemServer: Search Service
01-01 00:33:26.713 733-733/system_process I/SystemServer: DropBox Service
01-01 00:33:26.716 733-733/system_process I/SystemServer: Wallpaper Service
01-01 00:33:26.724 733-733/system_process I/SystemServer: Profile Manager
01-01 00:33:26.755 733-733/system_process I/SystemServer: Audio Service
01-01 00:33:33.098 296-296/? E/AudioPolicyManager: unknown stream type 13
01-01 00:33:33.098 296-296/? E/AudioPolicyManager: unknown stream type 13
01-01 00:33:33.098 296-296/? E/AudioPolicyManager: unknown stream type 13
01-01 00:33:33.098 296-296/? E/AudioPolicyManager: unknown stream type 13
01-01 00:33:33.098 296-296/? E/AudioPolicyManager: unknown stream type 13
01-01 00:33:33.098 296-296/? E/AudioPolicyManager: unknown stream type 13
01-01 00:33:33.098 296-296/? E/AudioPolicyManager: unknown stream type 13
01-01 00:33:33.098 296-296/? E/AudioPolicyManager: unknown stream type 13
01-01 00:33:33.098 296-296/? E/AudioPolicyManager: unknown stream type 13
01-01 00:33:33.098 296-296/? E/AudioPolicyManager: unknown stream type 13
01-01 00:33:33.098 296-296/? E/AudioPolicyManager: unknown stream type 13
01-01 00:33:33.098 296-296/? E/AudioPolicyManager: unknown stream type 13
01-01 00:33:33.098 296-296/? E/AudioPolicyManager: unknown stream type 13
01-01 00:33:33.098 296-296/? E/AudioPolicyManager: unknown stream type 13
01-01 00:33:33.098 296-296/? E/AudioPolicyManager: unknown stream type 13
01-01 00:33:33.098 296-296/? E/AudioPolicyManager: unknown stream type 13
01-01 00:33:33.098 296-296/? E/AudioPolicyManager: unknown stream type 13
01-01 00:33:33.098 296-296/? E/AudioPolicyManager: unknown stream type 13
01-01 00:33:33.098 296-296/? E/AudioPolicyManager: unknown stream type 13
01-01 00:33:33.098 296-296/? E/AudioPolicyManager: unknown stream type 13
01-01 00:33:33.098 296-296/? E/AudioPolicyManager: unknown stream type 13
01-01 00:33:33.098 296-296/? E/AudioPolicyManager: unknown stream type 13
01-01 00:33:33.099 296-816/? D/audio_hw_primary: adev_set_mic_mute state 0
01-01 00:33:33.099 296-296/? E/AudioPolicyManager: unknown stream type 13
01-01 00:33:33.099 296-296/? E/AudioPolicyManager: unknown stream type 13
01-01 00:33:33.099 296-296/? E/AudioPolicyManager: unknown stream type 13
01-01 00:33:33.099 296-296/? E/AudioPolicyManager: unknown stream type 13
01-01 00:33:33.100 296-296/? E/AudioPolicyManager: unknown stream type 13
01-01 00:33:33.100 296-296/? E/AudioPolicyManager: unknown stream type 13
01-01 00:33:33.100 296-296/? E/AudioPolicyManager: unknown stream type 13
01-01 00:33:33.100 296-296/? E/AudioPolicyManager: unknown stream type 13
01-01 00:33:33.100 296-296/? E/AudioPolicyManager: unknown stream type 13
01-01 00:33:33.100 296-296/? E/AudioPolicyManager: unknown stream type 13
01-01 00:33:33.100 296-296/? E/AudioPolicyManager: unknown stream type 13
01-01 00:33:33.100 296-296/? E/AudioPolicyManager: unknown stream type 13
01-01 00:33:33.100 296-296/? E/AudioPolicyManager: unknown stream type 13
01-01 00:33:33.100 296-296/? E/AudioPolicyManager: unknown stream type 13
01-01 00:33:33.100 296-296/? E/AudioPolicyManager: unknown stream type 13
01-01 00:33:33.100 296-296/? E/AudioPolicyManager: unknown stream type 13
01-01 00:33:33.100 296-296/? E/AudioPolicyManager: unknown stream type 13
01-01 00:33:33.100 296-296/? E/AudioPolicyManager: unknown stream type 13
01-01 00:33:33.100 296-296/? E/AudioPolicyManager: unknown stream type 13
01-01 00:33:33.100 296-296/? E/AudioPolicyManager: unknown stream type 13
01-01 00:33:33.100 296-296/? E/AudioPolicyManager: unknown stream type 13
01-01 00:33:33.100 296-296/? E/AudioPolicyManager: unknown stream type 13
01-01 00:33:33.100 296-296/? E/AudioPolicyManager: unknown stream type 13
01-01 00:33:33.100 296-296/? E/AudioPolicyManager: unknown stream type 13
01-01 00:33:33.100 296-296/? E/AudioPolicyManager: unknown stream type 13
01-01 00:33:33.100 296-296/? E/AudioPolicyManager: unknown stream type 13
01-01 00:33:33.100 296-296/? E/AudioPolicyManager: unknown stream type 13
01-01 00:33:33.100 296-296/? E/AudioPolicyManager: unknown stream type 13
01-01 00:33:33.100 296-296/? E/AudioPolicyManager: unknown stream type 13
01-01 00:33:33.100 296-296/? E/AudioPolicyManager: unknown stream type 13
01-01 00:33:33.100 296-296/? E/AudioPolicyManager: unknown stream type 13
01-01 00:33:33.100 296-296/? E/AudioPolicyManager: unknown stream type 13
01-01 00:33:33.100 296-296/? E/AudioPolicyManager: unknown stream type 13
01-01 00:33:33.100 296-296/? E/AudioPolicyManager: unknown stream type 13
01-01 00:33:33.100 296-296/? E/AudioPolicyManager: unknown stream type 13
01-01 00:33:33.100 296-296/? E/AudioPolicyManager: unknown stream type 13
01-01 00:33:33.120 296-809/? D/audio_hw_primary: out_set_parameters: enter: usecase(0: deep-buffer-playback) kvpairs: fm_volume=0.4253543019
01-01 00:33:33.120 296-809/? D/audio_hw_extn: audio_extn_set_anc_parameters: anc_enabled:0
01-01 00:33:33.120 296-809/? D/audio_hw_fm: audio_extn_fm_set_parameters: set_fm_volume usecase
01-01 00:33:33.120 296-809/? D/audio_hw_fm: fm_set_volume: (0.425354)
01-01 00:33:33.128 296-816/? E/AudioPolicyManager: unknown stream type 13
01-01 00:33:33.128 296-816/? E/AudioPolicyManager: unknown stream type 13
01-01 00:33:33.130 296-817/? E/AudioPolicyManager: unknown stream type 13
01-01 00:33:33.130 296-817/? E/AudioPolicyManager: unknown stream type 13
01-01 00:33:33.130 296-816/? E/AudioPolicyManager: unknown stream type 13
01-01 00:33:33.130 296-816/? E/AudioPolicyManager: unknown stream type 13
01-01 00:33:33.134 733-733/system_process I/SystemServiceManager: Starting com.android.server.DockObserver
01-01 00:33:33.136 733-733/system_process W/DockObserver: This kernel does not have dock station support
01-01 00:33:33.138 733-733/system_process I/SystemServer: Wired Accessory Manager
01-01 00:33:33.141 733-733/system_process W/WiredAccessoryManager: This kernel does not have usb audio support
01-01 00:33:33.141 733-733/system_process I/SystemServiceManager: Starting com.android.server.usb.UsbService$Lifecycle
01-01 00:33:33.155 733-733/system_process I/SystemServer: Serial Service
01-01 00:33:33.157 733-733/system_process I/SystemServiceManager: Starting com.android.server.twilight.TwilightService
01-01 00:33:33.165 733-733/system_process I/SystemServiceManager: Starting com.android.server.UiModeManagerService
01-01 00:33:33.169 733-733/system_process I/SystemServiceManager: Starting com.android.server.job.JobSchedulerService
01-01 00:33:33.178 733-733/system_process I/SystemServiceManager: Starting com.android.server.backup.BackupManagerService$Lifecycle
01-01 00:33:33.184 733-733/system_process I/SystemServiceManager: Starting com.android.server.appwidget.AppWidgetService
01-01 00:33:33.189 733-733/system_process I/SystemServiceManager: Starting com.android.server.voiceinteraction.VoiceInteractionManagerService
01-01 00:33:33.194 733-733/system_process I/SystemServer: DiskStats Service
01-01 00:33:33.195 733-733/system_process I/SystemServer: SamplingProfiler Service
01-01 00:33:33.205 733-733/system_process I/SystemServer: NetworkTimeUpdateService
01-01 00:33:33.206 733-733/system_process I/SystemServer: CommonTimeManagementService
01-01 00:33:33.210 733-733/system_process I/SystemServer: CertBlacklister
01-01 00:33:33.212 733-733/system_process I/SystemServiceManager: Starting com.android.server.dreams.DreamManagerService
01-01 00:33:33.216 733-733/system_process I/SystemServer: Assets Atlas Service
01-01 00:33:33.220 733-733/system_process I/SystemServiceManager: Starting com.android.server.print.PrintManagerService
01-01 00:33:33.224 733-819/system_process D/AssetAtlas: Loaded configuration: SliceMinArea (768x768) flags=0x2 count=2
01-01 00:33:33.225 733-733/system_process I/SystemServiceManager: Starting com.android.server.restrictions.RestrictionsManagerService
01-01 00:33:33.244 733-733/system_process I/SystemServiceManager: Starting com.android.server.media.MediaSessionService
01-01 00:33:33.245 733-819/system_process I/Adreno-EGL: <qeglDrvAPI_eglInitialize:379>: EGL 1.4 QUALCOMM build: AU_LINUX_ANDROID_LA.BR.1.2.4_RB1.05.01.01.121.018_msm8916_64_refs/tags/AU_LINUX_ANDROID_LA.BR.1.2.4_RB1.05.01.01.121.018__release_AU (I32dcf20b99)
OpenGL ES Shader Compiler Version: E031.25.03.04
Build Date: 08/05/15 Wed
Local Branch:
Remote Branch: refs/tags/AU_LINUX_ANDROID_LA.BR.1.2.4_RB1.05.01.01.121.018
Local Patches: NONE
Reconstruct Branch: NOTHING
01-01 00:33:33.252 733-733/system_process I/SystemServer: Media Router Service
01-01 00:33:33.255 733-733/system_process I/SystemServiceManager: Starting com.android.server.trust.TrustManagerService
01-01 00:33:33.259 733-733/system_process I/SystemServiceManager: Starting com.android.server.fingerprint.FingerprintService
01-01 00:33:33.260 733-733/system_process V/Fingerprint-JNI: nativeInit()
01-01 00:33:33.262 733-733/system_process V/Fingerprint-JNI: nativeOpenHal()
01-01 00:33:33.263 733-733/system_process E/Fingerprint-JNI: Can’t open fingerprint HW Module, error: -2
01-01 00:33:33.263 733-733/system_process I/SystemServer: BackgroundDexOptService
01-01 00:33:33.270 733-733/system_process I/SystemServiceManager: Starting com.android.server.pm.LauncherAppsService
01-01 00:33:33.273 733-733/system_process D/SystemServer: Wipower not supported
01-01 00:33:33.274 733-733/system_process I/SystemServiceManager: Starting com.android.server.media.projection.MediaProjectionManagerService
01-01 00:33:33.276 733-819/system_process D/AssetAtlas: Rendered atlas in 31.39ms (0.19+31.20ms)
01-01 00:33:33.287 733-733/system_process I/WindowManager: SAFE MODE not enabled
01-01 00:33:33.291 733-733/system_process I/SystemServiceManager: Starting com.android.server.MmsServiceBroker
01-01 00:33:33.304 733-733/system_process E/SQLiteLog: (283) recovered 16 frames from WAL file /data/system/locksettings.db-wal
01-01 00:33:33.311 733-733/system_process E/LockSettingsStorage: Cannot read file java.io.FileNotFoundException: /data/system/password.key: open failed: ENOENT (No such file or directory)
01-01 00:33:33.311 733-733/system_process E/LockSettingsStorage: Cannot read file java.io.FileNotFoundException: /data/system/gesture.key: open failed: ENOENT (No such file or directory)
01-01 00:33:33.311 733-733/system_process I/SystemServiceManager: Starting phase 480
01-01 00:33:33.319 733-733/system_process I/SystemServiceManager: Starting phase 500
01-01 00:33:33.323 733-733/system_process I/WifiService: WifiService starting up with Wi-Fi disabled
01-01 00:33:33.333 733-733/system_process I/WifiScanningService: Registering wifiscanner
01-01 00:33:33.339 733-733/system_process D/WifiScanningService: New client, channel: null messenger: null
01-01 00:33:33.339 733-733/system_process I/RttService: Registering rttmanager
01-01 00:33:33.340 733-822/system_process D/WifiChangeStateMachine: Entering IdleState
01-01 00:33:33.341 733-822/system_process D/WifiScanningService: DefaultState
01-01 00:33:33.345 733-733/system_process I/EthernetServiceImpl: Starting Ethernet service
01-01 00:33:33.349 733-733/system_process D/Ethernet: Registering NetworkFactory
01-01 00:33:33.350 733-792/system_process D/ConnectivityService: Got NetworkFactory Messenger for Ethernet
01-01 00:33:33.351 733-824/system_process D/Ethernet: got request NetworkRequest [ id=1, legacyType=-1, [ Capabilities: INTERNET&NOT_RESTRICTED&TRUSTED&NOT_VPN] ] with score 0
01-01 00:33:33.353 733-733/system_process I/ActivityManager: Config changes=200 {1.0 ?mcc?mnc en_US ?layoutDir sw720dp w1280dp h646dp 240dpi lrg long land -touch -keyb/v/h -nav/h s.4}
01-01 00:33:33.364 733-733/system_process V/BackupManagerService: No ancestral data
01-01 00:33:33.368 733-733/system_process D/BackupManagerService: Now staging backup of com.android.providers.telephony
01-01 00:33:33.381 733-733/system_process D/BackupManagerService: Now staging backup of android
01-01 00:33:33.384 733-733/system_process D/BackupManagerService: Now staging backup of com.android.mms
01-01 00:33:33.387 733-733/system_process D/BackupManagerService: Now staging backup of com.android.calendar
01-01 00:33:33.391 733-733/system_process D/BackupManagerService: Now staging backup of com.android.providers.settings
01-01 00:33:33.394 733-733/system_process D/BackupManagerService: Now staging backup of com.android.sharedstoragebackup
01-01 00:33:33.397 733-733/system_process D/BackupManagerService: Now staging backup of com.android.dialer
01-01 00:33:33.401 733-733/system_process D/BackupManagerService: Now staging backup of com.qti.backupagent
01-01 00:33:33.404 733-733/system_process D/BackupManagerService: Now staging backup of com.android.providers.userdictionary
01-01 00:33:33.410 733-733/system_process V/BackupManagerService: Starting with transport android/com.android.internal.backup.LocalTransport
01-01 00:33:33.410 733-733/system_process V/BackupManagerService: Found transports: 1
01-01 00:33:33.410 733-733/system_process I/BackupManagerService: Binding to transport host ComponentInfo{android/com.android.internal.backup.LocalTransportService}
01-01 00:33:33.416 733-733/system_process I/BackupManagerService: Found stale backup journal, scheduling
01-01 00:33:33.427 733-733/system_process I/ViewRootImpl: CPU Rendering VSync enable = true
01-01 00:33:33.454 733-733/system_process I/AppOps: Pruning old package media/1013: new uid=-1
01-01 00:33:33.455 733-733/system_process I/AppOps: Pruning old package com.qcom.gsma.services.nfc/10039: new uid=-1
01-01 00:33:33.455 733-733/system_process I/ActivityManager: System now ready
01-01 00:33:33.460 733-733/system_process I/SystemServer: Making services ready
01-01 00:33:33.460 733-733/system_process I/SystemServiceManager: Starting phase 550
01-01 00:33:33.463 250-250/? D/SurfaceFlinger: Set power mode=2, type=0 flinger=0x559a0b34b0
01-01 00:33:33.463 250-250/? D/SurfaceFlinger: Screen type=0 is already mode=2
01-01 00:33:33.466 733-759/system_process I/DisplayManagerService: Display device changed: DisplayDeviceInfo{“Built-in Screen”: uniqueId=“local:0”, 1920 x 1080, 60.0 fps, supportedRefreshRates [60.0], density 240, 304.799 x 304.799 dpi, appVsyncOff 0, presDeadline 17666667, touch INTERNAL, rotation 0, type BUILT_IN, state ON, FLAG_DEFAULT_DISPLAY, FLAG_ROTATES_WITH_CONTENT, FLAG_SECURE, FLAG_SUPPORTS_PROTECTED_BUFFERS}
01-01 00:33:33.469 733-733/system_process I/SystemServer: WebViewFactory preparation
01-01 00:33:33.472 733-733/system_process I/Zygote: Process: zygote socket opened, supported ABIS: arm64-v8a
01-01 00:33:33.483 733-733/system_process I/Zygote: Process: zygote socket opened, supported ABIS: armeabi-v7a,armeabi
01-01 00:33:33.571 733-733/system_process I/ActivityManager: Start proc 832:WebViewLoader-armeabi-v7a/1037 [android.webkit.WebViewFactory$RelroFileCreator] for
01-01 00:33:33.584 832-832/? V/WebViewFactory: RelroFileCreator (64bit = false), 32-bit lib: /system/app/webview/lib/arm/libwebviewchromium.so, 64-bit lib: /system/app/webview/lib/arm64/libwebviewchromium.so
01-01 00:33:33.616 733-733/system_process I/ActivityManager: Start proc 850:WebViewLoader-arm64-v8a/1037 [android.webkit.WebViewFactory$RelroFileCreator] for
01-01 00:33:33.628 850-850/? V/WebViewFactory: RelroFileCreator (64bit = true), 32-bit lib: /system/app/webview/lib/arm/libwebviewchromium.so, 64-bit lib: /system/app/webview/lib/arm64/libwebviewchromium.so
01-01 00:33:33.662 733-754/system_process I/ActivityManager: Start proc 868:android.process.media/u0a6 for broadcast com.android.providers.media/.MtpReceiver
01-01 00:33:33.690 832-832/? I/art: System.exit called, status: 0
01-01 00:33:33.690 832-832/? I/AndroidRuntime: VM exiting with result code 0, cleanup skipped.
01-01 00:33:33.698 250-250/? I/SurfaceFlinger: FPS: 3
01-01 00:33:33.719 733-733/system_process I/ActivityManager: Start proc 887:com.android.systemui/u0a16 for service com.android.systemui/.SystemUIService
01-01 00:33:33.720 733-733/system_process D/NetworkManagementService: enabling bandwidth control
01-01 00:33:33.725 733-783/system_process E/MountService: Boot-time mount failed (-1)
01-01 00:33:33.726 733-783/system_process E/MountService: Boot-time mount failed (-1)
01-01 00:33:33.726 733-783/system_process W/MountService: Duplicate state transition (mounted → mounted) for /storage/emulated/0
01-01 00:33:33.754 850-850/? I/art: System.exit called, status: 0
01-01 00:33:33.754 850-850/? I/AndroidRuntime: VM exiting with result code 0, cleanup skipped.
01-01 00:33:33.809 868-868/android.process.media E/SQLiteLog: (283) recovered 60 frames from WAL file /data/data/com.android.providers.media/databases/external.db-wal
01-01 00:33:33.814 887-887/? V/SystemUIService: Starting SystemUI services.
01-01 00:33:33.897 733-749/system_process I/ActivityManager: Start proc 924:com.android.settings/1000 for broadcast com.android.settings/.DiagPortBroadcastReceiver
01-01 00:33:33.916 733-921/system_process V/FingerprintService: startListening(android.service.fingerprint.IFingerprintServiceReceiver$Stub$Proxy@3862c668)
01-01 00:33:33.968 296-815/? I/ServiceManager: Waiting for service drm.drmManager…
01-01 00:33:34.002 733-921/system_process W/ResourcesManager: Asset path ‘/system/framework/com.qrd.wappush.jar’ does not exist or contains no resources.
01-01 00:33:34.003 733-921/system_process W/ResourcesManager: Asset path ‘/system/framework/rcs_service_api.jar’ does not exist or contains no resources.
01-01 00:33:34.021 407-407/? E/QC-QMI: qmi_client [407]: unable to connect to server, errno=[2:No such file or directory], attempt=18
01-01 00:33:34.058 306-306/? E/USB_UICC: Timeout! No signal received. Retry num = 17
01-01 00:33:34.082 733-733/system_process W/SystemServer: ***********************************************
01-01 00:33:34.083 733-733/system_process A/SystemServer: BOOT FAILURE making Network Managment Service ready
java.lang.NullPointerException: Attempt to invoke interface method ‘int android.security.IKeystoreService.exist(java.lang.String, int)’ on a null object reference
at android.security.KeyStore.contains(KeyStore.java:137)
at android.security.KeyStore.contains(KeyStore.java:145)
at com.android.server.net.LockdownVpnTracker.isEnabled(LockdownVpnTracker.java:88)
at com.android.server.NetworkManagementService.prepareNativeDaemon(NetworkManagementService.java:552)
at com.android.server.NetworkManagementService.systemReady(NetworkManagementService.java:284)
at com.android.server.SystemServer$2.run(SystemServer.java:1163)
at com.android.server.am.ActivityManagerService.systemReady(ActivityManagerService.java:11372)
at com.android.server.SystemServer.startOtherServices(SystemServer.java:1131)
at com.android.server.SystemServer.run(SystemServer.java:264)
at com.android.server.SystemServer.main(SystemServer.java:178)
at java.lang.reflect.Method.invoke(Native Method)
at java.lang.reflect.Method.invoke(Method.java:372)
at com.android.internal.os.ZygoteInit$MethodAndArgsCaller.run(ZygoteInit.java:902)
at com.android.internal.os.ZygoteInit.main(ZygoteInit.java:697)
01-01 00:33:34.164 887-887/? W/ResourceType: No package identifier when getting value for resource number 0x00000000
01-01 00:33:34.164 887-887/? W/PackageManager: Failure retrieving resources for com.android.settings: Resource ID #0x0
01-01 00:33:34.183 733-733/system_process W/SystemServer: ***********************************************
01-01 00:33:34.184 733-733/system_process A/SystemServer: BOOT FAILURE making Connectivity Service ready
java.lang.NullPointerException: Attempt to invoke interface method ‘int android.security.IKeystoreService.exist(java.lang.String, int)’ on a null object reference
at android.security.KeyStore.contains(KeyStore.java:137)
at android.security.KeyStore.contains(KeyStore.java:145)
at com.android.server.net.LockdownVpnTracker.isEnabled(LockdownVpnTracker.java:88)
at com.android.server.ConnectivityService.updateLockdownVpn(ConnectivityService.java:3079)
at com.android.server.ConnectivityService.systemReady(ConnectivityService.java:1599)
at com.android.server.SystemServer$2.run(SystemServer.java:1178)
at com.android.server.am.ActivityManagerService.systemReady(ActivityManagerService.java:11372)
at com.android.server.SystemServer.startOtherServices(SystemServer.java:1131)
at com.android.server.SystemServer.run(SystemServer.java:264)
at com.android.server.SystemServer.main(SystemServer.java:178)
at java.lang.reflect.Method.invoke(Native Method)
at java.lang.reflect.Method.invoke(Method.java:372)
at com.android.internal.os.ZygoteInit$MethodAndArgsCaller.run(ZygoteInit.java:902)
at com.android.internal.os.ZygoteInit.main(ZygoteInit.java:697)
01-01 00:33:34.189 733-758/system_process D/BluetoothManagerService: Message: 20
01-01 00:33:34.189 733-758/system_process D/BluetoothManagerService: Added callback: android.bluetooth.BluetoothAdapter$1@243a11ed:true
01-01 00:33:34.191 733-733/system_process I/SystemServiceManager: Starting phase 600
01-01 00:33:34.194 733-758/system_process D/BluetoothManagerService: Message: 30
01-01 00:33:34.194 733-801/system_process D/BluetoothManagerService: Trying to bind to profile: 1, while Bluetooth was disabled
01-01 00:33:34.196 733-758/system_process D/BluetoothManagerService: Message: 30
01-01 00:33:34.199 733-733/system_process I/BackupManagerService: Backup enabled => false
01-01 00:33:34.199 733-733/system_process I/BackupManagerService: Opting out of backup
01-01 00:33:34.214 733-733/system_process E/InputMethodManagerService: Ignoring setImeWindowStatus due to an invalid token. uid:1000 token:null
01-01 00:33:34.257 733-733/system_process I/ActivityManager: Start proc 972:com.android.inputmethod.latin/u0a45 for service com.android.inputmethod.latin/.LatinIME
01-01 00:33:34.257 733-733/system_process V/InputMethodManagerService: Adding window token: android.os.Binder@4aa86c9
01-01 00:33:34.324 733-733/system_process E/LocSvc_afw: E/GSS open failed: No such file or directory
01-01 00:33:34.324 733-733/system_process E/LocSvc_afw: E/get_extension: Invalid interface passed in
01-01 00:33:34.351 887-887/? D/VolumeUI: Registering volume controller
01-01 00:33:34.375 972-972/com.android.inputmethod.latin I/LatinIME: Hardware accelerated drawing: true
01-01 00:33:34.385 733-733/system_process E/LocSvc_afw: E/get_extension: Invalid interface passed in
01-01 00:33:34.391 733-733/system_process D/GpsLocationProvider: Reset GPS properties, previous size = 0
01-01 00:33:34.394 733-733/system_process D/GpsLocationProvider: GpsParamsResource: SUPL_HOST=supl.google.com
01-01 00:33:34.394 733-733/system_process D/GpsLocationProvider: GpsParamsResource: SUPL_PORT=7275
01-01 00:33:34.395 733-733/system_process D/GpsLocationProvider: GpsParamsResource: NTP_SERVER=north-america.pool.ntp.org
01-01 00:33:34.395 733-733/system_process D/GpsLocationProvider: GpsParamsResource: SUPL_VER=0x20000
01-01 00:33:34.395 733-733/system_process D/GpsLocationProvider: GpsParamsResource: SUPL_MODE=1
01-01 00:33:34.397 733-733/system_process D/GpsLocationProvider: GPS properties reloaded, size = 16
01-01 00:33:34.397 733-733/system_process E/LocSvc_eng: I/===> int loc_eng_set_server_proxy(loc_eng_data_s_type&, LocServerType, const char
, int) line 2621
01-01 00:33:34.397 733-733/system_process E/LocSvc_eng: W/set_server called before init. save the address, type: 3, hostname: supl.google.com, port: 7275
01-01 00:33:34.407 733-733/system_process D/GpsLocationProvider: GPS configuration:
#Thu Jan 01 00:33:34 GMT+00:00 1970
SUPL_HOST=supl.google.com
SUPL_PORT=7275
XTRA_VERSION_CHECK=0
DEBUG_LEVEL=3
SUPL_ES=1
NMEA_PROVIDER=0
CAPABILITIES=0x37
SUPL_VER=0x10000
ERR_ESTIMATE=0
A_GLONASS_POS_PROTOCOL_SELECT=0
INTERMEDIATE_POS=0
SGLTE_TARGET=0
LPP_PROFILE=0
USE_EMERGENCY_PDN_FOR_EMERGENCY_SUPL=1
NTP_SERVER=time.gpsonextra.net
SUPL_MODE=1
01-01 00:33:34.407 733-733/system_process E/LocSvc_eng: I/===> void loc_eng_configuration_update(loc_eng_data_s_type&, const char
, int32_t) line 2746
01-01 00:33:34.407 733-733/system_process D/GpsLocationProvider: final config = #Thu Jan 01 00:33:34 GMT+00:00 1970
SUPL_HOST=supl.google.com
SUPL_PORT=7275
XTRA_VERSION_CHECK=0
DEBUG_LEVEL=3
SUPL_ES=1
NMEA_PROVIDER=0
CAPABILITIES=0x37
SUPL_VER=0x10000
ERR_ESTIMATE=0
A_GLONASS_POS_PROTOCOL_SELECT=0
INTERMEDIATE_POS=0
SGLTE_TARGET=0
LPP_PROFILE=0
USE_EMERGENCY_PDN_FOR_EMERGENCY_SUPL=1
NTP_SERVER=time.gpsonextra.net
SUPL_MODE=1
01-01 00:33:34.424 733-899/system_process I/StatusBarManagerService: registerStatusBar bar=com.android.internal.statusbar.IStatusBar$Stub$Proxy@cc9f3ad
01-01 00:33:34.430 733-733/system_process E/LocationManagerService: no geocoder provider found
01-01 00:33:34.433 733-733/system_process W/ContextImpl: Calling a method in the system process without a qualified user: android.app.ContextImpl.bindService:1763 com.android.server.location.GeoFencerProxy.<init>:86 com.android.server.location.GeoFencerProxy.getGeoFencerProxy:77 com.android.server.LocationManagerService.loadProvidersLocked:522 com.android.server.LocationManagerService.systemRunning:295
01-01 00:33:34.443 733-733/system_process E/LocSvc_flp: I/===> const FlpLocationInterface
get_flp_interface() line 69
01-01 00:33:34.453 733-733/system_process E/Geofence_Adapter: I/===> void GeofenceAdapter::addGfClients(GeoFencer*) line 65
01-01 00:33:34.453 733-733/system_process E/Geofence_Adapter: I/===> void GeofenceAdapter::updateRegisteredEvents() line 81
01-01 00:33:34.455 733-733/system_process E/LocationManagerService: Unable to bind FusedProxy.
01-01 00:33:34.458 733-1003/system_process V/FlpHardwareProvider: Callback thread attached: 0x558a93ed30
01-01 00:33:34.458 733-1003/system_process E/LocSvc_api_v02: I/locClientOpen:1908]: Service instance id is -1
01-01 00:33:34.458 733-1003/system_process E/LocSvc_api_v02: I/—> locClientOpenInstance line 1788 loc client open
01-01 00:33:34.461 733-733/system_process E/LocationManagerService: Unable to bind FLP Geofence proxy.
01-01 00:33:34.461 733-733/system_process E/ActivityRecognitionHardware: Error hw_get_module: -2
01-01 00:33:34.462 733-733/system_process E/LocationManagerService: Hardware Activity-Recognition not supported.
01-01 00:33:34.468 733-753/system_process E/LocSvc_eng: I/===> int loc_eng_init(loc_eng_data_s_type&, LocCallbacks*, LOC_API_ADAPTER_EVENT_MASK_T, loc_core::ContextBase*) line 1751
01-01 00:33:34.468 733-753/system_process I/libmdmdetect: ESOC framework not supported
01-01 00:33:34.470 733-733/system_process I/CommonTimeManagementService: No common time service detected on this platform. Common time services will be unavailable.
