01-01 00:33:34.472 733-782/system_process I/InputReader: Reconfiguring input devices. changes=0x00000020
01-01 00:33:34.473 733-733/system_process I/MmsServiceBroker: systemRunning
01-01 00:33:34.474 733-733/system_process W/VoiceInteractionManagerService: no available voice interaction services found for user 0
01-01 00:33:34.475 733-733/system_process W/VoiceInteractionManagerService: no available voice recognition services found for user 0
01-01 00:33:34.477 733-782/system_process I/InputReader: Reconfiguring input devices. changes=0x00000010
01-01 00:33:34.477 733-753/system_process I/libmdmdetect: Found internal modem: modem
01-01 00:33:34.478 733-753/system_process E/PerMgrLib: Peripheral manager is not supported on this device
01-01 00:33:34.478 733-753/system_process E/LocSvc_eng: I/===> void loc_eng_agps_init(loc_eng_data_s_type&, AGpsExtCallbacks*) line 2319
01-01 00:33:34.478 733-753/system_process E/LocSvc_eng: I/===> void loc_eng_ni_init(loc_eng_data_s_type&, GpsNiExtCallbacks*) line 327
01-01 00:33:34.478 733-753/system_process E/Geofence_Adapter: I/===> void GeofenceAdapter::addGfClients(GeoFencer*) line 65
01-01 00:33:34.478 733-753/system_process E/Geofence_Adapter: I/===> void GeofenceAdapter::updateRegisteredEvents() line 81
01-01 00:33:34.478 733-753/system_process E/LocSvc_eng: I/===> int loc_eng_set_server_proxy(loc_eng_data_s_type&, LocServerType, const char*, int) line 2621
01-01 00:33:34.521 733-733/system_process I/ActivityManager: Start proc 1007:com.quicinc.cne.CNEService/1000 for added application com.quicinc.cne.CNEService
01-01 00:33:34.540 1007-1017/com.quicinc.cne.CNEService I/art: Debugger is no longer active
01-01 00:33:34.562 733-733/system_process I/ActivityManager: Start proc 1025:com.qualcomm.qti.rcsbootstraputil/1001 for added application com.qualcomm.qti.rcsbootstraputil
01-01 00:33:34.575 733-1003/system_process E/LocSvc_api_v02: I/—> locClientSendReq line 2065 QMI_LOC_REG_EVENTS_REQ_V02
01-01 00:33:34.581 733-1003/system_process E/LocSvc_api_v02: I/—> locClientSupportMsgCheck line 2176 QMI_LOC_GET_SUPPORTED_MSGS_REQ_V02
01-01 00:33:34.583 733-1003/system_process E/LocSvc_api_v02: I/—> locClientSendReq line 2065 QMI_LOC_SET_PREMIUM_SERVICES_CONFIG_REQ_V02
01-01 00:33:34.584 733-1005/system_process E/LocSvc_ApiV02: I/<— void globalRespCb(locClientHandleType, uint32_t, locClientRespIndUnionType, void*) line 111 QMI_LOC_SET_PREMIUM_SERVICES_CONFIG_REQ_V02
01-01 00:33:34.585 733-1003/system_process E/LocSvc_api_v02: I/—> locClientSendReq line 2065 QMI_LOC_SET_PREMIUM_SERVICES_CONFIG_REQ_V02
01-01 00:33:34.586 733-1005/system_process E/LocSvc_ApiV02: I/<— void globalRespCb(locClientHandleType, uint32_t, locClientRespIndUnionType, void*) line 111 QMI_LOC_SET_PREMIUM_SERVICES_CONFIG_REQ_V02
01-01 00:33:34.586 733-1003/system_process E/LocSvc_api_v02: I/—> locClientSendReq line 2065 QMI_LOC_REG_EVENTS_REQ_V02
01-01 00:33:34.587 733-1003/system_process E/FlpHardwareProvider: Attempted to associate callback in ‘SetThreadEvent’. Callback already associated.
01-01 00:33:34.587 733-1003/system_process E/LocSvc_api_v02: I/locClientOpen:1908]: Service instance id is -1
01-01 00:33:34.587 733-1003/system_process E/LocSvc_api_v02: I/—> locClientOpenInstance line 1788 loc client open
01-01 00:33:34.607 733-733/system_process I/ActivityManager: Start proc 1047:com.android.phone/1001 for added application com.android.phone
01-01 00:33:34.609 733-733/system_process I/ActivityManager: START u0 {act=android.intent.action.MAIN cat=[android.intent.category.HOME] flg=0x10000000 cmp=com.cyanogenmod.trebuchet/com.android.launcher3.Launcher} from uid 0 on display 0
01-01 00:33:34.622 316-316/? I/art: Explicit concurrent mark sweep GC freed 706(30KB) AllocSpace objects, 0(0B) LOS objects, 89% free, 123KB/1147KB, paused 166us total 15.589ms
01-01 00:33:34.623 733-733/system_process V/WindowManager: addAppToken: AppWindowToken{ad2a6fa token=Token{37850525 ActivityRecord{1d68a51c u0 com.cyanogenmod.trebuchet/com.android.launcher3.Launcher t5}}} to stack=0 task=5 at 0
01-01 00:33:34.628 733-798/system_process I/DPMJ: |REQ:RCVR| DPM creating socket
01-01 00:33:34.638 316-316/? I/art: Explicit concurrent mark sweep GC freed 5(160B) AllocSpace objects, 0(0B) LOS objects, 89% free, 123KB/1147KB, paused 159us total 15.604ms
01-01 00:33:34.653 316-316/? I/art: Explicit concurrent mark sweep GC freed 5(160B) AllocSpace objects, 0(0B) LOS objects, 89% free, 123KB/1147KB, paused 147us total 14.438ms
01-01 00:33:34.685 733-733/system_process I/ActivityManager: Start proc 1065:com.cyanogenmod.trebuchet/u0a17 for activity com.cyanogenmod.trebuchet/com.android.launcher3.Launcher
01-01 00:33:34.688 733-733/system_process I/SystemServer: Enabled StrictMode for system server main thread.
01-01 00:33:34.690 733-733/system_process V/ActivityManager: Display changed displayId=0
01-01 00:33:34.690 733-733/system_process V/ActivityManager: Display changed displayId=0
01-01 00:33:34.691 733-733/system_process D/WifiScanningService: SCAN_AVAILABLE : 1
01-01 00:33:34.692 733-733/system_process D/RttService: SCAN_AVAILABLE : 1
01-01 00:33:34.692 733-822/system_process D/WifiScanningService: DefaultState got{ when=-1ms what=160007 target=com.android.internal.util.StateMachine$SmHandler }
01-01 00:33:34.693 733-823/system_process D/RttService: DefaultState got{ when=0 what=160513 target=com.android.internal.util.StateMachine$SmHandler }
01-01 00:33:34.693 733-749/system_process W/art: Long monitor contention event with owner method=void com.android.server.am.ActivityManagerService.systemReady(java.lang.Runnable) from ActivityManagerService.java:11380 waiters=4 for 111ms
01-01 00:33:34.693 972-972/com.android.inputmethod.latin W/InputAttributes: No editor info for this field. Bug?
01-01 00:33:34.708 733-1003/system_process E/LocSvc_api_v02: I/—> locClientSendReq line 2065 QMI_LOC_REG_EVENTS_REQ_V02
01-01 00:33:34.709 733-1003/system_process E/LocSvc_api_v02: I/—> locClientSendReq line 2065 QMI_LOC_REG_EVENTS_REQ_V02
01-01 00:33:34.711 733-1003/system_process E/LocSvc_api_v02: I/—> locClientSendReq line 2065 QMI_LOC_SET_GNSS_CONSTELL_REPORT_CONFIG_V02
01-01 00:33:34.712 733-1003/system_process E/LocSvc_api_v02: I/—> locClientSendReq line 2065 QMI_LOC_SET_ENGINE_LOCK_REQ_V02
01-01 00:33:34.716 733-1046/system_process E/LocSvc_ApiV02: I/<— void globalRespCb(locClientHandleType, uint32_t, locClientRespIndUnionType, void*) line 111 QMI_LOC_SET_ENGINE_LOCK_REQ_V02
01-01 00:33:34.716 733-1003/system_process E/LocSvc_api_v02: I/—> locClientSendReq line 2065 QMI_LOC_SET_SERVER_REQ_V02
01-01 00:33:34.717 733-1046/system_process E/LocSvc_ApiV02: I/<— void globalRespCb(locClientHandleType, uint32_t, locClientRespIndUnionType, void*) line 111 QMI_LOC_SET_SERVER_REQ_V02
01-01 00:33:34.717 733-1003/system_process E/LocSvc_api_v02: I/—> locClientSendReq line 2065 QMI_LOC_REG_EVENTS_REQ_V02
01-01 00:33:34.719 733-1003/system_process E/LocSvc_api_v02: I/—> locClientSendReq line 2065 QMI_LOC_SET_PROTOCOL_CONFIG_PARAMETERS_REQ_V02
01-01 00:33:34.720 733-1046/system_process E/LocSvc_ApiV02: I/<— void globalRespCb(locClientHandleType, uint32_t, locClientRespIndUnionType, void*) line 111 QMI_LOC_SET_PROTOCOL_CONFIG_PARAMETERS_REQ_V02
01-01 00:33:34.720 733-1003/system_process E/LocSvc_api_v02: I/—> locClientSendReq line 2065 QMI_LOC_SET_PROTOCOL_CONFIG_PARAMETERS_REQ_V02
01-01 00:33:34.721 733-1046/system_process E/LocSvc_ApiV02: I/<— void globalRespCb(locClientHandleType, uint32_t, locClientRespIndUnionType, void*) line 111 QMI_LOC_SET_PROTOCOL_CONFIG_PARAMETERS_REQ_V02
01-01 00:33:34.722 733-1003/system_process E/LocSvc_api_v02: I/—> locClientSendReq line 2065 QMI_LOC_SET_SENSOR_CONTROL_CONFIG_REQ_V02
01-01 00:33:34.723 733-1046/system_process E/LocSvc_ApiV02: I/<— void globalRespCb(locClientHandleType, uint32_t, locClientRespIndUnionType, void*) line 111 QMI_LOC_SET_SENSOR_CONTROL_CONFIG_REQ_V02
01-01 00:33:34.723 733-1003/system_process E/LocSvc_api_v02: I/—> locClientSendReq line 2065 QMI_LOC_SET_PROTOCOL_CONFIG_PARAMETERS_REQ_V02
01-01 00:33:34.724 733-1046/system_process E/LocSvc_ApiV02: I/<— void globalRespCb(locClientHandleType, uint32_t, locClientRespIndUnionType, void*) line 111 QMI_LOC_SET_PROTOCOL_CONFIG_PARAMETERS_REQ_V02
01-01 00:33:34.725 733-1003/system_process E/LocSvc_ApiV02: I/virtual loc_api_adapter_err LocApiV02::setSensorProperties(bool, float, bool, float, bool, float, bool, float, bool, float):1481]: sensors prop: gyroBiasRandomWalk = 0.000000, accelRandomWalk = 0.000000, angleRandomWalk = 0.000000, rateRandomWalk = 0.000000, velocityRandomWalk = 0.000000
01-01 00:33:34.725 733-1003/system_process E/LocSvc_api_v02: I/—> locClientSendReq line 2065 QMI_LOC_SET_SENSOR_PROPERTIES_REQ_V02
01-01 00:33:34.727 1007-1007/com.quicinc.cne.CNEService W/ResourcesManager: Asset path ‘/system/framework/com.quicinc.cne.jar’ does not exist or contains no resources.
01-01 00:33:34.751 972-1084/com.android.inputmethod.latin I/LatinIME:LogUtils: Dictionary info: dictionary = UserHistoryDictionary.en_US ; version = 2014 ; date = ?
01-01 00:33:34.751 1007-1007/com.quicinc.cne.CNEService D/CNEServiceApp: start cne
01-01 00:33:34.751 972-1085/com.android.inputmethod.latin I/LatinIME:LogUtils: Dictionary info: dictionary = PersonalizationDictionary.en_US ; version = 2014 ; date = ?
01-01 00:33:34.753 972-1087/com.android.inputmethod.latin I/LatinIME:LogUtils: Dictionary info: dictionary = contacts.en_US ; version = 2014 ; date = ?
01-01 00:33:34.756 972-1086/com.android.inputmethod.latin I/LatinIME:LogUtils: Dictionary info: dictionary = userunigram.en_US ; version = 2014 ; date = ?
01-01 00:33:34.756 733-753/system_process I/ActivityManager: Start proc 1090:com.android.printspooler/u0a59 for service com.android.printspooler/.model.PrintSpoolerService
01-01 00:33:34.764 972-1088/com.android.inputmethod.latin I/LatinIME:LogUtils: Dictionary info: dictionary = ContextualDictionary.en_US ; version = 2014 ; date = ?
01-01 00:33:34.781 250-250/? I/SurfaceFlinger: FPS: 2
01-01 00:33:34.806 733-1044/system_process I/ActivityManager: Start proc 1113:android.process.acore/u0a3 for content provider com.android.providers.userdictionary/.UserDictionaryProvider
01-01 00:33:34.834 733-791/system_process D/WifiService: New client listening to asynchronous messages
01-01 00:33:34.841 1007-1131/com.quicinc.cne.CNEService I/QCNEJ: |CORE:COM:RCVR| CNE creating socket
01-01 00:33:34.844 733-733/system_process W/ResourcesManager: Asset path ‘/system/framework/com.qrd.wappush.jar’ does not exist or contains no resources.
01-01 00:33:34.844 733-733/system_process W/ResourcesManager: Asset path ‘/system/framework/rcs_service_api.jar’ does not exist or contains no resources.
01-01 00:33:34.846 1007-1131/com.quicinc.cne.CNEService I/QCNEJ: |CORE:COM:RCVR| Connected to ‘cnd’ socket
01-01 00:33:34.850 1007-1131/com.quicinc.cne.CNEService W/QCNEJ: |CORE| UNKOWN Unsolicited Event 25
01-01 00:33:34.855 1007-1131/com.quicinc.cne.CNEService I/QCNEJ: |CORE| CNE_REQUEST_GET_BROWSERS_INFO_LIST received
01-01 00:33:34.868 1007-1007/com.quicinc.cne.CNEService D/CNEServiceApp: broadcast cne started
01-01 00:33:34.868 1007-1007/com.quicinc.cne.CNEService W/ContextImpl: Calling a method in the system process without a qualified user: android.app.ContextImpl.sendBroadcast:1334 android.content.ContextWrapper.sendBroadcast:377 com.quicinc.cne.CNEService.CNEServiceApp.broadcastCNEStarted:102 com.quicinc.cne.CNEService.CNEServiceApp.startCne:114 com.quicinc.cne.CNEService.CNEServiceApp.onCreate:93
01-01 00:33:34.872 733-733/system_process I/Choreographer: Skipped 86 frames! The application may be doing too much work on its main thread.
01-01 00:33:34.873 1007-1131/com.quicinc.cne.CNEService I/QCNEJ: |CORE| CNE_NOTIFY_FEATURE_STATUS received
01-01 00:33:34.874 1007-1131/com.quicinc.cne.CNEService I/QCNEJ: |CORE| CNE_NOTIFY_FEATURE_STATUS received
01-01 00:33:34.884 1090-1090/? I/PrintSpoolerService: No existing print spooler state.
01-01 00:33:34.931 733-733/system_process D/Telecom: TelecomService: onCreate
01-01 00:33:34.935 733-733/system_process I/Telecom: TelecomGlobals: TelecomGlobals initializing
01-01 00:33:34.935 733-733/system_process D/Telecom: MissedCallNotifier: updateOnStartup()…
01-01 00:33:34.943 1047-1047/com.android.phone W/ResourcesManager: Asset path ‘/system/framework/qcrilhook.jar’ does not exist or contains no resources.
01-01 00:33:34.966 1047-1047/com.android.phone V/PhoneApp: onCreate()…
01-01 00:33:34.968 296-815/? I/ServiceManager: Waiting for service drm.drmManager…
01-01 00:33:34.969 887-887/? W/Settings: Setting airplane_mode_on has moved from android.provider.Settings.System to android.provider.Settings.Global, returning read-only value.
01-01 00:33:34.974 733-733/system_process D/BluetoothManagerService: Trying to bind to profile: 1, while Bluetooth was disabled
01-01 00:33:34.974 887-887/? W/Settings: Setting airplane_mode_on has moved from android.provider.Settings.System to android.provider.Settings.Global, returning read-only value.
01-01 00:33:34.974 733-733/system_process V/Telecom: BluetoothManager: isBluetoothAvailable()…
01-01 00:33:34.974 733-758/system_process D/BluetoothManagerService: Message: 30
01-01 00:33:34.974 733-733/system_process V/Telecom: BluetoothManager: ==> false
01-01 00:33:34.987 972-1085/com.android.inputmethod.latin I/LatinIME:LogUtils: Dictionary info: dictionary = PersonalizationDictionary.en_US ; version = 2014 ; date = ?
01-01 00:33:34.989 972-1085/com.android.inputmethod.latin I/LatinIME:LogUtils: Dictionary info: dictionary = PersonalizationDictionary.en_US ; version = 2014 ; date = ?
01-01 00:33:35.000 733-733/system_process V/Telecom: TtyManager: isTtySupported: true
01-01 00:33:35.000 733-733/system_process V/Telecom: TtyManager: updateCurrentTtyMode, 0 → 0
01-01 00:33:35.003 733-733/system_process D/Telecom: ProximitySensorManager: onCreate: mProximityWakeLock:
01-01 00:33:35.006 887-887/? W/ResourcesManager: Asset path ‘/system/framework/rcs_service_api.jar’ does not exist or contains no resources.
01-01 00:33:35.007 887-887/? W/ResourcesManager: Asset path ‘/system/framework/smartsearch.jar’ does not exist or contains no resources.
01-01 00:33:35.013 733-733/system_process I/Telecom: TelecomGlobals: CallsManager initialized
01-01 00:33:35.014 733-733/system_process W/ContextImpl: Calling a method in the system process without a qualified user: android.app.ContextImpl.startService:1699 android.content.ContextWrapper.startService:516 com.android.server.telecom.BluetoothPhoneService.start:524 com.android.server.telecom.TelecomGlobals.initialize:104 com.android.server.telecom.TelecomService.onCreate:167
01-01 00:33:35.021 1065-1065/com.cyanogenmod.trebuchet D/Launcher.LauncherProvider: 11683562 - initializeMaxScreenId(): 3
01-01 00:33:35.021 407-407/? E/QC-QMI: qmi_client [407]: unable to connect to server, errno=[2:No such file or directory], attempt=19
01-01 00:33:35.025 733-733/system_process D/Telecom: TelecomService: onBind
01-01 00:33:35.025 733-733/system_process V/ActivityManager: Display changed displayId=0
01-01 00:33:35.028 733-733/system_process I/ValidateNoPeople: skipping global notification
01-01 00:33:35.034 1065-1065/com.cyanogenmod.trebuchet V/Launcher: LauncherAppState inited
01-01 00:33:35.056 972-1140/com.android.inputmethod.latin I/LatinIME:LogUtils: Dictionary info: dictionary = main:en ; version = 47 ; date = 1402373178
01-01 00:33:35.058 306-306/? E/USB_UICC: Timeout! No signal received. Retry num = 18
01-01 00:33:35.073 733-733/system_process D/ZenLog: downtime: Autotrigger skipped: not in downtime
01-01 00:33:35.094 1065-1065/com.cyanogenmod.trebuchet D/Launcher.Model: Old launcher provider: content://com.android.launcher2.settings/favorites?notify=true
01-01 00:33:35.094 1065-1065/com.cyanogenmod.trebuchet D/Launcher.Model: Old launcher provider exists.
01-01 00:33:35.124 733-1154/system_process W/art: No such thread id for suspend: 72
01-01 00:33:35.126 1065-1065/com.cyanogenmod.trebuchet W/Launcher: setApplicationContext called twice! old=com.android.launcher3.LauncherApplication@18339823 new=com.android.launcher3.LauncherApplication@18339823
01-01 00:33:35.127 733-748/system_process W/art: Suspending all threads took: 8.538ms
01-01 00:33:35.140 733-733/system_process W/ResourcesManager: Asset path ‘/system/framework/com.android.location.provider.jar’ does not exist or contains no resources.
01-01 00:33:35.142 733-748/system_process I/art: Background partial concurrent mark sweep GC freed 10676(1035KB) AllocSpace objects, 6(256KB) LOS objects, 33% free, 7MB/11MB, paused 12.675ms total 145.959ms
01-01 00:33:35.146 733-791/system_process D/WifiService: New client listening to asynchronous messages
01-01 00:33:35.168 733-733/system_process E/NlpProxy: No NLPs exist to bind to!
01-01 00:33:35.172 733-733/system_process V/UlpService: +startAdditionalServices
01-01 00:33:35.210 733-733/system_process I/ActivityManager: Start proc 1169:com.qualcomm.location.XT/1000 for service com.qualcomm.location.XT/.XTSrv
01-01 00:33:35.212 733-733/system_process W/ActivityManager: Unable to start service Intent { act=com.qualcomm.services.location.LocationAlarmService pkg=com.qualcomm.services.location } U=0: not found
01-01 00:33:35.212 733-733/system_process V/UlpService: -startAdditionalServices
01-01 00:33:35.214 733-758/system_process D/BluetoothManagerService: Message: 20
01-01 00:33:35.215 733-758/system_process D/BluetoothManagerService: Added callback: android.bluetooth.IBluetoothManagerCallback$Stub$Proxy@823e60f:true
01-01 00:33:35.219 1047-1062/com.android.phone I/art: Background sticky concurrent mark sweep GC freed 3242(212KB) AllocSpace objects, 0(0B) LOS objects, 17% free, 952KB/1147KB, paused 12.905ms total 56.410ms
01-01 00:33:35.230 733-733/system_process D/Ulp_jni: classInit invoked
01-01 00:33:35.234 733-733/system_process D/Ulp_jni: instanceInit invoked
01-01 00:33:35.234 733-733/system_process E/LocSvc_libulp: I/===> int ulp_init(UlpEngineCallbacks*, UlpNetworkLocationCallbacks*, UlpPhoneContextCallbacks*) line 124
01-01 00:33:35.234 733-733/system_process E/LocSvc_libulp: I/===> int ulp_data_init() line 72
01-01 00:33:35.236 733-733/system_process E/LocSvc_libulp: E/int ulp_data_init():100]: GTP WiFi is enabled.
01-01 00:33:35.236 733-733/system_process E/LocSvc_libulp: E/int ulp_data_init():116]: GTP AP cell is disabled
01-01 00:33:35.236 733-733/system_process E/LocSvc_libulp: I/int ulp_data_init(), quipc_enabled = 0, gps capabilities = 0x0 zpp trigger threshold = 10000
01-01 00:33:35.236 733-733/system_process E/LocSvc_libulp: I/===> int ulp_msg_init() line 307
01-01 00:33:35.236 733-733/system_process E/LocSvc_libulp: I/===> int ulp_monitor_init() line 122
01-01 00:33:35.236 733-733/system_process E/LocSvc_libulp: I/===> int ulp_quipc_init() line 296
01-01 00:33:35.236 733-733/system_process E/LocSvc_libulp: E/get_extension: Invalid interface passed in
01-01 00:33:35.239 733-733/system_process D/GeoFenceService: onCreate
01-01 00:33:35.242 733-733/system_process E/Geofence_Adapter: I/===> void GeofenceAdapter::addGfClients(GeoFencer*) line 65
01-01 00:33:35.242 733-733/system_process E/Geofence_Adapter: I/===> void GeofenceAdapter::updateRegisteredEvents() line 81
01-01 00:33:35.245 733-1184/system_process E/LocSvc_libulp: I/===> void ulp_monitor_main(void*) line 56
01-01 00:33:35.245 924-924/? D/BluetoothEventManager: custome bluetooth name:
01-01 00:33:35.245 924-924/? D/BluetoothAdapter: 810511518: getState() : mService = null. Returning STATE_OFF
01-01 00:33:35.245 924-924/? D/BluetoothAdapter: 810511518: getState() : mService = null. Returning STATE_OFF
01-01 00:33:35.245 733-1183/system_process E/LocSvc_libulp: I/===> void ulp_msg_main(void*) line 85
01-01 00:33:35.246 924-924/? D/BluetoothAdapter: 810511518: getState() : mService = null. Returning STATE_OFF
01-01 00:33:35.247 733-733/system_process D/GeoFenceService: onBind
01-01 00:33:35.248 733-758/system_process D/BluetoothManagerService: Message: 30
01-01 00:33:35.248 733-733/system_process D/GpsNetInitiatedHandler: location enabled :true
01-01 00:33:35.249 733-733/system_process V/WiredAccessoryManager: notifyWiredAccessoryChanged: when=0 bits= mask=54
01-01 00:33:35.249 733-733/system_process V/WiredAccessoryManager: newName=h2w newState=32 headsetState=32 prev headsetState=0
01-01 00:33:35.249 733-733/system_process V/WiredAccessoryManager: init()
01-01 00:33:35.252 733-733/system_process V/WiredAccessoryManager: newName=hdmi_audio newState=48 headsetState=48 prev headsetState=32
01-01 00:33:35.284 733-758/system_process D/BluetoothManagerService: Message: 30
01-01 00:33:35.304 924-924/? D/LocalBluetoothProfileManager: Adding local MAP profile
01-01 00:33:35.306 1065-1080/com.cyanogenmod.trebuchet W/art: Suspending all threads took: 6.219ms
01-01 00:33:35.314 1065-1080/com.cyanogenmod.trebuchet I/art: Background partial concurrent mark sweep GC freed 1064(122KB) AllocSpace objects, 3(80KB) LOS objects, 52% free, 932KB/1956KB, paused 12.966ms total 48.814ms
01-01 00:33:35.314 924-924/? D/BluetoothMap: Create BluetoothMap proxy object
01-01 00:33:35.316 733-758/system_process D/BluetoothManagerService: Message: 30
01-01 00:33:35.322 1047-1047/com.android.phone D/TelephonyProvider: dbh.onOpen: ok, queried table=siminfo
01-01 00:33:35.323 733-758/system_process D/BluetoothManagerService: Message: 300
01-01 00:33:35.323 733-758/system_process D/BluetoothManagerService: MESSAGE_USER_SWITCHED
01-01 00:33:35.325 1047-1047/com.android.phone D/TelephonyProvider: dbh.onOpen: ok, queried table=carriers
01-01 00:33:35.333 733-758/system_process D/BluetoothManagerService: Message: 30
01-01 00:33:35.333 250-764/? D/PermissionCache: checking android.permission.HARDWARE_TEST for uid=1000 => granted (4193 us)
01-01 00:33:35.347 1169-1212/? E/LocSvc_api_v02: I/locClientOpen:1908]: Service instance id is -1
01-01 00:33:35.347 1169-1212/? E/LocSvc_api_v02: I/—> locClientOpenInstance line 1788 loc client open
01-01 00:33:35.353 924-924/? D/LocalBluetoothProfileManager: LocalBluetoothProfileManager construction complete
01-01 00:33:35.353 924-924/? D/BluetoothAdapter: 810511518: getState() : mService = null. Returning STATE_OFF
01-01 00:33:35.358 296-816/? D/audio_hw_primary: adev_set_mic_mute state 0
01-01 00:33:35.359 887-887/? W/Settings: Setting airplane_mode_on has moved from android.provider.Settings.System to android.provider.Settings.Global, returning read-only value.
01-01 00:33:35.393 296-816/? E/AudioPolicyManager: unknown stream type 13
01-01 00:33:35.393 296-816/? E/AudioPolicyManager: unknown stream type 13
01-01 00:33:35.396 296-817/? E/AudioPolicyManager: unknown stream type 13
01-01 00:33:35.396 296-817/? E/AudioPolicyManager: unknown stream type 13
01-01 00:33:35.397 296-816/? E/AudioPolicyManager: unknown stream type 13
01-01 00:33:35.397 296-816/? E/AudioPolicyManager: unknown stream type 13
01-01 00:33:35.409 733-1044/system_process I/ActivityManager: Start proc 1221:com.android.smspush/u0a71 for service com.android.smspush/.WapPushManager
01-01 00:33:35.414 733-733/system_process V/ActivityManager: Display changed displayId=0
01-01 00:33:35.415 733-733/system_process V/BackupManagerService: Connected to transport ComponentInfo{android/com.android.internal.backup.LocalTransportService}
01-01 00:33:35.415 733-733/system_process V/BackupManagerService: Registering transport android/com.android.internal.backup.LocalTransportService::android/com.android.internal.backup.LocalTransport = android.app.backup.BackupTransport$TransportImpl@2eeef973
01-01 00:33:35.418 1113-1139/android.process.acore I/ContactLocale: AddressBook Labels [en-US]: [, A, B, C, D, E, F, G, H, I, J, K, L, M, N, O, P, Q, R, S, T, U, V, W, X, Y, Z, ?, ?, ?, ?, ?, ?, ?, ?, ?, ?, ?, ?, ?, ?, ?, ?, ?, ?, ?, ?, ?, ?, ?, ?, , ?, ?, ?, ?, ?, ?, ?, ?, ?, ?, ?, ?, ?, ?, ?, ?, ?, ?, ?, ?, ?, ?, ?, ?, ?, ?, ?, ?, ?, ?, ?, ?, ?, ?, ?, ?, ?, , ?, ?, ?, ?, ?, ?, ?, ?, ?, ?, ?, ?, ?, ?, ?, ?, ?, ?, ?, ?, ?, ?, , ?, ?, ?, ?, ?, ?, ?, ?, ?, ?, ?, ?, ?, ?, ?, ?, ?, ?, ?, ?, ?, ?, ?, ?, ?, ?, ?, ?, , ?, ?, ?, ?, ?, ?, ?, ?, ?, ?, ?, ?, ?, ?, ?, ?, ?, ?, ?, ?, ?, ?, ?, ?, ?, ?, ?, ?, ?, ?, ?, ?, ?, ?, ?, ?, ?, ?, ?, ?, ?, ?, ?, ?, ?, ?, , ?, ?, ?, ?, ?, ?, ?, ?, ?, ?, ?, ?, ?, ?, , ?, ?, ?, ?, ?, ?, ?, ?, ?, ?, #, ]
01-01 00:33:35.429 733-733/system_process I/Choreographer: Skipped 30 frames! The application may be doing too much work on its main thread.
01-01 00:33:35.441 733-791/system_process D/WifiService: New client listening to asynchronous messages
01-01 00:33:35.456 733-758/system_process D/BluetoothManagerService: Message: 20
01-01 00:33:35.456 733-758/system_process D/BluetoothManagerService: Added callback: android.bluetooth.IBluetoothManagerCallback$Stub$Proxy@4b5b9cf:true
01-01 00:33:35.471 733-733/system_process V/Telecom: BluetoothPhoneService: Constructor
01-01 00:33:35.472 733-733/system_process D/Telecom: BluetoothPhoneService: onCreate
01-01 00:33:35.472 733-733/system_process D/BluetoothManagerService: Trying to bind to profile: 1, while Bluetooth was disabled
01-01 00:33:35.472 733-758/system_process D/BluetoothManagerService: Message: 30
01-01 00:33:35.473 887-887/? D/BluetoothAdapter: 604435622: getState() : mService = null. Returning STATE_OFF
01-01 00:33:35.475 733-758/system_process D/BluetoothManagerService: Message: 30
01-01 00:33:35.484 1169-1169/? D/XTSrv: updatePreferencesDbEntry. enableEnhLocationServices: false
01-01 00:33:35.494 887-1218/? D/BluetoothAdapter: 604435622: getState() : mService = null. Returning STATE_OFF
01-01 00:33:35.495 733-758/system_process D/BluetoothManagerService: Message: 30
01-01 00:33:35.499 1169-1212/? E/LocSvc_api_v02: I/—> locClientSendReq line 2065 QMI_LOC_REG_EVENTS_REQ_V02
01-01 00:33:35.500 733-758/system_process D/BluetoothManagerService: Message: 30
01-01 00:33:35.503 1169-1212/? E/LocSvc_api_v02: I/—> locClientSupportMsgCheck line 2176 QMI_LOC_GET_SUPPORTED_MSGS_REQ_V02
01-01 00:33:35.505 733-758/system_process D/BluetoothManagerService: Message: 30
01-01 00:33:35.506 733-749/system_process D/BluetoothManagerService: Trying to bind to profile: 1, while Bluetooth was disabled
01-01 00:33:35.508 1169-1212/? E/LocSvc_api_v02: I/—> locClientSendReq line 2065 QMI_LOC_SET_PREMIUM_SERVICES_CONFIG_REQ_V02
01-01 00:33:35.508 733-758/system_process D/BluetoothManagerService: Message: 30
01-01 00:33:35.510 1169-1215/? E/LocSvc_ApiV02: I/<— void globalRespCb(locClientHandleType, uint32_t, locClientRespIndUnionType, void*) line 111 QMI_LOC_SET_PREMIUM_SERVICES_CONFIG_REQ_V02
01-01 00:33:35.510 1169-1212/? E/LocSvc_api_v02: I/—> locClientSendReq line 2065 QMI_LOC_SET_PREMIUM_SERVICES_CONFIG_REQ_V02
01-01 00:33:35.513 1169-1215/? E/LocSvc_ApiV02: I/<— void globalRespCb(locClientHandleType, uint32_t, locClientRespIndUnionType, void*) line 111 QMI_LOC_SET_PREMIUM_SERVICES_CONFIG_REQ_V02
01-01 00:33:35.513 1169-1212/? E/LocSvc_api_v02: I/—> locClientSendReq line 2065 QMI_LOC_SET_XTRA_T_SESSION_CONTROL_REQ_V02
01-01 00:33:35.514 733-758/system_process D/BluetoothManagerService: Message: 30
01-01 00:33:35.515 1169-1215/? E/LocSvc_ApiV02: I/<— void globalRespCb(locClientHandleType, uint32_t, locClientRespIndUnionType, void*) line 111 QMI_LOC_SET_XTRA_T_SESSION_CONTROL_REQ_V02
01-01 00:33:35.515 1169-1212/? E/LocSvc_IzatApiV02: E/setUserPref failed on handshake key 0, status = 0, ind…status = 1
01-01 00:33:35.516 1169-1212/? E/LocSvc_api_v02: I/—> locClientSendReq line 2065 QMI_LOC_SET_XTRA_T_SESSION_CONTROL_REQ_V02
01-01 00:33:35.518 887-887/? D/BluetoothMap: Create BluetoothMap proxy object
01-01 00:33:35.518 1169-1215/? E/LocSvc_ApiV02: I/<— void globalRespCb(locClientHandleType, uint32_t, locClientRespIndUnionType, void*) line 111 QMI_LOC_SET_XTRA_T_SESSION_CONTROL_REQ_V02
01-01 00:33:35.518 733-758/system_process D/BluetoothManagerService: Message: 30
01-01 00:33:35.519 1169-1212/? E/LocSvc_IzatApiV02: E/setUserPref failed on handshake key 0, status = 0, ind…status = 1
01-01 00:33:35.522 733-758/system_process D/BluetoothManagerService: Message: 30
01-01 00:33:35.533 733-733/system_process D/Telecom: MissedCallNotifier: onQueryComplete()…
01-01 00:33:35.539 1047-1250/com.android.phone E/DcSwitchStateMachine-0: DctController is not ready
01-01 00:33:35.559 733-792/system_process E/ConnectivityService: Failed to find Messenger in unregisterNetworkFactory
01-01 00:33:35.561 733-733/system_process D/LBSSystemMonitorService: SUPL_ES is: 1
01-01 00:33:35.561 733-792/system_process D/ConnectivityService: Got NetworkFactory Messenger for Telephony
01-01 00:33:35.566 733-1251/system_process D/LBSSystemMonitorService: handleMessage what - 1
01-01 00:33:35.566 733-733/system_process D/LBSSystemMonitorService: nonSGLTE device with ES SUPL
01-01 00:33:35.566 1065-1065/com.cyanogenmod.trebuchet E/AppsCustomizePagedView: Create Res Apk Failed
01-01 00:33:35.567 733-1251/system_process D/Wiper_jni: Inform wiper status.
01-01 00:33:35.567 733-1112/system_process D/ConnectivityService: listenForNetwork for NetworkRequest [ id=2, legacyType=-1, [] ]
01-01 00:33:35.568 733-1251/system_process D/LBSSystemMonitorService: handleMessage what - 10
01-01 00:33:35.568 733-1251/system_process D/RilInfoMonitor: handleMessage what - 0
01-01 00:33:35.568 733-1251/system_process D/RilInfoMonitor: nonSGLTE device with ES SUPL
01-01 00:33:35.597 733-1251/system_process D/LBSSystemMonitorService: handleMessage what - 15
01-01 00:33:35.597 733-1251/system_process D/DeviceContext: handleMessage what - 0
01-01 00:33:35.597 733-1251/system_process D/LBSSystemMonitorService: handleMessage what - 16
01-01 00:33:35.597 733-1251/system_process D/DeviceContext: handleMessage what - 1
01-01 00:33:35.613 733-753/system_process D/GpsLocationProvider: received SIM realted action:
01-01 00:33:35.620 1047-1047/com.android.phone W/ResourcesManager: Asset path ‘/system/framework/com.qrd.wappush.jar’ does not exist or contains no resources.
01-01 00:33:35.620 1047-1047/com.android.phone W/ResourcesManager: Asset path ‘/system/framework/rcs_service_api.jar’ does not exist or contains no resources.
01-01 00:33:35.624 1065-1065/com.cyanogenmod.trebuchet D/LocaleSetManager: Locale Changed from: null to en-US
01-01 00:33:35.628 887-887/? D/StatusBar.NetworkController: refreshSignalCluster - setMobileDataIndicators: mHasMobileDataFeature = false mPhoneSignalIconId = (null) mDataSignalIconId = (null) mMobileActivityIconId = (null) mDataTypeIconId = (null) mNoSimIconId = (null)
01-01 00:33:35.628 887-887/? D/StatusBar.NetworkController: refreshSignalCluster - setMobileDataIndicators: mHasMobileDataFeature = false mPhoneSignalIconId = (null) mDataSignalIconId = (null) mMobileActivityIconId = (null) mDataTypeIconId = (null) mNoSimIconId = (null)
01-01 00:33:35.629 887-887/? D/StatusBar.NetworkController: refreshSignalCluster - setMobileDataIndicators: mHasMobileDataFeature = false mPhoneSignalIconId = (null) mDataSignalIconId = (null) mMobileActivityIconId = (null) mDataTypeIconId = (null) mNoSimIconId = (null)
01-01 00:33:35.630 733-733/system_process W/XTWiFiOS: Constructor enter
01-01 00:33:35.630 733-733/system_process W/XTWiFiOS: Constructor exit
01-01 00:33:35.630 733-733/system_process W/XTWiFiOS: onCreate enter
01-01 00:33:35.631 1065-1065/com.cyanogenmod.trebuchet I/LauncherLocale: AddressBook Labels [en-US]: [, A, B, C, D, E, F, G, H, I, J, K, L, M, N, O, P, Q, R, S, T, U, V, W, X, Y, Z, ?, ?, ?, ?, ?, ?, ?, ?, ?, ?, ?, ?, ?, ?, ?, ?, ?, ?, ?, ?, ?, ?, ?, ?, , ?, ?, ?, ?, ?, ?, ?, ?, ?, ?, ?, ?, ?, ?, ?, ?, ?, ?, ?, ?, ?, ?, ?, ?, ?, ?, ?, ?, ?, ?, ?, ?, ?, ?, ?, ?, ?, , ?, ?, ?, ?, ?, ?, ?, ?, ?, ?, ?, ?, ?, ?, ?, ?, ?, ?, ?, ?, ?, ?, , ?, ?, ?, ?, ?, ?, ?, ?, ?, ?, ?, ?, ?, ?, ?, ?, ?, ?, ?, ?, ?, ?, ?, ?, ?, ?, ?, ?, , ?, ?, ?, ?, ?, ?, ?, ?, ?, ?, ?, ?, ?, ?, ?, ?, ?, ?, ?, ?, ?, ?, ?, ?, ?, ?, ?, ?, ?, ?, ?, ?, ?, ?, ?, ?, ?, ?, ?, ?, ?, ?, ?, ?, ?, ?, , ?, ?, ?, ?, ?, ?, ?, ?, ?, ?, ?, ?, ?, ?, , ?, ?, ?, ?, ?, ?, ?, ?, ?, ?, #, ]
01-01 00:33:35.637 733-753/system_process D/GpsLocationProvider: SIM MCC/MNC is still not available
01-01 00:33:35.639 887-887/? I/CameraManagerGlobal: getCameraService: Reconnecting to camera service
01-01 00:33:35.642 733-733/system_process V/XTWiFiOS: GTP CELL PROC: MODEM GTP CELL AP mode: BASIC GTP WIFI mode: BASIC PIP mode: DISABLED
01-01 00:33:35.644 733-733/system_process V/XTWiFiOS: GTP AP CELL Disabled
01-01 00:33:35.644 733-733/system_process V/XTWiFiOS: Setting GTP WIFI mode to default mode: BASIC
01-01 00:33:35.644 733-733/system_process V/XTWiFiOS: Setting PIP mode to DISABLED
01-01 00:33:35.644 733-733/system_process V/XTWiFiOS: Setting GTP WAA mode to DISABLED
01-01 00:33:35.644 733-733/system_process V/XTWiFiOS: iZat enabled: true, GTP WIFI feature: true, GTP CELL AP feature: false, PIP feature: false, GTP WAA feature: false
01-01 00:33:35.644 733-733/system_process V/XTWiFiOS: iZat enabled is true, continue initialization
01-01 00:33:35.646 733-733/system_process W/XTWiFiOS: onCreate exit
01-01 00:33:35.650 733-1272/system_process W/XTWiFiOS: OSAgentThead start
01-01 00:33:35.651 733-733/system_process V/GeoFencerProxy: onServiceConnected: mGeoFencer - com.qualcomm.location.GeoFenceService$1@2eb4ddaa
01-01 00:33:35.651 733-733/system_process V/WiredAccessoryManager: device h2w connected
01-01 00:33:35.653 733-733/system_process V/WiredAccessoryManager: device hdmi_audio connected
01-01 00:33:35.653 1065-1150/com.cyanogenmod.trebuchet D/Launcher.Model: 11683562 - loadWorkspace()
01-01 00:33:35.656 1065-1150/com.cyanogenmod.trebuchet D/Launcher.Model: 11683562 - loadedOldDb: false
01-01 00:33:35.660 1065-1150/com.cyanogenmod.trebuchet W/Launcher: setApplicationContext called twice! old=com.android.launcher3.LauncherApplication@18339823 new=com.android.launcher3.LauncherApplication@18339823
01-01 00:33:35.680 733-1044/system_process W/ResourcesManager: Asset path ‘/system/framework/com.qrd.wappush.jar’ does not exist or contains no resources.
01-01 00:33:35.681 733-1044/system_process W/ResourcesManager: Asset path ‘/system/framework/rcs_service_api.jar’ does not exist or contains no resources.
01-01 00:33:35.685 1047-1047/com.android.phone D/PhoneApp: startImsService
01-01 00:33:35.690 376-398/? E/XTIA: [inet-agent-wwan-pos] _process failed 4
01-01 00:33:35.690 376-396/? E/XTIA: [inet-agent-cs] _process failed 4
01-01 00:33:35.690 376-394/? E/XTIA: [inet-agent-tile] _process failed 4
01-01 00:33:35.691 376-392/? E/XTIA: [inet-agent-pos] _process failed 4
01-01 00:33:35.700 1047-1047/com.android.phone D/PhoneApp: onCreate: mUpdateLock: android.os.UpdateLock@3d558e2f
01-01 00:33:35.702 1047-1047/com.android.phone D/CallController: CallController constructor: app = com.android.phone.PhoneGlobals@161a0c3c
01-01 00:33:35.702 1047-1047/com.android.phone D/CallerInfoCache: init()
01-01 00:33:35.702 1047-1047/com.android.phone D/CallerInfoCache: startAsyncCache
01-01 00:33:35.703 733-1272/system_process E/XTWiFiOS: Unknown info notification
01-01 00:33:35.702 733-733/system_process E/NlpProxy: No NLPs exist to bind to!
01-01 00:33:35.704 733-733/system_process V/UlpService: +startAdditionalServices
01-01 00:33:35.708 1169-1169/? D/XTSrv: updatePreferencesDbEntry. enableEnhLocationServices: false
01-01 00:33:35.709 1169-1212/? E/LocSvc_api_v02: I/—> locClientSendReq line 2065 QMI_LOC_SET_XTRA_T_SESSION_CONTROL_REQ_V02
01-01 00:33:35.710 733-733/system_process W/ActivityManager: Unable to start service Intent { act=com.qualcomm.services.location.LocationAlarmService pkg=com.qualcomm.services.location } U=0: not found
01-01 00:33:35.711 1169-1215/? E/LocSvc_ApiV02: I/<— void globalRespCb(locClientHandleType, uint32_t, locClientRespIndUnionType, void*) line 111 QMI_LOC_SET_XTRA_T_SESSION_CONTROL_REQ_V02
01-01 00:33:35.711 1169-1212/? E/LocSvc_IzatApiV02: E/setUserPref failed on handshake key 0, status = 0, ind…status = 1
01-01 00:33:35.712 733-733/system_process V/UlpService: -startAdditionalServices
01-01 00:33:35.715 733-733/system_process E/LocSvc_eng: I/===> int loc_eng_init(loc_eng_data_s_type&, LocCallbacks*, LOC_API_ADAPTER_EVENT_MASK_T, loc_core::ContextBase*) line 1751
01-01 00:33:35.716 733-733/system_process E/LocSvc_eng: I/===> void loc_eng_agps_init(loc_eng_data_s_type&, AGpsExtCallbacks*) line 2319
01-01 00:33:35.716 733-733/system_process E/LocSvc_eng: I/===> void loc_eng_ni_init(loc_eng_data_s_type&, GpsNiExtCallbacks*) line 327
01-01 00:33:35.726 733-1003/system_process E/LocSvc_api_v02: E/loc_sync_wait_for_ind:461]: slot 0, timed out for ind_id QMI_LOC_SET_SENSOR_PROPERTIES_REQ_V02
01-01 00:33:35.726 733-1003/system_process E/LocSvc_api_v02: E/loc_sync_send_req:533]: loc_api_wait_for_ind failed, err -110, select id 0, status eLOC_CLIENT_FAILURE_TIMEOUT
01-01 00:33:35.727 733-1003/system_process E/LocSvc_ApiV02: E/virtual loc_api_adapter_err LocApiV02::setSensorProperties(bool, float, bool, float, bool, float, bool, float, bool, float):1516]: Error status = eLOC_CLIENT_FAILURE_TIMEOUT, ind…status = eQMI_LOC_SUCCESS_V02
01-01 00:33:35.727 733-1003/system_process E/LocSvc_api_v02: I/—> locClientSendReq line 2065 QMI_LOC_SET_SENSOR_PERFORMANCE_CONTROL_CONFIGURATION_REQ_V02
01-01 00:33:35.728 1047-1047/com.android.phone D/PhoneInterfaceManager: [PhoneIntfMgr] publish: com.android.phone.PhoneInterfaceManager@5df331a
01-01 00:33:35.728 733-1046/system_process E/LocSvc_ApiV02: I/<— void globalRespCb(locClientHandleType, uint32_t, locClientRespIndUnionType, void*) line 111 QMI_LOC_SET_SENSOR_PERFORMANCE_CONTROL_CONFIGURATION_REQ_V02
01-01 00:33:35.728 733-1003/system_process E/LocSvc_api_v02: I/—> locClientSendReq line 2065 QMI_LOC_SET_XTRA_VERSION_CHECK_REQ_V02
01-01 00:33:35.728 1047-1278/com.android.phone D/CallerInfoCache: Start refreshing cache.
01-01 00:33:35.730 733-1003/system_process E/LocSvc_ApiV02: E/virtual loc_api_adapter_err LocApiV02::setXtraVersionCheck(loc_core::xtra_version_check):3159]: Set xtra version check failed. status: eLOC_CLIENT_FAILURE_INTERNAL, ind status:eQMI_LOC_SUCCESS_V02
01-01 00:33:35.730 733-1003/system_process D/GpsLocationProvider: set_capabilities_callback: 49u
01-01 00:33:35.737 733-1003/system_process E/LocSvc_api_v02: I/—> locClientSendReq line 2065 QMI_LOC_REG_EVENTS_REQ_V02
01-01 00:33:35.739 733-1003/system_process E/LocSvc_api_v02: I/—> locClientSendReq line 2065 QMI_LOC_NOTIFY_WIFI_STATUS_REQ_V02
01-01 00:33:35.741 733-1046/system_process E/LocSvc_ApiV02: I/<— void globalRespCb(locClientHandleType, uint32_t, locClientRespIndUnionType, void*) line 111 QMI_LOC_NOTIFY_WIFI_STATUS_REQ_V02
01-01 00:33:35.741 733-1003/system_process E/LocSvc_api_v02: I/—> locClientSendReq line 2065 QMI_LOC_SET_EXTERNAL_POWER_CONFIG_REQ_V02
01-01 00:33:35.742 1047-1047/com.android.phone D/CallStateMonitor: Adding Handler: Handler (com.android.phone.CallNotifier) {132d66e6}
01-01 00:33:35.745 733-758/system_process D/BluetoothManagerService: Message: 20
01-01 00:33:35.747 733-1046/system_process E/LocSvc_ApiV02: I/<— void globalRespCb(locClientHandleType, uint32_t, locClientRespIndUnionType, void*) line 111 QMI_LOC_SET_EXTERNAL_POWER_CONFIG_REQ_V02
01-01 00:33:35.747 733-1003/system_process E/LocSvc_api_v02: I/—> locClientSendReq line 2065 QMI_LOC_SET_PROTOCOL_CONFIG_PARAMETERS_REQ_V02
01-01 00:33:35.747 1065-1150/com.cyanogenmod.trebuchet W/ResourcesManager: Asset path ‘/system/framework/rcs_service_api.jar’ does not exist or contains no resources.
01-01 00:33:35.747 733-758/system_process D/BluetoothManagerService: Added callback: android.bluetooth.IBluetoothManagerCallback$Stub$Proxy@9d6036b:true
01-01 00:33:35.748 1065-1150/com.cyanogenmod.trebuchet W/ResourcesManager: Asset path ‘/system/framework/smartsearch.jar’ does not exist or contains no resources.
01-01 00:33:35.748 733-1046/system_process E/LocSvc_ApiV02: I/<— void globalRespCb(locClientHandleType, uint32_t, locClientRespIndUnionType, void*) line 111 QMI_LOC_SET_PROTOCOL_CONFIG_PARAMETERS_REQ_V02
01-01 00:33:35.748 733-1003/system_process E/LocSvc_api_v02: I/—> locClientSendReq line 2065 QMI_LOC_SET_PROTOCOL_CONFIG_PARAMETERS_REQ_V02
01-01 00:33:35.750 733-758/system_process D/BluetoothManagerService: Message: 30
01-01 00:33:35.750 733-1046/system_process E/LocSvc_ApiV02: I/<— void globalRespCb(locClientHandleType, uint32_t, locClientRespIndUnionType, void*) line 111 QMI_LOC_SET_PROTOCOL_CONFIG_PARAMETERS_REQ_V02
01-01 00:33:35.750 733-1003/system_process E/LocSvc_api_v02: I/—> locClientSendReq line 2065 QMI_LOC_SET_SENSOR_CONTROL_CONFIG_REQ_V02
01-01 00:33:35.751 733-1046/system_process E/LocSvc_ApiV02: I/<— void globalRespCb(locClientHandleType, uint32_t, locClientRespIndUnionType, void*) line 111 QMI_LOC_SET_SENSOR_CONTROL_CONFIG_REQ_V02
01-01 00:33:35.751 733-1003/system_process E/LocSvc_api_v02: I/—> locClientSendReq line 2065 QMI_LOC_SET_PROTOCOL_CONFIG_PARAMETERS_REQ_V02
01-01 00:33:35.753 733-1046/system_process E/LocSvc_ApiV02: I/<— void globalRespCb(locClientHandleType, uint32_t, locClientRespIndUnionType, void*) line 111 QMI_LOC_SET_PROTOCOL_CONFIG_PARAMETERS_REQ_V02
01-01 00:33:35.753 733-750/system_process D/BluetoothManagerService: Trying to bind to profile: 1, while Bluetooth was disabled
01-01 00:33:35.753 733-1003/system_process E/LocSvc_ApiV02: I/virtual loc_api_adapter_err LocApiV02::setSensorProperties(bool, float, bool, float, bool, float, bool, float, bool, float):1481]: sensors prop: gyroBiasRandomWalk = 0.000000, accelRandomWalk = 0.000000, angleRandomWalk = 0.000000, rateRandomWalk = 0.000000, velocityRandomWalk = 0.000000
01-01 00:33:35.753 733-1003/system_process E/LocSvc_api_v02: I/—> locClientSendReq line 2065 QMI_LOC_SET_SENSOR_PROPERTIES_REQ_V02
01-01 00:33:35.766 1047-1047/com.android.phone V/PhoneApp: register for ICC status
01-01 00:33:35.790 1047-1278/com.android.phone D/CallerInfoCache: Caching entries are done. Total: 0
01-01 00:33:35.796 1065-1150/com.cyanogenmod.trebuchet W/ResourcesManager: Asset path ‘/system/framework/com.qrd.wappush.jar’ does not exist or contains no resources.
01-01 00:33:35.796 1065-1150/com.cyanogenmod.trebuchet W/ResourcesManager: Asset path ‘/system/framework/rcs_service_api.jar’ does not exist or contains no resources.
01-01 00:33:35.805 1065-1150/com.cyanogenmod.trebuchet W/ResourcesManager: Asset path ‘/system/framework/com.qrd.wappush.jar’ does not exist or contains no resources.
01-01 00:33:35.805 1065-1150/com.cyanogenmod.trebuchet W/ResourcesManager: Asset path ‘/system/framework/rcs_service_api.jar’ does not exist or contains no resources.
01-01 00:33:35.825 887-1280/? D/BluetoothAdapter: 604435622: getState() : mService = null. Returning STATE_OFF
01-01 00:33:35.825 887-1280/? D/BluetoothAdapter: 604435622: getState() : mService = null. Returning STATE_OFF
01-01 00:33:35.825 887-1280/? D/BluetoothAdapter: 604435622: getState() : mService = null. Returning STATE_OFF
01-01 00:33:35.826 887-1280/? D/BluetoothAdapter: 604435622: getState() : mService = null. Returning STATE_OFF
01-01 00:33:35.849 1007-1092/com.quicinc.cne.CNEService W/QCNEJ: |CORE| No family connected
01-01 00:33:35.850 733-733/system_process I/ActivityManager: Start proc 1283:com.android.deskclock/u0a31 for broadcast com.android.deskclock/com.android.alarmclock.AnalogAppWidgetProvider
01-01 00:33:35.854 1047-1047/com.android.phone I/Telephony: TtyManager: updateUiTtyMode -1 → 0
01-01 00:33:35.855 1007-1092/com.quicinc.cne.CNEService E/QCNEJ: |CORE| Feature WQE is not enabled
01-01 00:33:35.859 733-733/system_process D/Ulp_jni: JNI:system_update. Event-2
01-01 00:33:35.859 733-1183/system_process E/LocSvc_libulp: I/===> int ulp_msg_process_system_update(UlpSystemEvent) line 1455
01-01 00:33:35.860 733-1183/system_process E/LocSvc_libulp: I/int ulp_msg_process_system_update(UlpSystemEvent): systemEvent:2
01-01 00:33:35.860 733-1183/system_process E/LocSvc_libulp: I/===> int ulp_brain_process_system_update(UlpSystemEvent) line 2352
01-01 00:33:35.860 733-1183/system_process E/LocSvc_libulp: I/===> int ulp_brain_select_providers() line 333
01-01 00:33:35.860 733-1183/system_process E/LocSvc_libulp: E/int ulp_brain_select_providers(), return when ulp_started = 0, phone context_type = 0x0
,
01-01 00:33:35.860 733-1183/system_process E/LocSvc_libulp: I/===> int ulp_msg_process_start_req() line 447
01-01 00:33:35.860 733-1183/system_process E/LocSvc_libulp: I/int ulp_msg_process_start_req(), at ulp state = 0
01-01 00:33:35.860 733-1183/system_process D/Ulp_jni: ulp_request_phone_context_cb invoked
01-01 00:33:35.864 733-733/system_process D/Ulp_jni: JNI:stop
01-01 00:33:35.865 733-1183/system_process E/LocSvc_libulp: I/===> int ulp_msg_process_stop_req() line 523
01-01 00:33:35.865 733-1183/system_process E/LocSvc_libulp: I/int ulp_msg_process_stop_req(), at ulp state = 1
01-01 00:33:35.865 733-733/system_process D/Ulp_jni: JNI:In update_settings:currentContextType 119, currentGpsSetting 1, currentAgpsSetting 1,currentNetworkProvSetting 0,currentWifiSetting 0,currentBatteryCharging 0,currentEnhLocationServicesSetting 0 currentPipUserSetting 1
01-01 00:33:35.866 733-733/system_process D/Ulp_jni: JNI:system_update. Event-4
01-01 00:33:35.866 733-1183/system_process E/LocSvc_libulp: I/===> int ulp_msg_process_phone_setting_update(const UlpPhoneContextSettings*) line 555
01-01 00:33:35.866 733-1183/system_process E/LocSvc_libulp: I/int ulp_msg_process_phone_setting_update(const UlpPhoneContextSettings*), context type: 0x77
gps enabled: 1
network position available 0
wifi setting enabled 0
battery charging 0, agps enabled 1, enh_location_services_enabled 0is_pip_user_setting_enabled 1
01-01 00:33:35.866 733-1183/system_process E/LocSvc_libulp: I/===> int ulp_brain_process_phone_setting_update() line 237
01-01 00:33:35.866 733-1183/system_process E/LocSvc_libulp: I/===> int ulp_brain_select_providers() line 333
01-01 00:33:35.866 733-1183/system_process E/LocSvc_libulp: I/===> int ulp_brain_turn_onoff_quipc_provider() line 700
01-01 00:33:35.866 733-1183/system_process E/LocSvc_libulp: I/===> int ulp_quipc_stop_engine() line 235
01-01 00:33:35.866 733-1183/system_process E/LocSvc_libulp: I/===> bool ulp_quipc_engine_running() line 60
01-01 00:33:35.866 733-1183/system_process E/LocSvc_libulp: I/===> int ulp_brain_turn_onoff_gnss_provider() line 595
01-01 00:33:35.866 733-1183/system_process E/LocSvc_libulp: I/===> int ulp_gnss_stop_engine() line 262
01-01 00:33:35.866 733-1183/system_process E/LocSvc_libulp: I/===> bool ulp_quipc_engine_running() line 60
01-01 00:33:35.866 733-1183/system_process E/LocSvc_libulp: I/===> int ulp_brain_turn_onoff_gnp_provider() line 496
01-01 00:33:35.866 733-1183/system_process E/LocSvc_libulp: I/===> bool ulp_gnp_engine_running() line 59
01-01 00:33:35.866 733-1183/system_process E/LocSvc_libulp: I/===> int ulp_gnp_stop_engine() line 195
01-01 00:33:35.866 733-1183/system_process E/LocSvc_libulp: I/===> bool ulp_gnp_engine_running() line 59
01-01 00:33:35.866 733-1183/system_process E/LocSvc_libulp: I/===> bool ulp_gnp_engine_running() line 59
01-01 00:33:35.866 733-1183/system_process E/LocSvc_libulp: I/===> int ulp_brain_turn_onoff_zpp_provider() line 437
01-01 00:33:35.866 733-1183/system_process E/LocSvc_libulp: I/===> int ulp_zpp_start_engine() line 98
01-01 00:33:35.866 733-1183/system_process E/LocSvc_libulp: I/===> bool ulp_zpp_engine_running() line 62
01-01 00:33:35.866 733-1183/system_process E/LocSvc_libulp: I/===> int ulp_msg_process_system_update(UlpSystemEvent) line 1455
01-01 00:33:35.866 733-1183/system_process E/LocSvc_libulp: I/int ulp_msg_process_system_update(UlpSystemEvent): systemEvent:4
01-01 00:33:35.866 733-1183/system_process E/LocSvc_libulp: I/===> int ulp_brain_process_system_update(UlpSystemEvent) line 2352
01-01 00:33:35.889 1065-1150/com.cyanogenmod.trebuchet D/Launcher.Model: 11683562 - loadWorkspaceScreensDb()
01-01 00:33:35.889 1065-1150/com.cyanogenmod.trebuchet D/Launcher.Model: 11683562 - screens: { 0: 1 }, { 1: 2 }, { 2: 3 }
01-01 00:33:35.889 1065-1150/com.cyanogenmod.trebuchet D/Launcher.Model: 11683562 - sBgWorkspaceScreens: 1, 2, 3
01-01 00:33:35.889 250-279/? D/PermissionCache: checking android.permission.ACCESS_SURFACE_FLINGER for uid=10016 => granted (459 us)
01-01 00:33:35.909 887-887/? I/ViewRootImpl: CPU Rendering VSync enable = true
01-01 00:33:35.917 1065-1065/com.cyanogenmod.trebuchet I/ViewRootImpl: CPU Rendering VSync enable = true
01-01 00:33:35.920 887-1310/? D/OpenGLRenderer: Use EGL_SWAP_BEHAVIOR_PRESERVED: true
01-01 00:33:35.923 1065-1311/com.cyanogenmod.trebuchet D/OpenGLRenderer: Use EGL_SWAP_BEHAVIOR_PRESERVED: true
01-01 00:33:35.939 887-887/? D/Atlas: Validating map…
01-01 00:33:35.940 1065-1065/com.cyanogenmod.trebuchet D/Atlas: Validating map…
01-01 00:33:35.943 733-1107/system_process V/WindowManager: Based on layer: Adding window Window{100c85be u0 com.cyanogenmod.trebuchet/com.android.launcher3.Launcher} at 0 of 1
01-01 00:33:35.966 250-250/? I/SurfaceFlinger: FPS: 9
01-01 00:33:35.969 296-815/? I/ServiceManager: Waiting for service drm.drmManager…
01-01 00:33:35.970 887-887/? D/PhoneStatusBar: disable: < expand icons alerts system_info back home recent clock search >
01-01 00:33:36.000 887-887/? I/ViewRootImpl: CPU Rendering VSync enable = true
01-01 00:33:36.012 1065-1311/com.cyanogenmod.trebuchet I/Adreno-EGL: <qeglDrvAPI_eglInitialize:379>: EGL 1.4 QUALCOMM build: AU_LINUX_ANDROID_LA.BR.1.2.4_RB1.05.01.01.121.018_msm8916_64_refs/tags/AU_LINUX_ANDROID_LA.BR.1.2.4_RB1.05.01.01.121.018__release_AU (I32dcf20b99)
OpenGL ES Shader Compiler Version: E031.25.03.04
Build Date: 08/05/15 Wed
Local Branch:
Remote Branch: refs/tags/AU_LINUX_ANDROID_LA.BR.1.2.4_RB1.05.01.01.121.018
Local Patches: NONE
Reconstruct Branch: NOTHING
01-01 00:33:36.012 887-887/? I/ViewRootImpl: CPU Rendering VSync enable = true
01-01 00:33:36.016 1065-1311/com.cyanogenmod.trebuchet I/OpenGLRenderer: Initialized EGL, version 1.4
01-01 00:33:36.021 924-924/? D/BluetoothAdapter: 810511518: getState() : mService = null. Returning STATE_OFF
